{"id":818,"date":"2023-11-07T13:39:04","date_gmt":"2023-11-07T16:39:04","guid":{"rendered":"https:\/\/redealis.com.br\/integralis\/?post_type=equipe-medica&#038;p=818"},"modified":"2024-09-05T11:11:42","modified_gmt":"2024-09-05T14:11:42","slug":"giankarla-da-silveira-cavalcanti","status":"publish","type":"equipe-medica","link":"https:\/\/redealis.com.br\/integralis\/equipe-medica\/giankarla-da-silveira-cavalcanti\/","title":{"rendered":"Giankarla Cavalcanti"},"content":{"rendered":"<p>Giankarla Cavalcanti \u00e9 uma psicopedagoga com uma s\u00f3lida forma\u00e7\u00e3o em Pedagogia, enriquecida por uma especializa\u00e7\u00e3o em Psicopedagogia cl\u00ednica e institucional, bem como experi\u00eancia em An\u00e1lise do Comportamento Aplicado. Seu conhecimento abrange metodologias como AFLS, TEACCH e ABLL-S, que ampliam suas capacidades de interven\u00e7\u00e3o em ambientes cl\u00ednicos e institucionais. Com um compromisso firme com o desenvolvimento educacional e emocional de seus clientes, Giankarla utiliza sua expertise para oferecer suporte personalizado e eficaz, visando alcan\u00e7ar resultados significativos em suas pr\u00e1ticas psicopedag\u00f3gicas.<\/p>\n","protected":false},"excerpt":{"rendered":"<p>Giankarla Cavalcanti \u00e9 uma psicopedagoga com uma s\u00f3lida forma\u00e7\u00e3o em Pedagogia, enriquecida por uma especializa\u00e7\u00e3o em Psicopedagogia cl\u00ednica e institucional, bem como experi\u00eancia em An\u00e1lise do Comportamento Aplicado. Seu conhecimento abrange metodologias como AFLS, TEACCH e ABLL-S, que ampliam suas capacidades de interven\u00e7\u00e3o em ambientes cl\u00ednicos e institucionais. Com um compromisso firme com o desenvolvimento [&hellip;]<\/p>\n","protected":false},"featured_media":1239,"template":"","categoria-medico":[18],"forma-de-tratamento":[],"class_list":["post-818","equipe-medica","type-equipe-medica","status-publish","has-post-thumbnail","hentry","categoria-medico-psicopedagoga"],"acf":[],"yoast_head":"<!-- This site is optimized with the Yoast SEO plugin v27.3 - https:\/\/yoast.com\/product\/yoast-seo-wordpress\/ -->\n<title>Giankarla Cavalcanti | Integr\u00e1lis<\/title>\n<meta name=\"description\" content=\"Psicopedagoga, gradua\u00e7\u00e3o em Pedagogia com especializa\u00e7\u00e3o em Psicopedagogia cl\u00ednica e institucional -An\u00e1lise do comportamento Aplicado\" \/>\n<meta name=\"robots\" content=\"index, follow, max-snippet:-1, max-image-preview:large, max-video-preview:-1\" \/>\n<link rel=\"canonical\" href=\"https:\/\/redealis.com.br\/integralis\/equipe-medica\/giankarla-da-silveira-cavalcanti\/\" \/>\n<meta property=\"og:locale\" content=\"pt_BR\" \/>\n<meta property=\"og:type\" content=\"article\" \/>\n<meta property=\"og:title\" content=\"Giankarla Cavalcanti | Integr\u00e1lis\" \/>\n<meta property=\"og:description\" content=\"Psicopedagoga, gradua\u00e7\u00e3o em Pedagogia com especializa\u00e7\u00e3o em Psicopedagogia cl\u00ednica e institucional -An\u00e1lise do comportamento Aplicado\" \/>\n<meta property=\"og:url\" content=\"https:\/\/redealis.com.br\/integralis\/equipe-medica\/giankarla-da-silveira-cavalcanti\/\" \/>\n<meta property=\"og:site_name\" content=\"Integr\u00e1lis\" \/>\n<meta property=\"article:publisher\" content=\"https:\/\/www.facebook.com\/integralisbrasil\" \/>\n<meta property=\"article:modified_time\" content=\"2024-09-05T14:11:42+00:00\" \/>\n<meta property=\"og:image\" content=\"https:\/\/redealis.com.br\/integralis\/wp-content\/uploads\/sites\/3\/2023\/11\/GIANKARLA-CAVALCANTI-scaled.jpeg\" \/>\n\t<meta property=\"og:image:width\" content=\"1920\" \/>\n\t<meta property=\"og:image:height\" content=\"2560\" \/>\n\t<meta property=\"og:image:type\" content=\"image\/jpeg\" \/>\n<meta name=\"twitter:card\" content=\"summary_large_image\" \/>\n<meta name=\"twitter:label1\" content=\"Est. tempo de leitura\" \/>\n\t<meta name=\"twitter:data1\" content=\"1 minuto\" \/>\n<script type=\"application\/ld+json\" class=\"yoast-schema-graph\">{\"@context\":\"https:\\\/\\\/schema.org\",\"@graph\":[{\"@type\":\"WebPage\",\"@id\":\"https:\\\/\\\/redealis.com.br\\\/integralis\\\/equipe-medica\\\/giankarla-da-silveira-cavalcanti\\\/\",\"url\":\"https:\\\/\\\/redealis.com.br\\\/integralis\\\/equipe-medica\\\/giankarla-da-silveira-cavalcanti\\\/\",\"name\":\"Giankarla Cavalcanti | Integr\u00e1lis\",\"isPartOf\":{\"@id\":\"https:\\\/\\\/redealis.com.br\\\/integralis\\\/#website\"},\"primaryImageOfPage\":{\"@id\":\"https:\\\/\\\/redealis.com.br\\\/integralis\\\/equipe-medica\\\/giankarla-da-silveira-cavalcanti\\\/#primaryimage\"},\"image\":{\"@id\":\"https:\\\/\\\/redealis.com.br\\\/integralis\\\/equipe-medica\\\/giankarla-da-silveira-cavalcanti\\\/#primaryimage\"},\"thumbnailUrl\":\"https:\\\/\\\/redealis.com.br\\\/integralis\\\/wp-content\\\/uploads\\\/sites\\\/3\\\/2023\\\/11\\\/GIANKARLA-CAVALCANTI-scaled.jpeg\",\"datePublished\":\"2023-11-07T16:39:04+00:00\",\"dateModified\":\"2024-09-05T14:11:42+00:00\",\"description\":\"Psicopedagoga, gradua\u00e7\u00e3o em Pedagogia com especializa\u00e7\u00e3o em Psicopedagogia cl\u00ednica e institucional -An\u00e1lise do comportamento Aplicado\",\"breadcrumb\":{\"@id\":\"https:\\\/\\\/redealis.com.br\\\/integralis\\\/equipe-medica\\\/giankarla-da-silveira-cavalcanti\\\/#breadcrumb\"},\"inLanguage\":\"pt-BR\",\"potentialAction\":[{\"@type\":\"ReadAction\",\"target\":[\"https:\\\/\\\/redealis.com.br\\\/integralis\\\/equipe-medica\\\/giankarla-da-silveira-cavalcanti\\\/\"]}]},{\"@type\":\"ImageObject\",\"inLanguage\":\"pt-BR\",\"@id\":\"https:\\\/\\\/redealis.com.br\\\/integralis\\\/equipe-medica\\\/giankarla-da-silveira-cavalcanti\\\/#primaryimage\",\"url\":\"https:\\\/\\\/redealis.com.br\\\/integralis\\\/wp-content\\\/uploads\\\/sites\\\/3\\\/2023\\\/11\\\/GIANKARLA-CAVALCANTI-scaled.jpeg\",\"contentUrl\":\"https:\\\/\\\/redealis.com.br\\\/integralis\\\/wp-content\\\/uploads\\\/sites\\\/3\\\/2023\\\/11\\\/GIANKARLA-CAVALCANTI-scaled.jpeg\",\"width\":1920,\"height\":2560},{\"@type\":\"BreadcrumbList\",\"@id\":\"https:\\\/\\\/redealis.com.br\\\/integralis\\\/equipe-medica\\\/giankarla-da-silveira-cavalcanti\\\/#breadcrumb\",\"itemListElement\":[{\"@type\":\"ListItem\",\"position\":1,\"name\":\"home\",\"item\":\"https:\\\/\\\/redealis.com.br\\\/integralis\\\/\"},{\"@type\":\"ListItem\",\"position\":2,\"name\":\"Equipe M\u00e9dica\",\"item\":\"https:\\\/\\\/redealis.com.br\\\/integralis\\\/equipe-medica\\\/\"},{\"@type\":\"ListItem\",\"position\":3,\"name\":\"Giankarla Cavalcanti\"}]},{\"@type\":\"WebSite\",\"@id\":\"https:\\\/\\\/redealis.com.br\\\/integralis\\\/#website\",\"url\":\"https:\\\/\\\/redealis.com.br\\\/integralis\\\/\",\"name\":\"Integr\u00e1lis\",\"description\":\"\",\"publisher\":{\"@id\":\"https:\\\/\\\/redealis.com.br\\\/integralis\\\/#organization\"},\"alternateName\":\"Integr\u00e1lis\",\"potentialAction\":[{\"@type\":\"SearchAction\",\"target\":{\"@type\":\"EntryPoint\",\"urlTemplate\":\"https:\\\/\\\/redealis.com.br\\\/integralis\\\/?s={search_term_string}\"},\"query-input\":{\"@type\":\"PropertyValueSpecification\",\"valueRequired\":true,\"valueName\":\"search_term_string\"}}],\"inLanguage\":\"pt-BR\"},{\"@type\":\"Organization\",\"@id\":\"https:\\\/\\\/redealis.com.br\\\/integralis\\\/#organization\",\"name\":\"Integr\u00e1lis - Rede \u00c1lis\",\"alternateName\":\"Integr\u00e1lis\",\"url\":\"https:\\\/\\\/redealis.com.br\\\/integralis\\\/\",\"logo\":{\"@type\":\"ImageObject\",\"inLanguage\":\"pt-BR\",\"@id\":\"https:\\\/\\\/redealis.com.br\\\/integralis\\\/#\\\/schema\\\/logo\\\/image\\\/\",\"url\":\"https:\\\/\\\/redealis.com.br\\\/integralis\\\/wp-content\\\/uploads\\\/sites\\\/3\\\/2023\\\/08\\\/layout-logo-alt-1-1.png\",\"contentUrl\":\"https:\\\/\\\/redealis.com.br\\\/integralis\\\/wp-content\\\/uploads\\\/sites\\\/3\\\/2023\\\/08\\\/layout-logo-alt-1-1.png\",\"width\":696,\"height\":696,\"caption\":\"Integr\u00e1lis - Rede \u00c1lis\"},\"image\":{\"@id\":\"https:\\\/\\\/redealis.com.br\\\/integralis\\\/#\\\/schema\\\/logo\\\/image\\\/\"},\"sameAs\":[\"https:\\\/\\\/www.facebook.com\\\/integralisbrasil\",\"https:\\\/\\\/www.instagram.com\\\/integralisbrasil\"]}]}<\/script>\n<!-- \/ Yoast SEO plugin. -->","yoast_head_json":{"title":"Giankarla Cavalcanti | Integr\u00e1lis","description":"Psicopedagoga, gradua\u00e7\u00e3o em Pedagogia com especializa\u00e7\u00e3o em Psicopedagogia cl\u00ednica e institucional -An\u00e1lise do comportamento Aplicado","robots":{"index":"index","follow":"follow","max-snippet":"max-snippet:-1","max-image-preview":"max-image-preview:large","max-video-preview":"max-video-preview:-1"},"canonical":"https:\/\/redealis.com.br\/integralis\/equipe-medica\/giankarla-da-silveira-cavalcanti\/","og_locale":"pt_BR","og_type":"article","og_title":"Giankarla Cavalcanti | Integr\u00e1lis","og_description":"Psicopedagoga, gradua\u00e7\u00e3o em Pedagogia com especializa\u00e7\u00e3o em Psicopedagogia cl\u00ednica e institucional -An\u00e1lise do comportamento Aplicado","og_url":"https:\/\/redealis.com.br\/integralis\/equipe-medica\/giankarla-da-silveira-cavalcanti\/","og_site_name":"Integr\u00e1lis","article_publisher":"https:\/\/www.facebook.com\/integralisbrasil","article_modified_time":"2024-09-05T14:11:42+00:00","og_image":[{"width":1920,"height":2560,"url":"https:\/\/redealis.com.br\/integralis\/wp-content\/uploads\/sites\/3\/2023\/11\/GIANKARLA-CAVALCANTI-scaled.jpeg","type":"image\/jpeg"}],"twitter_card":"summary_large_image","twitter_misc":{"Est. tempo de leitura":"1 minuto"},"schema":{"@context":"https:\/\/schema.org","@graph":[{"@type":"WebPage","@id":"https:\/\/redealis.com.br\/integralis\/equipe-medica\/giankarla-da-silveira-cavalcanti\/","url":"https:\/\/redealis.com.br\/integralis\/equipe-medica\/giankarla-da-silveira-cavalcanti\/","name":"Giankarla Cavalcanti | Integr\u00e1lis","isPartOf":{"@id":"https:\/\/redealis.com.br\/integralis\/#website"},"primaryImageOfPage":{"@id":"https:\/\/redealis.com.br\/integralis\/equipe-medica\/giankarla-da-silveira-cavalcanti\/#primaryimage"},"image":{"@id":"https:\/\/redealis.com.br\/integralis\/equipe-medica\/giankarla-da-silveira-cavalcanti\/#primaryimage"},"thumbnailUrl":"https:\/\/redealis.com.br\/integralis\/wp-content\/uploads\/sites\/3\/2023\/11\/GIANKARLA-CAVALCANTI-scaled.jpeg","datePublished":"2023-11-07T16:39:04+00:00","dateModified":"2024-09-05T14:11:42+00:00","description":"Psicopedagoga, gradua\u00e7\u00e3o em Pedagogia com especializa\u00e7\u00e3o em Psicopedagogia cl\u00ednica e institucional -An\u00e1lise do comportamento Aplicado","breadcrumb":{"@id":"https:\/\/redealis.com.br\/integralis\/equipe-medica\/giankarla-da-silveira-cavalcanti\/#breadcrumb"},"inLanguage":"pt-BR","potentialAction":[{"@type":"ReadAction","target":["https:\/\/redealis.com.br\/integralis\/equipe-medica\/giankarla-da-silveira-cavalcanti\/"]}]},{"@type":"ImageObject","inLanguage":"pt-BR","@id":"https:\/\/redealis.com.br\/integralis\/equipe-medica\/giankarla-da-silveira-cavalcanti\/#primaryimage","url":"https:\/\/redealis.com.br\/integralis\/wp-content\/uploads\/sites\/3\/2023\/11\/GIANKARLA-CAVALCANTI-scaled.jpeg","contentUrl":"https:\/\/redealis.com.br\/integralis\/wp-content\/uploads\/sites\/3\/2023\/11\/GIANKARLA-CAVALCANTI-scaled.jpeg","width":1920,"height":2560},{"@type":"BreadcrumbList","@id":"https:\/\/redealis.com.br\/integralis\/equipe-medica\/giankarla-da-silveira-cavalcanti\/#breadcrumb","itemListElement":[{"@type":"ListItem","position":1,"name":"home","item":"https:\/\/redealis.com.br\/integralis\/"},{"@type":"ListItem","position":2,"name":"Equipe M\u00e9dica","item":"https:\/\/redealis.com.br\/integralis\/equipe-medica\/"},{"@type":"ListItem","position":3,"name":"Giankarla Cavalcanti"}]},{"@type":"WebSite","@id":"https:\/\/redealis.com.br\/integralis\/#website","url":"https:\/\/redealis.com.br\/integralis\/","name":"Integr\u00e1lis","description":"","publisher":{"@id":"https:\/\/redealis.com.br\/integralis\/#organization"},"alternateName":"Integr\u00e1lis","potentialAction":[{"@type":"SearchAction","target":{"@type":"EntryPoint","urlTemplate":"https:\/\/redealis.com.br\/integralis\/?s={search_term_string}"},"query-input":{"@type":"PropertyValueSpecification","valueRequired":true,"valueName":"search_term_string"}}],"inLanguage":"pt-BR"},{"@type":"Organization","@id":"https:\/\/redealis.com.br\/integralis\/#organization","name":"Integr\u00e1lis - Rede \u00c1lis","alternateName":"Integr\u00e1lis","url":"https:\/\/redealis.com.br\/integralis\/","logo":{"@type":"ImageObject","inLanguage":"pt-BR","@id":"https:\/\/redealis.com.br\/integralis\/#\/schema\/logo\/image\/","url":"https:\/\/redealis.com.br\/integralis\/wp-content\/uploads\/sites\/3\/2023\/08\/layout-logo-alt-1-1.png","contentUrl":"https:\/\/redealis.com.br\/integralis\/wp-content\/uploads\/sites\/3\/2023\/08\/layout-logo-alt-1-1.png","width":696,"height":696,"caption":"Integr\u00e1lis - Rede \u00c1lis"},"image":{"@id":"https:\/\/redealis.com.br\/integralis\/#\/schema\/logo\/image\/"},"sameAs":["https:\/\/www.facebook.com\/integralisbrasil","https:\/\/www.instagram.com\/integralisbrasil"]}]}},"_links":{"self":[{"href":"https:\/\/redealis.com.br\/integralis\/wp-json\/wp\/v2\/equipe-medica\/818","targetHints":{"allow":["GET"]}}],"collection":[{"href":"https:\/\/redealis.com.br\/integralis\/wp-json\/wp\/v2\/equipe-medica"}],"about":[{"href":"https:\/\/redealis.com.br\/integralis\/wp-json\/wp\/v2\/types\/equipe-medica"}],"wp:featuredmedia":[{"embeddable":true,"href":"https:\/\/redealis.com.br\/integralis\/wp-json\/wp\/v2\/media\/1239"}],"wp:attachment":[{"href":"https:\/\/redealis.com.br\/integralis\/wp-json\/wp\/v2\/media?parent=818"}],"wp:term":[{"taxonomy":"categoria-medico","embeddable":true,"href":"https:\/\/redealis.com.br\/integralis\/wp-json\/wp\/v2\/categoria-medico?post=818"},{"taxonomy":"forma-de-tratamento","embeddable":true,"href":"https:\/\/redealis.com.br\/integralis\/wp-json\/wp\/v2\/forma-de-tratamento?post=818"}],"curies":[{"name":"wp","href":"https:\/\/api.w.org\/{rel}","templated":true}]}}

<p>Giankarla Cavalcanti é uma psicopedagoga com uma sólida formação em Pedagogia, enriquecida por uma especialização em Psicopedagogia clínica e institucional, bem como experiência em Análise do Comportamento Aplicado. Seu conhecimento abrange metodologias como AFLS, TEACCH e ABLL-S, que ampliam suas capacidades de intervenção em ambientes clínicos e institucionais. Com um compromisso firme com o desenvolvimento educacional e emocional de seus clientes, Giankarla utiliza sua expertise para oferecer suporte personalizado e eficaz, visando alcançar resultados significativos em suas práticas psicopedagógicas.</p>

<p>Giankarla Cavalcanti é uma psicopedagoga com uma sólida formação em Pedagogia, enriquecida por uma especialização em Psicopedagogia clínica e institucional, bem como experiência em Análise do Comportamento Aplicado. Seu conhecimento abrange metodologias como AFLS, TEACCH e ABLL-S, que ampliam suas capacidades de intervenção em ambientes clínicos e institucionais. Com um compromisso firme com o desenvolvimento [&hellip;]</p>

<!-- This site is optimized with the Yoast SEO plugin v27.3 - https://yoast.com/product/yoast-seo-wordpress/ -->
<title>Giankarla Cavalcanti | Integrális</title>
<meta name="description" content="Psicopedagoga, graduação em Pedagogia com especialização em Psicopedagogia clínica e institucional -Análise do comportamento Aplicado" />
<meta name="robots" content="index, follow, max-snippet:-1, max-image-preview:large, max-video-preview:-1" />
<link rel="canonical" href="https://redealis.com.br/integralis/equipe-medica/giankarla-da-silveira-cavalcanti/" />
<meta property="og:locale" content="pt_BR" />
<meta property="og:type" content="article" />
<meta property="og:title" content="Giankarla Cavalcanti | Integrális" />
<meta property="og:description" content="Psicopedagoga, graduação em Pedagogia com especialização em Psicopedagogia clínica e institucional -Análise do comportamento Aplicado" />
<meta property="og:url" content="https://redealis.com.br/integralis/equipe-medica/giankarla-da-silveira-cavalcanti/" />
<meta property="og:site_name" content="Integrális" />
<meta property="article:publisher" content="https://www.facebook.com/integralisbrasil" />
<meta property="article:modified_time" content="2024-09-05T14:11:42+00:00" />
<meta property="og:image" content="https://redealis.com.br/integralis/wp-content/uploads/sites/3/2023/11/GIANKARLA-CAVALCANTI-scaled.jpeg" />
	<meta property="og:image:width" content="1920" />
	<meta property="og:image:height" content="2560" />
	<meta property="og:image:type" content="image/jpeg" />
<meta name="twitter:card" content="summary_large_image" />
<meta name="twitter:label1" content="Est. tempo de leitura" />
	<meta name="twitter:data1" content="1 minuto" />
<script type="application/ld+json" class="yoast-schema-graph">{"@context":"https:\/\/schema.org","@graph":[{"@type":"WebPage","@id":"https:\/\/redealis.com.br\/integralis\/equipe-medica\/giankarla-da-silveira-cavalcanti\/","url":"https:\/\/redealis.com.br\/integralis\/equipe-medica\/giankarla-da-silveira-cavalcanti\/","name":"Giankarla Cavalcanti | Integrális","isPartOf":{"@id":"https:\/\/redealis.com.br\/integralis\/#website"},"primaryImageOfPage":{"@id":"https:\/\/redealis.com.br\/integralis\/equipe-medica\/giankarla-da-silveira-cavalcanti\/#primaryimage"},"image":{"@id":"https:\/\/redealis.com.br\/integralis\/equipe-medica\/giankarla-da-silveira-cavalcanti\/#primaryimage"},"thumbnailUrl":"https:\/\/redealis.com.br\/integralis\/wp-content\/uploads\/sites\/3\/2023\/11\/GIANKARLA-CAVALCANTI-scaled.jpeg","datePublished":"2023-11-07T16:39:04+00:00","dateModified":"2024-09-05T14:11:42+00:00","description":"Psicopedagoga, graduação em Pedagogia com especialização em Psicopedagogia clínica e institucional -Análise do comportamento Aplicado","breadcrumb":{"@id":"https:\/\/redealis.com.br\/integralis\/equipe-medica\/giankarla-da-silveira-cavalcanti\/#breadcrumb"},"inLanguage":"pt-BR","potentialAction":[{"@type":"ReadAction","target":["https:\/\/redealis.com.br\/integralis\/equipe-medica\/giankarla-da-silveira-cavalcanti\/"]}]},{"@type":"ImageObject","inLanguage":"pt-BR","@id":"https:\/\/redealis.com.br\/integralis\/equipe-medica\/giankarla-da-silveira-cavalcanti\/#primaryimage","url":"https:\/\/redealis.com.br\/integralis\/wp-content\/uploads\/sites\/3\/2023\/11\/GIANKARLA-CAVALCANTI-scaled.jpeg","contentUrl":"https:\/\/redealis.com.br\/integralis\/wp-content\/uploads\/sites\/3\/2023\/11\/GIANKARLA-CAVALCANTI-scaled.jpeg","width":1920,"height":2560},{"@type":"BreadcrumbList","@id":"https:\/\/redealis.com.br\/integralis\/equipe-medica\/giankarla-da-silveira-cavalcanti\/#breadcrumb","itemListElement":[{"@type":"ListItem","position":1,"name":"home","item":"https:\/\/redealis.com.br\/integralis\/"},{"@type":"ListItem","position":2,"name":"Equipe Médica","item":"https:\/\/redealis.com.br\/integralis\/equipe-medica\/"},{"@type":"ListItem","position":3,"name":"Giankarla Cavalcanti"}]},{"@type":"WebSite","@id":"https:\/\/redealis.com.br\/integralis\/#website","url":"https:\/\/redealis.com.br\/integralis\/","name":"Integrális","description":"","publisher":{"@id":"https:\/\/redealis.com.br\/integralis\/#organization"},"alternateName":"Integrális","potentialAction":[{"@type":"SearchAction","target":{"@type":"EntryPoint","urlTemplate":"https:\/\/redealis.com.br\/integralis\/?s={search_term_string}"},"query-input":{"@type":"PropertyValueSpecification","valueRequired":true,"valueName":"search_term_string"}}],"inLanguage":"pt-BR"},{"@type":"Organization","@id":"https:\/\/redealis.com.br\/integralis\/#organization","name":"Integrális - Rede Ális","alternateName":"Integrális","url":"https:\/\/redealis.com.br\/integralis\/","logo":{"@type":"ImageObject","inLanguage":"pt-BR","@id":"https:\/\/redealis.com.br\/integralis\/#\/schema\/logo\/image\/","url":"https:\/\/redealis.com.br\/integralis\/wp-content\/uploads\/sites\/3\/2023\/08\/layout-logo-alt-1-1.png","contentUrl":"https:\/\/redealis.com.br\/integralis\/wp-content\/uploads\/sites\/3\/2023\/08\/layout-logo-alt-1-1.png","width":696,"height":696,"caption":"Integrális - Rede Ális"},"image":{"@id":"https:\/\/redealis.com.br\/integralis\/#\/schema\/logo\/image\/"},"sameAs":["https:\/\/www.facebook.com\/integralisbrasil","https:\/\/www.instagram.com\/integralisbrasil"]}]}</script>
<!-- / Yoast SEO plugin. -->

Giankarla Cavalcanti | Integrális

Psicopedagoga, graduação em Pedagogia com especialização em Psicopedagogia clínica e institucional -Análise do comportamento Aplicado

Integrális

Equipe Médica

Integrális - Rede Ális
