{"id":815,"date":"2023-11-07T09:13:54","date_gmt":"2023-11-07T12:13:54","guid":{"rendered":"https:\/\/redealis.com.br\/integralis\/?post_type=equipe-medica&#038;p=815"},"modified":"2024-05-10T09:56:38","modified_gmt":"2024-05-10T12:56:38","slug":"taciana-melo","status":"publish","type":"equipe-medica","link":"https:\/\/redealis.com.br\/integralis\/equipe-medica\/taciana-melo\/","title":{"rendered":"Taciana Melo"},"content":{"rendered":"<p>Taciana Melo \u00e9 uma fonoaudi\u00f3loga com uma trajet\u00f3ria acad\u00eamica e profissional impressionante. Al\u00e9m de sua gradua\u00e7\u00e3o, ela est\u00e1 atualmente cursando mestrado em Sa\u00fade da Comunica\u00e7\u00e3o Humana pela UFPE, demonstrando seu compromisso com a excel\u00eancia acad\u00eamica. Sua especializa\u00e7\u00e3o em Direito M\u00e9dico e da Sa\u00fade complementa sua forma\u00e7\u00e3o, oferecendo uma perspectiva abrangente em sua pr\u00e1tica profissional.<\/p>\n<p>Com experi\u00eancia em TEA e outros transtornos do neurodesenvolvimento, Taciana est\u00e1 capacitada para oferecer suporte especializado a seus pacientes. Sua forma\u00e7\u00e3o inclui capacita\u00e7\u00e3o internacional no m\u00e9todo PROMPT pelo The PROMPT Institute, e no PECS pelo Pyramid Educational Consultants, al\u00e9m de cursos em ABA, ABLLS-R, DHACA e outros na \u00e1rea. Seu compromisso com a aprendizagem cont\u00ednua e sua vasta experi\u00eancia a tornam uma profissional altamente qualificada e dedicada.<\/p>\n","protected":false},"excerpt":{"rendered":"<p>Taciana Melo \u00e9 uma fonoaudi\u00f3loga com uma trajet\u00f3ria acad\u00eamica e profissional impressionante. Al\u00e9m de sua gradua\u00e7\u00e3o, ela est\u00e1 atualmente cursando mestrado em Sa\u00fade da Comunica\u00e7\u00e3o Humana pela UFPE, demonstrando seu compromisso com a excel\u00eancia acad\u00eamica. Sua especializa\u00e7\u00e3o em Direito M\u00e9dico e da Sa\u00fade complementa sua forma\u00e7\u00e3o, oferecendo uma perspectiva abrangente em sua pr\u00e1tica profissional. Com [&hellip;]<\/p>\n","protected":false},"featured_media":1037,"template":"","categoria-medico":[12],"forma-de-tratamento":[],"class_list":["post-815","equipe-medica","type-equipe-medica","status-publish","has-post-thumbnail","hentry","categoria-medico-fonoaudiologa"],"acf":[],"yoast_head":"<!-- This site is optimized with the Yoast SEO plugin v27.3 - https:\/\/yoast.com\/product\/yoast-seo-wordpress\/ -->\n<title>Taciana Melo | Integr\u00e1lis<\/title>\n<meta name=\"description\" content=\"Fonoaudi\u00f3loga, mestranda em sa\u00fade da comunica\u00e7\u00e3o humana pela UFPE, P\u00f3s Graduada em Direito M\u00e9dico e da Sa\u00fade,\" \/>\n<meta name=\"robots\" content=\"index, follow, max-snippet:-1, max-image-preview:large, max-video-preview:-1\" \/>\n<link rel=\"canonical\" href=\"https:\/\/redealis.com.br\/integralis\/equipe-medica\/taciana-melo\/\" \/>\n<meta property=\"og:locale\" content=\"pt_BR\" \/>\n<meta property=\"og:type\" content=\"article\" \/>\n<meta property=\"og:title\" content=\"Taciana Melo | Integr\u00e1lis\" \/>\n<meta property=\"og:description\" content=\"Fonoaudi\u00f3loga, mestranda em sa\u00fade da comunica\u00e7\u00e3o humana pela UFPE, P\u00f3s Graduada em Direito M\u00e9dico e da Sa\u00fade,\" \/>\n<meta property=\"og:url\" content=\"https:\/\/redealis.com.br\/integralis\/equipe-medica\/taciana-melo\/\" \/>\n<meta property=\"og:site_name\" content=\"Integr\u00e1lis\" \/>\n<meta property=\"article:publisher\" content=\"https:\/\/www.facebook.com\/integralisbrasil\" \/>\n<meta property=\"article:modified_time\" content=\"2024-05-10T12:56:38+00:00\" \/>\n<meta property=\"og:image\" content=\"https:\/\/redealis.com.br\/integralis\/wp-content\/uploads\/sites\/3\/2023\/11\/TACIANA-683x1024.jpg\" \/>\n\t<meta property=\"og:image:width\" content=\"683\" \/>\n\t<meta property=\"og:image:height\" content=\"1024\" \/>\n\t<meta property=\"og:image:type\" content=\"image\/jpeg\" \/>\n<meta name=\"twitter:card\" content=\"summary_large_image\" \/>\n<meta name=\"twitter:label1\" content=\"Est. tempo de leitura\" \/>\n\t<meta name=\"twitter:data1\" content=\"1 minuto\" \/>\n<script type=\"application\/ld+json\" class=\"yoast-schema-graph\">{\"@context\":\"https:\\\/\\\/schema.org\",\"@graph\":[{\"@type\":\"WebPage\",\"@id\":\"https:\\\/\\\/redealis.com.br\\\/integralis\\\/equipe-medica\\\/taciana-melo\\\/\",\"url\":\"https:\\\/\\\/redealis.com.br\\\/integralis\\\/equipe-medica\\\/taciana-melo\\\/\",\"name\":\"Taciana Melo | Integr\u00e1lis\",\"isPartOf\":{\"@id\":\"https:\\\/\\\/redealis.com.br\\\/integralis\\\/#website\"},\"primaryImageOfPage\":{\"@id\":\"https:\\\/\\\/redealis.com.br\\\/integralis\\\/equipe-medica\\\/taciana-melo\\\/#primaryimage\"},\"image\":{\"@id\":\"https:\\\/\\\/redealis.com.br\\\/integralis\\\/equipe-medica\\\/taciana-melo\\\/#primaryimage\"},\"thumbnailUrl\":\"https:\\\/\\\/redealis.com.br\\\/integralis\\\/wp-content\\\/uploads\\\/sites\\\/3\\\/2023\\\/11\\\/TACIANA.jpg\",\"datePublished\":\"2023-11-07T12:13:54+00:00\",\"dateModified\":\"2024-05-10T12:56:38+00:00\",\"description\":\"Fonoaudi\u00f3loga, mestranda em sa\u00fade da comunica\u00e7\u00e3o humana pela UFPE, P\u00f3s Graduada em Direito M\u00e9dico e da Sa\u00fade,\",\"breadcrumb\":{\"@id\":\"https:\\\/\\\/redealis.com.br\\\/integralis\\\/equipe-medica\\\/taciana-melo\\\/#breadcrumb\"},\"inLanguage\":\"pt-BR\",\"potentialAction\":[{\"@type\":\"ReadAction\",\"target\":[\"https:\\\/\\\/redealis.com.br\\\/integralis\\\/equipe-medica\\\/taciana-melo\\\/\"]}]},{\"@type\":\"ImageObject\",\"inLanguage\":\"pt-BR\",\"@id\":\"https:\\\/\\\/redealis.com.br\\\/integralis\\\/equipe-medica\\\/taciana-melo\\\/#primaryimage\",\"url\":\"https:\\\/\\\/redealis.com.br\\\/integralis\\\/wp-content\\\/uploads\\\/sites\\\/3\\\/2023\\\/11\\\/TACIANA.jpg\",\"contentUrl\":\"https:\\\/\\\/redealis.com.br\\\/integralis\\\/wp-content\\\/uploads\\\/sites\\\/3\\\/2023\\\/11\\\/TACIANA.jpg\",\"width\":1667,\"height\":2500},{\"@type\":\"BreadcrumbList\",\"@id\":\"https:\\\/\\\/redealis.com.br\\\/integralis\\\/equipe-medica\\\/taciana-melo\\\/#breadcrumb\",\"itemListElement\":[{\"@type\":\"ListItem\",\"position\":1,\"name\":\"home\",\"item\":\"https:\\\/\\\/redealis.com.br\\\/integralis\\\/\"},{\"@type\":\"ListItem\",\"position\":2,\"name\":\"Equipe M\u00e9dica\",\"item\":\"https:\\\/\\\/redealis.com.br\\\/integralis\\\/equipe-medica\\\/\"},{\"@type\":\"ListItem\",\"position\":3,\"name\":\"Taciana Melo\"}]},{\"@type\":\"WebSite\",\"@id\":\"https:\\\/\\\/redealis.com.br\\\/integralis\\\/#website\",\"url\":\"https:\\\/\\\/redealis.com.br\\\/integralis\\\/\",\"name\":\"Integr\u00e1lis\",\"description\":\"\",\"publisher\":{\"@id\":\"https:\\\/\\\/redealis.com.br\\\/integralis\\\/#organization\"},\"alternateName\":\"Integr\u00e1lis\",\"potentialAction\":[{\"@type\":\"SearchAction\",\"target\":{\"@type\":\"EntryPoint\",\"urlTemplate\":\"https:\\\/\\\/redealis.com.br\\\/integralis\\\/?s={search_term_string}\"},\"query-input\":{\"@type\":\"PropertyValueSpecification\",\"valueRequired\":true,\"valueName\":\"search_term_string\"}}],\"inLanguage\":\"pt-BR\"},{\"@type\":\"Organization\",\"@id\":\"https:\\\/\\\/redealis.com.br\\\/integralis\\\/#organization\",\"name\":\"Integr\u00e1lis - Rede \u00c1lis\",\"alternateName\":\"Integr\u00e1lis\",\"url\":\"https:\\\/\\\/redealis.com.br\\\/integralis\\\/\",\"logo\":{\"@type\":\"ImageObject\",\"inLanguage\":\"pt-BR\",\"@id\":\"https:\\\/\\\/redealis.com.br\\\/integralis\\\/#\\\/schema\\\/logo\\\/image\\\/\",\"url\":\"https:\\\/\\\/redealis.com.br\\\/integralis\\\/wp-content\\\/uploads\\\/sites\\\/3\\\/2023\\\/08\\\/layout-logo-alt-1-1.png\",\"contentUrl\":\"https:\\\/\\\/redealis.com.br\\\/integralis\\\/wp-content\\\/uploads\\\/sites\\\/3\\\/2023\\\/08\\\/layout-logo-alt-1-1.png\",\"width\":696,\"height\":696,\"caption\":\"Integr\u00e1lis - Rede \u00c1lis\"},\"image\":{\"@id\":\"https:\\\/\\\/redealis.com.br\\\/integralis\\\/#\\\/schema\\\/logo\\\/image\\\/\"},\"sameAs\":[\"https:\\\/\\\/www.facebook.com\\\/integralisbrasil\",\"https:\\\/\\\/www.instagram.com\\\/integralisbrasil\"]}]}<\/script>\n<!-- \/ Yoast SEO plugin. -->","yoast_head_json":{"title":"Taciana Melo | Integr\u00e1lis","description":"Fonoaudi\u00f3loga, mestranda em sa\u00fade da comunica\u00e7\u00e3o humana pela UFPE, P\u00f3s Graduada em Direito M\u00e9dico e da Sa\u00fade,","robots":{"index":"index","follow":"follow","max-snippet":"max-snippet:-1","max-image-preview":"max-image-preview:large","max-video-preview":"max-video-preview:-1"},"canonical":"https:\/\/redealis.com.br\/integralis\/equipe-medica\/taciana-melo\/","og_locale":"pt_BR","og_type":"article","og_title":"Taciana Melo | Integr\u00e1lis","og_description":"Fonoaudi\u00f3loga, mestranda em sa\u00fade da comunica\u00e7\u00e3o humana pela UFPE, P\u00f3s Graduada em Direito M\u00e9dico e da Sa\u00fade,","og_url":"https:\/\/redealis.com.br\/integralis\/equipe-medica\/taciana-melo\/","og_site_name":"Integr\u00e1lis","article_publisher":"https:\/\/www.facebook.com\/integralisbrasil","article_modified_time":"2024-05-10T12:56:38+00:00","og_image":[{"width":683,"height":1024,"url":"https:\/\/redealis.com.br\/integralis\/wp-content\/uploads\/sites\/3\/2023\/11\/TACIANA-683x1024.jpg","type":"image\/jpeg"}],"twitter_card":"summary_large_image","twitter_misc":{"Est. tempo de leitura":"1 minuto"},"schema":{"@context":"https:\/\/schema.org","@graph":[{"@type":"WebPage","@id":"https:\/\/redealis.com.br\/integralis\/equipe-medica\/taciana-melo\/","url":"https:\/\/redealis.com.br\/integralis\/equipe-medica\/taciana-melo\/","name":"Taciana Melo | Integr\u00e1lis","isPartOf":{"@id":"https:\/\/redealis.com.br\/integralis\/#website"},"primaryImageOfPage":{"@id":"https:\/\/redealis.com.br\/integralis\/equipe-medica\/taciana-melo\/#primaryimage"},"image":{"@id":"https:\/\/redealis.com.br\/integralis\/equipe-medica\/taciana-melo\/#primaryimage"},"thumbnailUrl":"https:\/\/redealis.com.br\/integralis\/wp-content\/uploads\/sites\/3\/2023\/11\/TACIANA.jpg","datePublished":"2023-11-07T12:13:54+00:00","dateModified":"2024-05-10T12:56:38+00:00","description":"Fonoaudi\u00f3loga, mestranda em sa\u00fade da comunica\u00e7\u00e3o humana pela UFPE, P\u00f3s Graduada em Direito M\u00e9dico e da Sa\u00fade,","breadcrumb":{"@id":"https:\/\/redealis.com.br\/integralis\/equipe-medica\/taciana-melo\/#breadcrumb"},"inLanguage":"pt-BR","potentialAction":[{"@type":"ReadAction","target":["https:\/\/redealis.com.br\/integralis\/equipe-medica\/taciana-melo\/"]}]},{"@type":"ImageObject","inLanguage":"pt-BR","@id":"https:\/\/redealis.com.br\/integralis\/equipe-medica\/taciana-melo\/#primaryimage","url":"https:\/\/redealis.com.br\/integralis\/wp-content\/uploads\/sites\/3\/2023\/11\/TACIANA.jpg","contentUrl":"https:\/\/redealis.com.br\/integralis\/wp-content\/uploads\/sites\/3\/2023\/11\/TACIANA.jpg","width":1667,"height":2500},{"@type":"BreadcrumbList","@id":"https:\/\/redealis.com.br\/integralis\/equipe-medica\/taciana-melo\/#breadcrumb","itemListElement":[{"@type":"ListItem","position":1,"name":"home","item":"https:\/\/redealis.com.br\/integralis\/"},{"@type":"ListItem","position":2,"name":"Equipe M\u00e9dica","item":"https:\/\/redealis.com.br\/integralis\/equipe-medica\/"},{"@type":"ListItem","position":3,"name":"Taciana Melo"}]},{"@type":"WebSite","@id":"https:\/\/redealis.com.br\/integralis\/#website","url":"https:\/\/redealis.com.br\/integralis\/","name":"Integr\u00e1lis","description":"","publisher":{"@id":"https:\/\/redealis.com.br\/integralis\/#organization"},"alternateName":"Integr\u00e1lis","potentialAction":[{"@type":"SearchAction","target":{"@type":"EntryPoint","urlTemplate":"https:\/\/redealis.com.br\/integralis\/?s={search_term_string}"},"query-input":{"@type":"PropertyValueSpecification","valueRequired":true,"valueName":"search_term_string"}}],"inLanguage":"pt-BR"},{"@type":"Organization","@id":"https:\/\/redealis.com.br\/integralis\/#organization","name":"Integr\u00e1lis - Rede \u00c1lis","alternateName":"Integr\u00e1lis","url":"https:\/\/redealis.com.br\/integralis\/","logo":{"@type":"ImageObject","inLanguage":"pt-BR","@id":"https:\/\/redealis.com.br\/integralis\/#\/schema\/logo\/image\/","url":"https:\/\/redealis.com.br\/integralis\/wp-content\/uploads\/sites\/3\/2023\/08\/layout-logo-alt-1-1.png","contentUrl":"https:\/\/redealis.com.br\/integralis\/wp-content\/uploads\/sites\/3\/2023\/08\/layout-logo-alt-1-1.png","width":696,"height":696,"caption":"Integr\u00e1lis - Rede \u00c1lis"},"image":{"@id":"https:\/\/redealis.com.br\/integralis\/#\/schema\/logo\/image\/"},"sameAs":["https:\/\/www.facebook.com\/integralisbrasil","https:\/\/www.instagram.com\/integralisbrasil"]}]}},"_links":{"self":[{"href":"https:\/\/redealis.com.br\/integralis\/wp-json\/wp\/v2\/equipe-medica\/815","targetHints":{"allow":["GET"]}}],"collection":[{"href":"https:\/\/redealis.com.br\/integralis\/wp-json\/wp\/v2\/equipe-medica"}],"about":[{"href":"https:\/\/redealis.com.br\/integralis\/wp-json\/wp\/v2\/types\/equipe-medica"}],"wp:featuredmedia":[{"embeddable":true,"href":"https:\/\/redealis.com.br\/integralis\/wp-json\/wp\/v2\/media\/1037"}],"wp:attachment":[{"href":"https:\/\/redealis.com.br\/integralis\/wp-json\/wp\/v2\/media?parent=815"}],"wp:term":[{"taxonomy":"categoria-medico","embeddable":true,"href":"https:\/\/redealis.com.br\/integralis\/wp-json\/wp\/v2\/categoria-medico?post=815"},{"taxonomy":"forma-de-tratamento","embeddable":true,"href":"https:\/\/redealis.com.br\/integralis\/wp-json\/wp\/v2\/forma-de-tratamento?post=815"}],"curies":[{"name":"wp","href":"https:\/\/api.w.org\/{rel}","templated":true}]}}

<p>Taciana Melo é uma fonoaudióloga com uma trajetória acadêmica e profissional impressionante. Além de sua graduação, ela está atualmente cursando mestrado em Saúde da Comunicação Humana pela UFPE, demonstrando seu compromisso com a excelência acadêmica. Sua especialização em Direito Médico e da Saúde complementa sua formação, oferecendo uma perspectiva abrangente em sua prática profissional.</p>
<p>Com experiência em TEA e outros transtornos do neurodesenvolvimento, Taciana está capacitada para oferecer suporte especializado a seus pacientes. Sua formação inclui capacitação internacional no método PROMPT pelo The PROMPT Institute, e no PECS pelo Pyramid Educational Consultants, além de cursos em ABA, ABLLS-R, DHACA e outros na área. Seu compromisso com a aprendizagem contínua e sua vasta experiência a tornam uma profissional altamente qualificada e dedicada.</p>

<p>Taciana Melo é uma fonoaudióloga com uma trajetória acadêmica e profissional impressionante. Além de sua graduação, ela está atualmente cursando mestrado em Saúde da Comunicação Humana pela UFPE, demonstrando seu compromisso com a excelência acadêmica. Sua especialização em Direito Médico e da Saúde complementa sua formação, oferecendo uma perspectiva abrangente em sua prática profissional. Com [&hellip;]</p>

<!-- This site is optimized with the Yoast SEO plugin v27.3 - https://yoast.com/product/yoast-seo-wordpress/ -->
<title>Taciana Melo | Integrális</title>
<meta name="description" content="Fonoaudióloga, mestranda em saúde da comunicação humana pela UFPE, Pós Graduada em Direito Médico e da Saúde," />
<meta name="robots" content="index, follow, max-snippet:-1, max-image-preview:large, max-video-preview:-1" />
<link rel="canonical" href="https://redealis.com.br/integralis/equipe-medica/taciana-melo/" />
<meta property="og:locale" content="pt_BR" />
<meta property="og:type" content="article" />
<meta property="og:title" content="Taciana Melo | Integrális" />
<meta property="og:description" content="Fonoaudióloga, mestranda em saúde da comunicação humana pela UFPE, Pós Graduada em Direito Médico e da Saúde," />
<meta property="og:url" content="https://redealis.com.br/integralis/equipe-medica/taciana-melo/" />
<meta property="og:site_name" content="Integrális" />
<meta property="article:publisher" content="https://www.facebook.com/integralisbrasil" />
<meta property="article:modified_time" content="2024-05-10T12:56:38+00:00" />
<meta property="og:image" content="https://redealis.com.br/integralis/wp-content/uploads/sites/3/2023/11/TACIANA-683x1024.jpg" />
	<meta property="og:image:width" content="683" />
	<meta property="og:image:height" content="1024" />
	<meta property="og:image:type" content="image/jpeg" />
<meta name="twitter:card" content="summary_large_image" />
<meta name="twitter:label1" content="Est. tempo de leitura" />
	<meta name="twitter:data1" content="1 minuto" />
<script type="application/ld+json" class="yoast-schema-graph">{"@context":"https:\/\/schema.org","@graph":[{"@type":"WebPage","@id":"https:\/\/redealis.com.br\/integralis\/equipe-medica\/taciana-melo\/","url":"https:\/\/redealis.com.br\/integralis\/equipe-medica\/taciana-melo\/","name":"Taciana Melo | Integrális","isPartOf":{"@id":"https:\/\/redealis.com.br\/integralis\/#website"},"primaryImageOfPage":{"@id":"https:\/\/redealis.com.br\/integralis\/equipe-medica\/taciana-melo\/#primaryimage"},"image":{"@id":"https:\/\/redealis.com.br\/integralis\/equipe-medica\/taciana-melo\/#primaryimage"},"thumbnailUrl":"https:\/\/redealis.com.br\/integralis\/wp-content\/uploads\/sites\/3\/2023\/11\/TACIANA.jpg","datePublished":"2023-11-07T12:13:54+00:00","dateModified":"2024-05-10T12:56:38+00:00","description":"Fonoaudióloga, mestranda em saúde da comunicação humana pela UFPE, Pós Graduada em Direito Médico e da Saúde,","breadcrumb":{"@id":"https:\/\/redealis.com.br\/integralis\/equipe-medica\/taciana-melo\/#breadcrumb"},"inLanguage":"pt-BR","potentialAction":[{"@type":"ReadAction","target":["https:\/\/redealis.com.br\/integralis\/equipe-medica\/taciana-melo\/"]}]},{"@type":"ImageObject","inLanguage":"pt-BR","@id":"https:\/\/redealis.com.br\/integralis\/equipe-medica\/taciana-melo\/#primaryimage","url":"https:\/\/redealis.com.br\/integralis\/wp-content\/uploads\/sites\/3\/2023\/11\/TACIANA.jpg","contentUrl":"https:\/\/redealis.com.br\/integralis\/wp-content\/uploads\/sites\/3\/2023\/11\/TACIANA.jpg","width":1667,"height":2500},{"@type":"BreadcrumbList","@id":"https:\/\/redealis.com.br\/integralis\/equipe-medica\/taciana-melo\/#breadcrumb","itemListElement":[{"@type":"ListItem","position":1,"name":"home","item":"https:\/\/redealis.com.br\/integralis\/"},{"@type":"ListItem","position":2,"name":"Equipe Médica","item":"https:\/\/redealis.com.br\/integralis\/equipe-medica\/"},{"@type":"ListItem","position":3,"name":"Taciana Melo"}]},{"@type":"WebSite","@id":"https:\/\/redealis.com.br\/integralis\/#website","url":"https:\/\/redealis.com.br\/integralis\/","name":"Integrális","description":"","publisher":{"@id":"https:\/\/redealis.com.br\/integralis\/#organization"},"alternateName":"Integrális","potentialAction":[{"@type":"SearchAction","target":{"@type":"EntryPoint","urlTemplate":"https:\/\/redealis.com.br\/integralis\/?s={search_term_string}"},"query-input":{"@type":"PropertyValueSpecification","valueRequired":true,"valueName":"search_term_string"}}],"inLanguage":"pt-BR"},{"@type":"Organization","@id":"https:\/\/redealis.com.br\/integralis\/#organization","name":"Integrális - Rede Ális","alternateName":"Integrális","url":"https:\/\/redealis.com.br\/integralis\/","logo":{"@type":"ImageObject","inLanguage":"pt-BR","@id":"https:\/\/redealis.com.br\/integralis\/#\/schema\/logo\/image\/","url":"https:\/\/redealis.com.br\/integralis\/wp-content\/uploads\/sites\/3\/2023\/08\/layout-logo-alt-1-1.png","contentUrl":"https:\/\/redealis.com.br\/integralis\/wp-content\/uploads\/sites\/3\/2023\/08\/layout-logo-alt-1-1.png","width":696,"height":696,"caption":"Integrális - Rede Ális"},"image":{"@id":"https:\/\/redealis.com.br\/integralis\/#\/schema\/logo\/image\/"},"sameAs":["https:\/\/www.facebook.com\/integralisbrasil","https:\/\/www.instagram.com\/integralisbrasil"]}]}</script>
<!-- / Yoast SEO plugin. -->

Taciana Melo | Integrális

Fonoaudióloga, mestranda em saúde da comunicação humana pela UFPE, Pós Graduada em Direito Médico e da Saúde,

Integrális

Equipe Médica

Integrális - Rede Ális
