{"id":619,"date":"2023-07-31T11:42:45","date_gmt":"2023-07-31T14:42:45","guid":{"rendered":"https:\/\/redealis.com.br\/integralis\/?post_type=equipe-medica&#038;p=619"},"modified":"2024-09-05T11:10:42","modified_gmt":"2024-09-05T14:10:42","slug":"janaina-fernandes","status":"publish","type":"equipe-medica","link":"https:\/\/redealis.com.br\/integralis\/equipe-medica\/janaina-fernandes\/","title":{"rendered":"Janaina Fernandes"},"content":{"rendered":"<p>Janaina Fernandes \u00e9 uma Terapeuta Ocupacional com forma\u00e7\u00e3o pela UFPE &#8211; Recife, destacando-se por sua busca cont\u00ednua por conhecimento e aprimoramento profissional. Al\u00e9m de sua gradua\u00e7\u00e3o, ela realizou cursos nas \u00e1reas de An\u00e1lise do Comportamento Aplicada (ABA), integra\u00e7\u00e3o sensorial e Atividades de Vida Di\u00e1ria (AVD) voltados ao Transtorno do Espectro Autista (TEA). Sua experi\u00eancia inclui viv\u00eancias nas \u00e1reas de estimula\u00e7\u00e3o precoce e reabilita\u00e7\u00e3o f\u00edsica, refletindo seu compromisso em oferecer suporte abrangente e personalizado aos seus pacientes. Com uma abordagem hol\u00edstica e dedicada, Janaina busca constantemente proporcionar o melhor cuidado e qualidade de vida para aqueles que atende.<\/p>\n","protected":false},"excerpt":{"rendered":"<p>Janaina Fernandes \u00e9 uma Terapeuta Ocupacional com forma\u00e7\u00e3o pela UFPE &#8211; Recife, destacando-se por sua busca cont\u00ednua por conhecimento e aprimoramento profissional. Al\u00e9m de sua gradua\u00e7\u00e3o, ela realizou cursos nas \u00e1reas de An\u00e1lise do Comportamento Aplicada (ABA), integra\u00e7\u00e3o sensorial e Atividades de Vida Di\u00e1ria (AVD) voltados ao Transtorno do Espectro Autista (TEA). Sua experi\u00eancia inclui [&hellip;]<\/p>\n","protected":false},"featured_media":1238,"template":"","categoria-medico":[14],"forma-de-tratamento":[],"class_list":["post-619","equipe-medica","type-equipe-medica","status-publish","has-post-thumbnail","hentry","categoria-medico-terapeuta-ocupacional"],"acf":[],"yoast_head":"<!-- This site is optimized with the Yoast SEO plugin v27.3 - https:\/\/yoast.com\/product\/yoast-seo-wordpress\/ -->\n<title>Janaina Fernandes | Integr\u00e1lis<\/title>\n<meta name=\"description\" content=\"erapeuta Ocupacional,\u00a0Graduada pela UFPE - Recife com diversos cursos voltados a sua \u00e1rea de conhecimento t\u00e9cnico\" \/>\n<meta name=\"robots\" content=\"index, follow, max-snippet:-1, max-image-preview:large, max-video-preview:-1\" \/>\n<link rel=\"canonical\" href=\"https:\/\/redealis.com.br\/integralis\/equipe-medica\/janaina-fernandes\/\" \/>\n<meta property=\"og:locale\" content=\"pt_BR\" \/>\n<meta property=\"og:type\" content=\"article\" \/>\n<meta property=\"og:title\" content=\"Janaina Fernandes | Integr\u00e1lis\" \/>\n<meta property=\"og:description\" content=\"erapeuta Ocupacional,\u00a0Graduada pela UFPE - Recife com diversos cursos voltados a sua \u00e1rea de conhecimento t\u00e9cnico\" \/>\n<meta property=\"og:url\" content=\"https:\/\/redealis.com.br\/integralis\/equipe-medica\/janaina-fernandes\/\" \/>\n<meta property=\"og:site_name\" content=\"Integr\u00e1lis\" \/>\n<meta property=\"article:publisher\" content=\"https:\/\/www.facebook.com\/integralisbrasil\" \/>\n<meta property=\"article:modified_time\" content=\"2024-09-05T14:10:42+00:00\" \/>\n<meta property=\"og:image\" content=\"https:\/\/redealis.com.br\/integralis\/wp-content\/uploads\/sites\/3\/2023\/07\/JANAINA-FERNANDES-scaled.jpeg\" \/>\n\t<meta property=\"og:image:width\" content=\"1920\" \/>\n\t<meta property=\"og:image:height\" content=\"2560\" \/>\n\t<meta property=\"og:image:type\" content=\"image\/jpeg\" \/>\n<meta name=\"twitter:card\" content=\"summary_large_image\" \/>\n<meta name=\"twitter:label1\" content=\"Est. tempo de leitura\" \/>\n\t<meta name=\"twitter:data1\" content=\"1 minuto\" \/>\n<script type=\"application\/ld+json\" class=\"yoast-schema-graph\">{\"@context\":\"https:\\\/\\\/schema.org\",\"@graph\":[{\"@type\":\"WebPage\",\"@id\":\"https:\\\/\\\/redealis.com.br\\\/integralis\\\/equipe-medica\\\/janaina-fernandes\\\/\",\"url\":\"https:\\\/\\\/redealis.com.br\\\/integralis\\\/equipe-medica\\\/janaina-fernandes\\\/\",\"name\":\"Janaina Fernandes | Integr\u00e1lis\",\"isPartOf\":{\"@id\":\"https:\\\/\\\/redealis.com.br\\\/integralis\\\/#website\"},\"primaryImageOfPage\":{\"@id\":\"https:\\\/\\\/redealis.com.br\\\/integralis\\\/equipe-medica\\\/janaina-fernandes\\\/#primaryimage\"},\"image\":{\"@id\":\"https:\\\/\\\/redealis.com.br\\\/integralis\\\/equipe-medica\\\/janaina-fernandes\\\/#primaryimage\"},\"thumbnailUrl\":\"https:\\\/\\\/redealis.com.br\\\/integralis\\\/wp-content\\\/uploads\\\/sites\\\/3\\\/2023\\\/07\\\/JANAINA-FERNANDES-scaled.jpeg\",\"datePublished\":\"2023-07-31T14:42:45+00:00\",\"dateModified\":\"2024-09-05T14:10:42+00:00\",\"description\":\"erapeuta Ocupacional,\u00a0Graduada pela UFPE - Recife com diversos cursos voltados a sua \u00e1rea de conhecimento t\u00e9cnico\",\"breadcrumb\":{\"@id\":\"https:\\\/\\\/redealis.com.br\\\/integralis\\\/equipe-medica\\\/janaina-fernandes\\\/#breadcrumb\"},\"inLanguage\":\"pt-BR\",\"potentialAction\":[{\"@type\":\"ReadAction\",\"target\":[\"https:\\\/\\\/redealis.com.br\\\/integralis\\\/equipe-medica\\\/janaina-fernandes\\\/\"]}]},{\"@type\":\"ImageObject\",\"inLanguage\":\"pt-BR\",\"@id\":\"https:\\\/\\\/redealis.com.br\\\/integralis\\\/equipe-medica\\\/janaina-fernandes\\\/#primaryimage\",\"url\":\"https:\\\/\\\/redealis.com.br\\\/integralis\\\/wp-content\\\/uploads\\\/sites\\\/3\\\/2023\\\/07\\\/JANAINA-FERNANDES-scaled.jpeg\",\"contentUrl\":\"https:\\\/\\\/redealis.com.br\\\/integralis\\\/wp-content\\\/uploads\\\/sites\\\/3\\\/2023\\\/07\\\/JANAINA-FERNANDES-scaled.jpeg\",\"width\":1920,\"height\":2560},{\"@type\":\"BreadcrumbList\",\"@id\":\"https:\\\/\\\/redealis.com.br\\\/integralis\\\/equipe-medica\\\/janaina-fernandes\\\/#breadcrumb\",\"itemListElement\":[{\"@type\":\"ListItem\",\"position\":1,\"name\":\"home\",\"item\":\"https:\\\/\\\/redealis.com.br\\\/integralis\\\/\"},{\"@type\":\"ListItem\",\"position\":2,\"name\":\"Equipe M\u00e9dica\",\"item\":\"https:\\\/\\\/redealis.com.br\\\/integralis\\\/equipe-medica\\\/\"},{\"@type\":\"ListItem\",\"position\":3,\"name\":\"Janaina Fernandes\"}]},{\"@type\":\"WebSite\",\"@id\":\"https:\\\/\\\/redealis.com.br\\\/integralis\\\/#website\",\"url\":\"https:\\\/\\\/redealis.com.br\\\/integralis\\\/\",\"name\":\"Integr\u00e1lis\",\"description\":\"\",\"publisher\":{\"@id\":\"https:\\\/\\\/redealis.com.br\\\/integralis\\\/#organization\"},\"alternateName\":\"Integr\u00e1lis\",\"potentialAction\":[{\"@type\":\"SearchAction\",\"target\":{\"@type\":\"EntryPoint\",\"urlTemplate\":\"https:\\\/\\\/redealis.com.br\\\/integralis\\\/?s={search_term_string}\"},\"query-input\":{\"@type\":\"PropertyValueSpecification\",\"valueRequired\":true,\"valueName\":\"search_term_string\"}}],\"inLanguage\":\"pt-BR\"},{\"@type\":\"Organization\",\"@id\":\"https:\\\/\\\/redealis.com.br\\\/integralis\\\/#organization\",\"name\":\"Integr\u00e1lis - Rede \u00c1lis\",\"alternateName\":\"Integr\u00e1lis\",\"url\":\"https:\\\/\\\/redealis.com.br\\\/integralis\\\/\",\"logo\":{\"@type\":\"ImageObject\",\"inLanguage\":\"pt-BR\",\"@id\":\"https:\\\/\\\/redealis.com.br\\\/integralis\\\/#\\\/schema\\\/logo\\\/image\\\/\",\"url\":\"https:\\\/\\\/redealis.com.br\\\/integralis\\\/wp-content\\\/uploads\\\/sites\\\/3\\\/2023\\\/08\\\/layout-logo-alt-1-1.png\",\"contentUrl\":\"https:\\\/\\\/redealis.com.br\\\/integralis\\\/wp-content\\\/uploads\\\/sites\\\/3\\\/2023\\\/08\\\/layout-logo-alt-1-1.png\",\"width\":696,\"height\":696,\"caption\":\"Integr\u00e1lis - Rede \u00c1lis\"},\"image\":{\"@id\":\"https:\\\/\\\/redealis.com.br\\\/integralis\\\/#\\\/schema\\\/logo\\\/image\\\/\"},\"sameAs\":[\"https:\\\/\\\/www.facebook.com\\\/integralisbrasil\",\"https:\\\/\\\/www.instagram.com\\\/integralisbrasil\"]}]}<\/script>\n<!-- \/ Yoast SEO plugin. -->","yoast_head_json":{"title":"Janaina Fernandes | Integr\u00e1lis","description":"erapeuta Ocupacional,\u00a0Graduada pela UFPE - Recife com diversos cursos voltados a sua \u00e1rea de conhecimento t\u00e9cnico","robots":{"index":"index","follow":"follow","max-snippet":"max-snippet:-1","max-image-preview":"max-image-preview:large","max-video-preview":"max-video-preview:-1"},"canonical":"https:\/\/redealis.com.br\/integralis\/equipe-medica\/janaina-fernandes\/","og_locale":"pt_BR","og_type":"article","og_title":"Janaina Fernandes | Integr\u00e1lis","og_description":"erapeuta Ocupacional,\u00a0Graduada pela UFPE - Recife com diversos cursos voltados a sua \u00e1rea de conhecimento t\u00e9cnico","og_url":"https:\/\/redealis.com.br\/integralis\/equipe-medica\/janaina-fernandes\/","og_site_name":"Integr\u00e1lis","article_publisher":"https:\/\/www.facebook.com\/integralisbrasil","article_modified_time":"2024-09-05T14:10:42+00:00","og_image":[{"width":1920,"height":2560,"url":"https:\/\/redealis.com.br\/integralis\/wp-content\/uploads\/sites\/3\/2023\/07\/JANAINA-FERNANDES-scaled.jpeg","type":"image\/jpeg"}],"twitter_card":"summary_large_image","twitter_misc":{"Est. tempo de leitura":"1 minuto"},"schema":{"@context":"https:\/\/schema.org","@graph":[{"@type":"WebPage","@id":"https:\/\/redealis.com.br\/integralis\/equipe-medica\/janaina-fernandes\/","url":"https:\/\/redealis.com.br\/integralis\/equipe-medica\/janaina-fernandes\/","name":"Janaina Fernandes | Integr\u00e1lis","isPartOf":{"@id":"https:\/\/redealis.com.br\/integralis\/#website"},"primaryImageOfPage":{"@id":"https:\/\/redealis.com.br\/integralis\/equipe-medica\/janaina-fernandes\/#primaryimage"},"image":{"@id":"https:\/\/redealis.com.br\/integralis\/equipe-medica\/janaina-fernandes\/#primaryimage"},"thumbnailUrl":"https:\/\/redealis.com.br\/integralis\/wp-content\/uploads\/sites\/3\/2023\/07\/JANAINA-FERNANDES-scaled.jpeg","datePublished":"2023-07-31T14:42:45+00:00","dateModified":"2024-09-05T14:10:42+00:00","description":"erapeuta Ocupacional,\u00a0Graduada pela UFPE - Recife com diversos cursos voltados a sua \u00e1rea de conhecimento t\u00e9cnico","breadcrumb":{"@id":"https:\/\/redealis.com.br\/integralis\/equipe-medica\/janaina-fernandes\/#breadcrumb"},"inLanguage":"pt-BR","potentialAction":[{"@type":"ReadAction","target":["https:\/\/redealis.com.br\/integralis\/equipe-medica\/janaina-fernandes\/"]}]},{"@type":"ImageObject","inLanguage":"pt-BR","@id":"https:\/\/redealis.com.br\/integralis\/equipe-medica\/janaina-fernandes\/#primaryimage","url":"https:\/\/redealis.com.br\/integralis\/wp-content\/uploads\/sites\/3\/2023\/07\/JANAINA-FERNANDES-scaled.jpeg","contentUrl":"https:\/\/redealis.com.br\/integralis\/wp-content\/uploads\/sites\/3\/2023\/07\/JANAINA-FERNANDES-scaled.jpeg","width":1920,"height":2560},{"@type":"BreadcrumbList","@id":"https:\/\/redealis.com.br\/integralis\/equipe-medica\/janaina-fernandes\/#breadcrumb","itemListElement":[{"@type":"ListItem","position":1,"name":"home","item":"https:\/\/redealis.com.br\/integralis\/"},{"@type":"ListItem","position":2,"name":"Equipe M\u00e9dica","item":"https:\/\/redealis.com.br\/integralis\/equipe-medica\/"},{"@type":"ListItem","position":3,"name":"Janaina Fernandes"}]},{"@type":"WebSite","@id":"https:\/\/redealis.com.br\/integralis\/#website","url":"https:\/\/redealis.com.br\/integralis\/","name":"Integr\u00e1lis","description":"","publisher":{"@id":"https:\/\/redealis.com.br\/integralis\/#organization"},"alternateName":"Integr\u00e1lis","potentialAction":[{"@type":"SearchAction","target":{"@type":"EntryPoint","urlTemplate":"https:\/\/redealis.com.br\/integralis\/?s={search_term_string}"},"query-input":{"@type":"PropertyValueSpecification","valueRequired":true,"valueName":"search_term_string"}}],"inLanguage":"pt-BR"},{"@type":"Organization","@id":"https:\/\/redealis.com.br\/integralis\/#organization","name":"Integr\u00e1lis - Rede \u00c1lis","alternateName":"Integr\u00e1lis","url":"https:\/\/redealis.com.br\/integralis\/","logo":{"@type":"ImageObject","inLanguage":"pt-BR","@id":"https:\/\/redealis.com.br\/integralis\/#\/schema\/logo\/image\/","url":"https:\/\/redealis.com.br\/integralis\/wp-content\/uploads\/sites\/3\/2023\/08\/layout-logo-alt-1-1.png","contentUrl":"https:\/\/redealis.com.br\/integralis\/wp-content\/uploads\/sites\/3\/2023\/08\/layout-logo-alt-1-1.png","width":696,"height":696,"caption":"Integr\u00e1lis - Rede \u00c1lis"},"image":{"@id":"https:\/\/redealis.com.br\/integralis\/#\/schema\/logo\/image\/"},"sameAs":["https:\/\/www.facebook.com\/integralisbrasil","https:\/\/www.instagram.com\/integralisbrasil"]}]}},"_links":{"self":[{"href":"https:\/\/redealis.com.br\/integralis\/wp-json\/wp\/v2\/equipe-medica\/619","targetHints":{"allow":["GET"]}}],"collection":[{"href":"https:\/\/redealis.com.br\/integralis\/wp-json\/wp\/v2\/equipe-medica"}],"about":[{"href":"https:\/\/redealis.com.br\/integralis\/wp-json\/wp\/v2\/types\/equipe-medica"}],"wp:featuredmedia":[{"embeddable":true,"href":"https:\/\/redealis.com.br\/integralis\/wp-json\/wp\/v2\/media\/1238"}],"wp:attachment":[{"href":"https:\/\/redealis.com.br\/integralis\/wp-json\/wp\/v2\/media?parent=619"}],"wp:term":[{"taxonomy":"categoria-medico","embeddable":true,"href":"https:\/\/redealis.com.br\/integralis\/wp-json\/wp\/v2\/categoria-medico?post=619"},{"taxonomy":"forma-de-tratamento","embeddable":true,"href":"https:\/\/redealis.com.br\/integralis\/wp-json\/wp\/v2\/forma-de-tratamento?post=619"}],"curies":[{"name":"wp","href":"https:\/\/api.w.org\/{rel}","templated":true}]}}

<p>Janaina Fernandes é uma Terapeuta Ocupacional com formação pela UFPE &#8211; Recife, destacando-se por sua busca contínua por conhecimento e aprimoramento profissional. Além de sua graduação, ela realizou cursos nas áreas de Análise do Comportamento Aplicada (ABA), integração sensorial e Atividades de Vida Diária (AVD) voltados ao Transtorno do Espectro Autista (TEA). Sua experiência inclui vivências nas áreas de estimulação precoce e reabilitação física, refletindo seu compromisso em oferecer suporte abrangente e personalizado aos seus pacientes. Com uma abordagem holística e dedicada, Janaina busca constantemente proporcionar o melhor cuidado e qualidade de vida para aqueles que atende.</p>

<p>Janaina Fernandes é uma Terapeuta Ocupacional com formação pela UFPE &#8211; Recife, destacando-se por sua busca contínua por conhecimento e aprimoramento profissional. Além de sua graduação, ela realizou cursos nas áreas de Análise do Comportamento Aplicada (ABA), integração sensorial e Atividades de Vida Diária (AVD) voltados ao Transtorno do Espectro Autista (TEA). Sua experiência inclui [&hellip;]</p>

<!-- This site is optimized with the Yoast SEO plugin v27.3 - https://yoast.com/product/yoast-seo-wordpress/ -->
<title>Janaina Fernandes | Integrális</title>
<meta name="description" content="erapeuta Ocupacional, Graduada pela UFPE - Recife com diversos cursos voltados a sua área de conhecimento técnico" />
<meta name="robots" content="index, follow, max-snippet:-1, max-image-preview:large, max-video-preview:-1" />
<link rel="canonical" href="https://redealis.com.br/integralis/equipe-medica/janaina-fernandes/" />
<meta property="og:locale" content="pt_BR" />
<meta property="og:type" content="article" />
<meta property="og:title" content="Janaina Fernandes | Integrális" />
<meta property="og:description" content="erapeuta Ocupacional, Graduada pela UFPE - Recife com diversos cursos voltados a sua área de conhecimento técnico" />
<meta property="og:url" content="https://redealis.com.br/integralis/equipe-medica/janaina-fernandes/" />
<meta property="og:site_name" content="Integrális" />
<meta property="article:publisher" content="https://www.facebook.com/integralisbrasil" />
<meta property="article:modified_time" content="2024-09-05T14:10:42+00:00" />
<meta property="og:image" content="https://redealis.com.br/integralis/wp-content/uploads/sites/3/2023/07/JANAINA-FERNANDES-scaled.jpeg" />
	<meta property="og:image:width" content="1920" />
	<meta property="og:image:height" content="2560" />
	<meta property="og:image:type" content="image/jpeg" />
<meta name="twitter:card" content="summary_large_image" />
<meta name="twitter:label1" content="Est. tempo de leitura" />
	<meta name="twitter:data1" content="1 minuto" />
<script type="application/ld+json" class="yoast-schema-graph">{"@context":"https:\/\/schema.org","@graph":[{"@type":"WebPage","@id":"https:\/\/redealis.com.br\/integralis\/equipe-medica\/janaina-fernandes\/","url":"https:\/\/redealis.com.br\/integralis\/equipe-medica\/janaina-fernandes\/","name":"Janaina Fernandes | Integrális","isPartOf":{"@id":"https:\/\/redealis.com.br\/integralis\/#website"},"primaryImageOfPage":{"@id":"https:\/\/redealis.com.br\/integralis\/equipe-medica\/janaina-fernandes\/#primaryimage"},"image":{"@id":"https:\/\/redealis.com.br\/integralis\/equipe-medica\/janaina-fernandes\/#primaryimage"},"thumbnailUrl":"https:\/\/redealis.com.br\/integralis\/wp-content\/uploads\/sites\/3\/2023\/07\/JANAINA-FERNANDES-scaled.jpeg","datePublished":"2023-07-31T14:42:45+00:00","dateModified":"2024-09-05T14:10:42+00:00","description":"erapeuta Ocupacional, Graduada pela UFPE - Recife com diversos cursos voltados a sua área de conhecimento técnico","breadcrumb":{"@id":"https:\/\/redealis.com.br\/integralis\/equipe-medica\/janaina-fernandes\/#breadcrumb"},"inLanguage":"pt-BR","potentialAction":[{"@type":"ReadAction","target":["https:\/\/redealis.com.br\/integralis\/equipe-medica\/janaina-fernandes\/"]}]},{"@type":"ImageObject","inLanguage":"pt-BR","@id":"https:\/\/redealis.com.br\/integralis\/equipe-medica\/janaina-fernandes\/#primaryimage","url":"https:\/\/redealis.com.br\/integralis\/wp-content\/uploads\/sites\/3\/2023\/07\/JANAINA-FERNANDES-scaled.jpeg","contentUrl":"https:\/\/redealis.com.br\/integralis\/wp-content\/uploads\/sites\/3\/2023\/07\/JANAINA-FERNANDES-scaled.jpeg","width":1920,"height":2560},{"@type":"BreadcrumbList","@id":"https:\/\/redealis.com.br\/integralis\/equipe-medica\/janaina-fernandes\/#breadcrumb","itemListElement":[{"@type":"ListItem","position":1,"name":"home","item":"https:\/\/redealis.com.br\/integralis\/"},{"@type":"ListItem","position":2,"name":"Equipe Médica","item":"https:\/\/redealis.com.br\/integralis\/equipe-medica\/"},{"@type":"ListItem","position":3,"name":"Janaina Fernandes"}]},{"@type":"WebSite","@id":"https:\/\/redealis.com.br\/integralis\/#website","url":"https:\/\/redealis.com.br\/integralis\/","name":"Integrális","description":"","publisher":{"@id":"https:\/\/redealis.com.br\/integralis\/#organization"},"alternateName":"Integrális","potentialAction":[{"@type":"SearchAction","target":{"@type":"EntryPoint","urlTemplate":"https:\/\/redealis.com.br\/integralis\/?s={search_term_string}"},"query-input":{"@type":"PropertyValueSpecification","valueRequired":true,"valueName":"search_term_string"}}],"inLanguage":"pt-BR"},{"@type":"Organization","@id":"https:\/\/redealis.com.br\/integralis\/#organization","name":"Integrális - Rede Ális","alternateName":"Integrális","url":"https:\/\/redealis.com.br\/integralis\/","logo":{"@type":"ImageObject","inLanguage":"pt-BR","@id":"https:\/\/redealis.com.br\/integralis\/#\/schema\/logo\/image\/","url":"https:\/\/redealis.com.br\/integralis\/wp-content\/uploads\/sites\/3\/2023\/08\/layout-logo-alt-1-1.png","contentUrl":"https:\/\/redealis.com.br\/integralis\/wp-content\/uploads\/sites\/3\/2023\/08\/layout-logo-alt-1-1.png","width":696,"height":696,"caption":"Integrális - Rede Ális"},"image":{"@id":"https:\/\/redealis.com.br\/integralis\/#\/schema\/logo\/image\/"},"sameAs":["https:\/\/www.facebook.com\/integralisbrasil","https:\/\/www.instagram.com\/integralisbrasil"]}]}</script>
<!-- / Yoast SEO plugin. -->

Janaina Fernandes | Integrális

erapeuta Ocupacional, Graduada pela UFPE - Recife com diversos cursos voltados a sua área de conhecimento técnico

Integrális

Equipe Médica

Integrális - Rede Ális
