{"id":608,"date":"2023-07-31T11:32:12","date_gmt":"2023-07-31T14:32:12","guid":{"rendered":"https:\/\/redealis.com.br\/integralis\/?post_type=equipe-medica&#038;p=608"},"modified":"2024-05-08T12:09:24","modified_gmt":"2024-05-08T15:09:24","slug":"caroline-matos-2","status":"publish","type":"equipe-medica","link":"https:\/\/redealis.com.br\/integralis\/equipe-medica\/caroline-matos-2\/","title":{"rendered":"Caroline Matos"},"content":{"rendered":"<p>Caroline Matos \u00e9 terapeuta ocupacional graduada pela UFPE, com especializa\u00e7\u00e3o em Sa\u00fade da Fam\u00edlia e mestrado em Gest\u00e3o da Sa\u00fade, ambos tamb\u00e9m pela UFPE. Suas qualifica\u00e7\u00f5es abrangem uma certifica\u00e7\u00e3o internacional em Integra\u00e7\u00e3o Sensorial, Terapia ABA, Bandagem Neuropedi\u00e1trica e Seletividade Alimentar.<\/p>\n<p>Motivada pelo desejo de construir uma sociedade mais inclusiva e ajudar as fam\u00edlias a enfrentarem suas dificuldades, Caroline escolheu esta \u00e1rea. Sua empatia, dedica\u00e7\u00e3o e compromisso com o estudo cont\u00ednuo s\u00e3o fundamentais para nossa miss\u00e3o de oferecer um cuidado de sa\u00fade integral e humanizado para todos.<\/p>\n","protected":false},"excerpt":{"rendered":"<p>Caroline Matos \u00e9 terapeuta ocupacional graduada pela UFPE, com especializa\u00e7\u00e3o em Sa\u00fade da Fam\u00edlia e mestrado em Gest\u00e3o da Sa\u00fade, ambos tamb\u00e9m pela UFPE. Suas qualifica\u00e7\u00f5es abrangem uma certifica\u00e7\u00e3o internacional em Integra\u00e7\u00e3o Sensorial, Terapia ABA, Bandagem Neuropedi\u00e1trica e Seletividade Alimentar. Motivada pelo desejo de construir uma sociedade mais inclusiva e ajudar as fam\u00edlias a enfrentarem [&hellip;]<\/p>\n","protected":false},"featured_media":1004,"template":"","categoria-medico":[14],"forma-de-tratamento":[],"class_list":["post-608","equipe-medica","type-equipe-medica","status-publish","has-post-thumbnail","hentry","categoria-medico-terapeuta-ocupacional"],"acf":[],"yoast_head":"<!-- This site is optimized with the Yoast SEO plugin v27.3 - https:\/\/yoast.com\/product\/yoast-seo-wordpress\/ -->\n<title>Caroline Matos | Integr\u00e1lis<\/title>\n<meta name=\"description\" content=\"terapeuta ocupacional formada pela UFPE, especialista em Sa\u00fade da Fam\u00edlia e mestre em Gest\u00e3o da Sa\u00fade tamb\u00e9m pela UFPE.\" \/>\n<meta name=\"robots\" content=\"index, follow, max-snippet:-1, max-image-preview:large, max-video-preview:-1\" \/>\n<link rel=\"canonical\" href=\"https:\/\/redealis.com.br\/integralis\/equipe-medica\/caroline-matos-2\/\" \/>\n<meta property=\"og:locale\" content=\"pt_BR\" \/>\n<meta property=\"og:type\" content=\"article\" \/>\n<meta property=\"og:title\" content=\"Caroline Matos | Integr\u00e1lis\" \/>\n<meta property=\"og:description\" content=\"terapeuta ocupacional formada pela UFPE, especialista em Sa\u00fade da Fam\u00edlia e mestre em Gest\u00e3o da Sa\u00fade tamb\u00e9m pela UFPE.\" \/>\n<meta property=\"og:url\" content=\"https:\/\/redealis.com.br\/integralis\/equipe-medica\/caroline-matos-2\/\" \/>\n<meta property=\"og:site_name\" content=\"Integr\u00e1lis\" \/>\n<meta property=\"article:publisher\" content=\"https:\/\/www.facebook.com\/integralisbrasil\" \/>\n<meta property=\"article:modified_time\" content=\"2024-05-08T15:09:24+00:00\" \/>\n<meta property=\"og:image\" content=\"https:\/\/redealis.com.br\/integralis\/wp-content\/uploads\/sites\/3\/2023\/07\/CAROLINE-MATOS-683x1024.jpg\" \/>\n\t<meta property=\"og:image:width\" content=\"683\" \/>\n\t<meta property=\"og:image:height\" content=\"1024\" \/>\n\t<meta property=\"og:image:type\" content=\"image\/jpeg\" \/>\n<meta name=\"twitter:card\" content=\"summary_large_image\" \/>\n<meta name=\"twitter:label1\" content=\"Est. tempo de leitura\" \/>\n\t<meta name=\"twitter:data1\" content=\"1 minuto\" \/>\n<script type=\"application\/ld+json\" class=\"yoast-schema-graph\">{\"@context\":\"https:\\\/\\\/schema.org\",\"@graph\":[{\"@type\":\"WebPage\",\"@id\":\"https:\\\/\\\/redealis.com.br\\\/integralis\\\/equipe-medica\\\/caroline-matos-2\\\/\",\"url\":\"https:\\\/\\\/redealis.com.br\\\/integralis\\\/equipe-medica\\\/caroline-matos-2\\\/\",\"name\":\"Caroline Matos | Integr\u00e1lis\",\"isPartOf\":{\"@id\":\"https:\\\/\\\/redealis.com.br\\\/integralis\\\/#website\"},\"primaryImageOfPage\":{\"@id\":\"https:\\\/\\\/redealis.com.br\\\/integralis\\\/equipe-medica\\\/caroline-matos-2\\\/#primaryimage\"},\"image\":{\"@id\":\"https:\\\/\\\/redealis.com.br\\\/integralis\\\/equipe-medica\\\/caroline-matos-2\\\/#primaryimage\"},\"thumbnailUrl\":\"https:\\\/\\\/redealis.com.br\\\/integralis\\\/wp-content\\\/uploads\\\/sites\\\/3\\\/2023\\\/07\\\/CAROLINE-MATOS.jpg\",\"datePublished\":\"2023-07-31T14:32:12+00:00\",\"dateModified\":\"2024-05-08T15:09:24+00:00\",\"description\":\"terapeuta ocupacional formada pela UFPE, especialista em Sa\u00fade da Fam\u00edlia e mestre em Gest\u00e3o da Sa\u00fade tamb\u00e9m pela UFPE.\",\"breadcrumb\":{\"@id\":\"https:\\\/\\\/redealis.com.br\\\/integralis\\\/equipe-medica\\\/caroline-matos-2\\\/#breadcrumb\"},\"inLanguage\":\"pt-BR\",\"potentialAction\":[{\"@type\":\"ReadAction\",\"target\":[\"https:\\\/\\\/redealis.com.br\\\/integralis\\\/equipe-medica\\\/caroline-matos-2\\\/\"]}]},{\"@type\":\"ImageObject\",\"inLanguage\":\"pt-BR\",\"@id\":\"https:\\\/\\\/redealis.com.br\\\/integralis\\\/equipe-medica\\\/caroline-matos-2\\\/#primaryimage\",\"url\":\"https:\\\/\\\/redealis.com.br\\\/integralis\\\/wp-content\\\/uploads\\\/sites\\\/3\\\/2023\\\/07\\\/CAROLINE-MATOS.jpg\",\"contentUrl\":\"https:\\\/\\\/redealis.com.br\\\/integralis\\\/wp-content\\\/uploads\\\/sites\\\/3\\\/2023\\\/07\\\/CAROLINE-MATOS.jpg\",\"width\":1667,\"height\":2500},{\"@type\":\"BreadcrumbList\",\"@id\":\"https:\\\/\\\/redealis.com.br\\\/integralis\\\/equipe-medica\\\/caroline-matos-2\\\/#breadcrumb\",\"itemListElement\":[{\"@type\":\"ListItem\",\"position\":1,\"name\":\"home\",\"item\":\"https:\\\/\\\/redealis.com.br\\\/integralis\\\/\"},{\"@type\":\"ListItem\",\"position\":2,\"name\":\"Equipe M\u00e9dica\",\"item\":\"https:\\\/\\\/redealis.com.br\\\/integralis\\\/equipe-medica\\\/\"},{\"@type\":\"ListItem\",\"position\":3,\"name\":\"Caroline Matos\"}]},{\"@type\":\"WebSite\",\"@id\":\"https:\\\/\\\/redealis.com.br\\\/integralis\\\/#website\",\"url\":\"https:\\\/\\\/redealis.com.br\\\/integralis\\\/\",\"name\":\"Integr\u00e1lis\",\"description\":\"\",\"publisher\":{\"@id\":\"https:\\\/\\\/redealis.com.br\\\/integralis\\\/#organization\"},\"alternateName\":\"Integr\u00e1lis\",\"potentialAction\":[{\"@type\":\"SearchAction\",\"target\":{\"@type\":\"EntryPoint\",\"urlTemplate\":\"https:\\\/\\\/redealis.com.br\\\/integralis\\\/?s={search_term_string}\"},\"query-input\":{\"@type\":\"PropertyValueSpecification\",\"valueRequired\":true,\"valueName\":\"search_term_string\"}}],\"inLanguage\":\"pt-BR\"},{\"@type\":\"Organization\",\"@id\":\"https:\\\/\\\/redealis.com.br\\\/integralis\\\/#organization\",\"name\":\"Integr\u00e1lis - Rede \u00c1lis\",\"alternateName\":\"Integr\u00e1lis\",\"url\":\"https:\\\/\\\/redealis.com.br\\\/integralis\\\/\",\"logo\":{\"@type\":\"ImageObject\",\"inLanguage\":\"pt-BR\",\"@id\":\"https:\\\/\\\/redealis.com.br\\\/integralis\\\/#\\\/schema\\\/logo\\\/image\\\/\",\"url\":\"https:\\\/\\\/redealis.com.br\\\/integralis\\\/wp-content\\\/uploads\\\/sites\\\/3\\\/2023\\\/08\\\/layout-logo-alt-1-1.png\",\"contentUrl\":\"https:\\\/\\\/redealis.com.br\\\/integralis\\\/wp-content\\\/uploads\\\/sites\\\/3\\\/2023\\\/08\\\/layout-logo-alt-1-1.png\",\"width\":696,\"height\":696,\"caption\":\"Integr\u00e1lis - Rede \u00c1lis\"},\"image\":{\"@id\":\"https:\\\/\\\/redealis.com.br\\\/integralis\\\/#\\\/schema\\\/logo\\\/image\\\/\"},\"sameAs\":[\"https:\\\/\\\/www.facebook.com\\\/integralisbrasil\",\"https:\\\/\\\/www.instagram.com\\\/integralisbrasil\"]}]}<\/script>\n<!-- \/ Yoast SEO plugin. -->","yoast_head_json":{"title":"Caroline Matos | Integr\u00e1lis","description":"terapeuta ocupacional formada pela UFPE, especialista em Sa\u00fade da Fam\u00edlia e mestre em Gest\u00e3o da Sa\u00fade tamb\u00e9m pela UFPE.","robots":{"index":"index","follow":"follow","max-snippet":"max-snippet:-1","max-image-preview":"max-image-preview:large","max-video-preview":"max-video-preview:-1"},"canonical":"https:\/\/redealis.com.br\/integralis\/equipe-medica\/caroline-matos-2\/","og_locale":"pt_BR","og_type":"article","og_title":"Caroline Matos | Integr\u00e1lis","og_description":"terapeuta ocupacional formada pela UFPE, especialista em Sa\u00fade da Fam\u00edlia e mestre em Gest\u00e3o da Sa\u00fade tamb\u00e9m pela UFPE.","og_url":"https:\/\/redealis.com.br\/integralis\/equipe-medica\/caroline-matos-2\/","og_site_name":"Integr\u00e1lis","article_publisher":"https:\/\/www.facebook.com\/integralisbrasil","article_modified_time":"2024-05-08T15:09:24+00:00","og_image":[{"width":683,"height":1024,"url":"https:\/\/redealis.com.br\/integralis\/wp-content\/uploads\/sites\/3\/2023\/07\/CAROLINE-MATOS-683x1024.jpg","type":"image\/jpeg"}],"twitter_card":"summary_large_image","twitter_misc":{"Est. tempo de leitura":"1 minuto"},"schema":{"@context":"https:\/\/schema.org","@graph":[{"@type":"WebPage","@id":"https:\/\/redealis.com.br\/integralis\/equipe-medica\/caroline-matos-2\/","url":"https:\/\/redealis.com.br\/integralis\/equipe-medica\/caroline-matos-2\/","name":"Caroline Matos | Integr\u00e1lis","isPartOf":{"@id":"https:\/\/redealis.com.br\/integralis\/#website"},"primaryImageOfPage":{"@id":"https:\/\/redealis.com.br\/integralis\/equipe-medica\/caroline-matos-2\/#primaryimage"},"image":{"@id":"https:\/\/redealis.com.br\/integralis\/equipe-medica\/caroline-matos-2\/#primaryimage"},"thumbnailUrl":"https:\/\/redealis.com.br\/integralis\/wp-content\/uploads\/sites\/3\/2023\/07\/CAROLINE-MATOS.jpg","datePublished":"2023-07-31T14:32:12+00:00","dateModified":"2024-05-08T15:09:24+00:00","description":"terapeuta ocupacional formada pela UFPE, especialista em Sa\u00fade da Fam\u00edlia e mestre em Gest\u00e3o da Sa\u00fade tamb\u00e9m pela UFPE.","breadcrumb":{"@id":"https:\/\/redealis.com.br\/integralis\/equipe-medica\/caroline-matos-2\/#breadcrumb"},"inLanguage":"pt-BR","potentialAction":[{"@type":"ReadAction","target":["https:\/\/redealis.com.br\/integralis\/equipe-medica\/caroline-matos-2\/"]}]},{"@type":"ImageObject","inLanguage":"pt-BR","@id":"https:\/\/redealis.com.br\/integralis\/equipe-medica\/caroline-matos-2\/#primaryimage","url":"https:\/\/redealis.com.br\/integralis\/wp-content\/uploads\/sites\/3\/2023\/07\/CAROLINE-MATOS.jpg","contentUrl":"https:\/\/redealis.com.br\/integralis\/wp-content\/uploads\/sites\/3\/2023\/07\/CAROLINE-MATOS.jpg","width":1667,"height":2500},{"@type":"BreadcrumbList","@id":"https:\/\/redealis.com.br\/integralis\/equipe-medica\/caroline-matos-2\/#breadcrumb","itemListElement":[{"@type":"ListItem","position":1,"name":"home","item":"https:\/\/redealis.com.br\/integralis\/"},{"@type":"ListItem","position":2,"name":"Equipe M\u00e9dica","item":"https:\/\/redealis.com.br\/integralis\/equipe-medica\/"},{"@type":"ListItem","position":3,"name":"Caroline Matos"}]},{"@type":"WebSite","@id":"https:\/\/redealis.com.br\/integralis\/#website","url":"https:\/\/redealis.com.br\/integralis\/","name":"Integr\u00e1lis","description":"","publisher":{"@id":"https:\/\/redealis.com.br\/integralis\/#organization"},"alternateName":"Integr\u00e1lis","potentialAction":[{"@type":"SearchAction","target":{"@type":"EntryPoint","urlTemplate":"https:\/\/redealis.com.br\/integralis\/?s={search_term_string}"},"query-input":{"@type":"PropertyValueSpecification","valueRequired":true,"valueName":"search_term_string"}}],"inLanguage":"pt-BR"},{"@type":"Organization","@id":"https:\/\/redealis.com.br\/integralis\/#organization","name":"Integr\u00e1lis - Rede \u00c1lis","alternateName":"Integr\u00e1lis","url":"https:\/\/redealis.com.br\/integralis\/","logo":{"@type":"ImageObject","inLanguage":"pt-BR","@id":"https:\/\/redealis.com.br\/integralis\/#\/schema\/logo\/image\/","url":"https:\/\/redealis.com.br\/integralis\/wp-content\/uploads\/sites\/3\/2023\/08\/layout-logo-alt-1-1.png","contentUrl":"https:\/\/redealis.com.br\/integralis\/wp-content\/uploads\/sites\/3\/2023\/08\/layout-logo-alt-1-1.png","width":696,"height":696,"caption":"Integr\u00e1lis - Rede \u00c1lis"},"image":{"@id":"https:\/\/redealis.com.br\/integralis\/#\/schema\/logo\/image\/"},"sameAs":["https:\/\/www.facebook.com\/integralisbrasil","https:\/\/www.instagram.com\/integralisbrasil"]}]}},"_links":{"self":[{"href":"https:\/\/redealis.com.br\/integralis\/wp-json\/wp\/v2\/equipe-medica\/608","targetHints":{"allow":["GET"]}}],"collection":[{"href":"https:\/\/redealis.com.br\/integralis\/wp-json\/wp\/v2\/equipe-medica"}],"about":[{"href":"https:\/\/redealis.com.br\/integralis\/wp-json\/wp\/v2\/types\/equipe-medica"}],"wp:featuredmedia":[{"embeddable":true,"href":"https:\/\/redealis.com.br\/integralis\/wp-json\/wp\/v2\/media\/1004"}],"wp:attachment":[{"href":"https:\/\/redealis.com.br\/integralis\/wp-json\/wp\/v2\/media?parent=608"}],"wp:term":[{"taxonomy":"categoria-medico","embeddable":true,"href":"https:\/\/redealis.com.br\/integralis\/wp-json\/wp\/v2\/categoria-medico?post=608"},{"taxonomy":"forma-de-tratamento","embeddable":true,"href":"https:\/\/redealis.com.br\/integralis\/wp-json\/wp\/v2\/forma-de-tratamento?post=608"}],"curies":[{"name":"wp","href":"https:\/\/api.w.org\/{rel}","templated":true}]}}

<p>Caroline Matos é terapeuta ocupacional graduada pela UFPE, com especialização em Saúde da Família e mestrado em Gestão da Saúde, ambos também pela UFPE. Suas qualificações abrangem uma certificação internacional em Integração Sensorial, Terapia ABA, Bandagem Neuropediátrica e Seletividade Alimentar.</p>
<p>Motivada pelo desejo de construir uma sociedade mais inclusiva e ajudar as famílias a enfrentarem suas dificuldades, Caroline escolheu esta área. Sua empatia, dedicação e compromisso com o estudo contínuo são fundamentais para nossa missão de oferecer um cuidado de saúde integral e humanizado para todos.</p>

<p>Caroline Matos é terapeuta ocupacional graduada pela UFPE, com especialização em Saúde da Família e mestrado em Gestão da Saúde, ambos também pela UFPE. Suas qualificações abrangem uma certificação internacional em Integração Sensorial, Terapia ABA, Bandagem Neuropediátrica e Seletividade Alimentar. Motivada pelo desejo de construir uma sociedade mais inclusiva e ajudar as famílias a enfrentarem [&hellip;]</p>

<!-- This site is optimized with the Yoast SEO plugin v27.3 - https://yoast.com/product/yoast-seo-wordpress/ -->
<title>Caroline Matos | Integrális</title>
<meta name="description" content="terapeuta ocupacional formada pela UFPE, especialista em Saúde da Família e mestre em Gestão da Saúde também pela UFPE." />
<meta name="robots" content="index, follow, max-snippet:-1, max-image-preview:large, max-video-preview:-1" />
<link rel="canonical" href="https://redealis.com.br/integralis/equipe-medica/caroline-matos-2/" />
<meta property="og:locale" content="pt_BR" />
<meta property="og:type" content="article" />
<meta property="og:title" content="Caroline Matos | Integrális" />
<meta property="og:description" content="terapeuta ocupacional formada pela UFPE, especialista em Saúde da Família e mestre em Gestão da Saúde também pela UFPE." />
<meta property="og:url" content="https://redealis.com.br/integralis/equipe-medica/caroline-matos-2/" />
<meta property="og:site_name" content="Integrális" />
<meta property="article:publisher" content="https://www.facebook.com/integralisbrasil" />
<meta property="article:modified_time" content="2024-05-08T15:09:24+00:00" />
<meta property="og:image" content="https://redealis.com.br/integralis/wp-content/uploads/sites/3/2023/07/CAROLINE-MATOS-683x1024.jpg" />
	<meta property="og:image:width" content="683" />
	<meta property="og:image:height" content="1024" />
	<meta property="og:image:type" content="image/jpeg" />
<meta name="twitter:card" content="summary_large_image" />
<meta name="twitter:label1" content="Est. tempo de leitura" />
	<meta name="twitter:data1" content="1 minuto" />
<script type="application/ld+json" class="yoast-schema-graph">{"@context":"https:\/\/schema.org","@graph":[{"@type":"WebPage","@id":"https:\/\/redealis.com.br\/integralis\/equipe-medica\/caroline-matos-2\/","url":"https:\/\/redealis.com.br\/integralis\/equipe-medica\/caroline-matos-2\/","name":"Caroline Matos | Integrális","isPartOf":{"@id":"https:\/\/redealis.com.br\/integralis\/#website"},"primaryImageOfPage":{"@id":"https:\/\/redealis.com.br\/integralis\/equipe-medica\/caroline-matos-2\/#primaryimage"},"image":{"@id":"https:\/\/redealis.com.br\/integralis\/equipe-medica\/caroline-matos-2\/#primaryimage"},"thumbnailUrl":"https:\/\/redealis.com.br\/integralis\/wp-content\/uploads\/sites\/3\/2023\/07\/CAROLINE-MATOS.jpg","datePublished":"2023-07-31T14:32:12+00:00","dateModified":"2024-05-08T15:09:24+00:00","description":"terapeuta ocupacional formada pela UFPE, especialista em Saúde da Família e mestre em Gestão da Saúde também pela UFPE.","breadcrumb":{"@id":"https:\/\/redealis.com.br\/integralis\/equipe-medica\/caroline-matos-2\/#breadcrumb"},"inLanguage":"pt-BR","potentialAction":[{"@type":"ReadAction","target":["https:\/\/redealis.com.br\/integralis\/equipe-medica\/caroline-matos-2\/"]}]},{"@type":"ImageObject","inLanguage":"pt-BR","@id":"https:\/\/redealis.com.br\/integralis\/equipe-medica\/caroline-matos-2\/#primaryimage","url":"https:\/\/redealis.com.br\/integralis\/wp-content\/uploads\/sites\/3\/2023\/07\/CAROLINE-MATOS.jpg","contentUrl":"https:\/\/redealis.com.br\/integralis\/wp-content\/uploads\/sites\/3\/2023\/07\/CAROLINE-MATOS.jpg","width":1667,"height":2500},{"@type":"BreadcrumbList","@id":"https:\/\/redealis.com.br\/integralis\/equipe-medica\/caroline-matos-2\/#breadcrumb","itemListElement":[{"@type":"ListItem","position":1,"name":"home","item":"https:\/\/redealis.com.br\/integralis\/"},{"@type":"ListItem","position":2,"name":"Equipe Médica","item":"https:\/\/redealis.com.br\/integralis\/equipe-medica\/"},{"@type":"ListItem","position":3,"name":"Caroline Matos"}]},{"@type":"WebSite","@id":"https:\/\/redealis.com.br\/integralis\/#website","url":"https:\/\/redealis.com.br\/integralis\/","name":"Integrális","description":"","publisher":{"@id":"https:\/\/redealis.com.br\/integralis\/#organization"},"alternateName":"Integrális","potentialAction":[{"@type":"SearchAction","target":{"@type":"EntryPoint","urlTemplate":"https:\/\/redealis.com.br\/integralis\/?s={search_term_string}"},"query-input":{"@type":"PropertyValueSpecification","valueRequired":true,"valueName":"search_term_string"}}],"inLanguage":"pt-BR"},{"@type":"Organization","@id":"https:\/\/redealis.com.br\/integralis\/#organization","name":"Integrális - Rede Ális","alternateName":"Integrális","url":"https:\/\/redealis.com.br\/integralis\/","logo":{"@type":"ImageObject","inLanguage":"pt-BR","@id":"https:\/\/redealis.com.br\/integralis\/#\/schema\/logo\/image\/","url":"https:\/\/redealis.com.br\/integralis\/wp-content\/uploads\/sites\/3\/2023\/08\/layout-logo-alt-1-1.png","contentUrl":"https:\/\/redealis.com.br\/integralis\/wp-content\/uploads\/sites\/3\/2023\/08\/layout-logo-alt-1-1.png","width":696,"height":696,"caption":"Integrális - Rede Ális"},"image":{"@id":"https:\/\/redealis.com.br\/integralis\/#\/schema\/logo\/image\/"},"sameAs":["https:\/\/www.facebook.com\/integralisbrasil","https:\/\/www.instagram.com\/integralisbrasil"]}]}</script>
<!-- / Yoast SEO plugin. -->

Caroline Matos | Integrális

terapeuta ocupacional formada pela UFPE, especialista em Saúde da Família e mestre em Gestão da Saúde também pela UFPE.

Integrális

Equipe Médica

Integrális - Rede Ális
