{"id":538,"date":"2023-06-19T16:07:40","date_gmt":"2023-06-19T19:07:40","guid":{"rendered":"https:\/\/redealis.com.br\/integralis\/?post_type=equipe-medica&#038;p=538"},"modified":"2024-05-08T13:08:21","modified_gmt":"2024-05-08T16:08:21","slug":"jessica-silva","status":"publish","type":"equipe-medica","link":"https:\/\/redealis.com.br\/integralis\/equipe-medica\/jessica-silva\/","title":{"rendered":"J\u00e9ssica Driely"},"content":{"rendered":"<p>J\u00e9ssica Driely \u00e9 uma psic\u00f3loga com forma\u00e7\u00e3o em Terapia Cognitivo-Comportamental e prestes a concluir sua especializa\u00e7\u00e3o em Neuropsicologia. Para ela, a escolha pela psicologia foi natural, pois reconhece que a constru\u00e7\u00e3o do mundo e de n\u00f3s mesmos \u00e9 intrinsecamente ligada \u00e0s rela\u00e7\u00f5es que estabelecemos com os outros. Ela entende que alinhar os diversos valores presentes em nossas vidas pode ser desafiador e complexo. Por isso, J\u00e9ssica adota uma abordagem hol\u00edstica, reconhecendo a multiplicidade de perspectivas e possibilidades que comp\u00f5em a experi\u00eancia humana. Sua vis\u00e3o ampla e sua disposi\u00e7\u00e3o para explorar diferentes \u00e2ngulos fazem dela uma profissional comprometida em oferecer suporte abrangente e sens\u00edvel aos seus clientes, ajudando-os a explorar e navegar por esse rico e complexo mundo de possibilidades.<\/p>\n","protected":false},"excerpt":{"rendered":"<p>J\u00e9ssica Driely \u00e9 uma psic\u00f3loga com forma\u00e7\u00e3o em Terapia Cognitivo-Comportamental e prestes a concluir sua especializa\u00e7\u00e3o em Neuropsicologia. Para ela, a escolha pela psicologia foi natural, pois reconhece que a constru\u00e7\u00e3o do mundo e de n\u00f3s mesmos \u00e9 intrinsecamente ligada \u00e0s rela\u00e7\u00f5es que estabelecemos com os outros. Ela entende que alinhar os diversos valores presentes [&hellip;]<\/p>\n","protected":false},"featured_media":1014,"template":"","categoria-medico":[13],"forma-de-tratamento":[],"class_list":["post-538","equipe-medica","type-equipe-medica","status-publish","has-post-thumbnail","hentry","categoria-medico-psicologa"],"acf":[],"yoast_head":"<!-- This site is optimized with the Yoast SEO plugin v27.3 - https:\/\/yoast.com\/product\/yoast-seo-wordpress\/ -->\n<title>J\u00e9ssica Driely | Integr\u00e1lis<\/title>\n<meta name=\"description\" content=\"Sou J\u00e9ssica Driely A. Silva, psic\u00f3loga com forma\u00e7\u00e3o em Terapia Cognitivo-Comportamental e concluinte da especializa\u00e7\u00e3o em Neuropsicologia.Escolhi\" \/>\n<meta name=\"robots\" content=\"index, follow, max-snippet:-1, max-image-preview:large, max-video-preview:-1\" \/>\n<link rel=\"canonical\" href=\"https:\/\/redealis.com.br\/integralis\/equipe-medica\/jessica-silva\/\" \/>\n<meta property=\"og:locale\" content=\"pt_BR\" \/>\n<meta property=\"og:type\" content=\"article\" \/>\n<meta property=\"og:title\" content=\"J\u00e9ssica Driely | Integr\u00e1lis\" \/>\n<meta property=\"og:description\" content=\"Sou J\u00e9ssica Driely A. Silva, psic\u00f3loga com forma\u00e7\u00e3o em Terapia Cognitivo-Comportamental e concluinte da especializa\u00e7\u00e3o em Neuropsicologia.Escolhi\" \/>\n<meta property=\"og:url\" content=\"https:\/\/redealis.com.br\/integralis\/equipe-medica\/jessica-silva\/\" \/>\n<meta property=\"og:site_name\" content=\"Integr\u00e1lis\" \/>\n<meta property=\"article:publisher\" content=\"https:\/\/www.facebook.com\/integralisbrasil\" \/>\n<meta property=\"article:modified_time\" content=\"2024-05-08T16:08:21+00:00\" \/>\n<meta property=\"og:image\" content=\"https:\/\/redealis.com.br\/integralis\/wp-content\/uploads\/sites\/3\/2023\/06\/JESSICA-DRIELY-683x1024.jpg\" \/>\n\t<meta property=\"og:image:width\" content=\"683\" \/>\n\t<meta property=\"og:image:height\" content=\"1024\" \/>\n\t<meta property=\"og:image:type\" content=\"image\/jpeg\" \/>\n<meta name=\"twitter:card\" content=\"summary_large_image\" \/>\n<meta name=\"twitter:label1\" content=\"Est. tempo de leitura\" \/>\n\t<meta name=\"twitter:data1\" content=\"1 minuto\" \/>\n<script type=\"application\/ld+json\" class=\"yoast-schema-graph\">{\"@context\":\"https:\\\/\\\/schema.org\",\"@graph\":[{\"@type\":\"WebPage\",\"@id\":\"https:\\\/\\\/redealis.com.br\\\/integralis\\\/equipe-medica\\\/jessica-silva\\\/\",\"url\":\"https:\\\/\\\/redealis.com.br\\\/integralis\\\/equipe-medica\\\/jessica-silva\\\/\",\"name\":\"J\u00e9ssica Driely | Integr\u00e1lis\",\"isPartOf\":{\"@id\":\"https:\\\/\\\/redealis.com.br\\\/integralis\\\/#website\"},\"primaryImageOfPage\":{\"@id\":\"https:\\\/\\\/redealis.com.br\\\/integralis\\\/equipe-medica\\\/jessica-silva\\\/#primaryimage\"},\"image\":{\"@id\":\"https:\\\/\\\/redealis.com.br\\\/integralis\\\/equipe-medica\\\/jessica-silva\\\/#primaryimage\"},\"thumbnailUrl\":\"https:\\\/\\\/redealis.com.br\\\/integralis\\\/wp-content\\\/uploads\\\/sites\\\/3\\\/2023\\\/06\\\/JESSICA-DRIELY.jpg\",\"datePublished\":\"2023-06-19T19:07:40+00:00\",\"dateModified\":\"2024-05-08T16:08:21+00:00\",\"description\":\"Sou J\u00e9ssica Driely A. Silva, psic\u00f3loga com forma\u00e7\u00e3o em Terapia Cognitivo-Comportamental e concluinte da especializa\u00e7\u00e3o em Neuropsicologia.Escolhi\",\"breadcrumb\":{\"@id\":\"https:\\\/\\\/redealis.com.br\\\/integralis\\\/equipe-medica\\\/jessica-silva\\\/#breadcrumb\"},\"inLanguage\":\"pt-BR\",\"potentialAction\":[{\"@type\":\"ReadAction\",\"target\":[\"https:\\\/\\\/redealis.com.br\\\/integralis\\\/equipe-medica\\\/jessica-silva\\\/\"]}]},{\"@type\":\"ImageObject\",\"inLanguage\":\"pt-BR\",\"@id\":\"https:\\\/\\\/redealis.com.br\\\/integralis\\\/equipe-medica\\\/jessica-silva\\\/#primaryimage\",\"url\":\"https:\\\/\\\/redealis.com.br\\\/integralis\\\/wp-content\\\/uploads\\\/sites\\\/3\\\/2023\\\/06\\\/JESSICA-DRIELY.jpg\",\"contentUrl\":\"https:\\\/\\\/redealis.com.br\\\/integralis\\\/wp-content\\\/uploads\\\/sites\\\/3\\\/2023\\\/06\\\/JESSICA-DRIELY.jpg\",\"width\":1667,\"height\":2500},{\"@type\":\"BreadcrumbList\",\"@id\":\"https:\\\/\\\/redealis.com.br\\\/integralis\\\/equipe-medica\\\/jessica-silva\\\/#breadcrumb\",\"itemListElement\":[{\"@type\":\"ListItem\",\"position\":1,\"name\":\"home\",\"item\":\"https:\\\/\\\/redealis.com.br\\\/integralis\\\/\"},{\"@type\":\"ListItem\",\"position\":2,\"name\":\"Equipe M\u00e9dica\",\"item\":\"https:\\\/\\\/redealis.com.br\\\/integralis\\\/equipe-medica\\\/\"},{\"@type\":\"ListItem\",\"position\":3,\"name\":\"J\u00e9ssica Driely\"}]},{\"@type\":\"WebSite\",\"@id\":\"https:\\\/\\\/redealis.com.br\\\/integralis\\\/#website\",\"url\":\"https:\\\/\\\/redealis.com.br\\\/integralis\\\/\",\"name\":\"Integr\u00e1lis\",\"description\":\"\",\"publisher\":{\"@id\":\"https:\\\/\\\/redealis.com.br\\\/integralis\\\/#organization\"},\"alternateName\":\"Integr\u00e1lis\",\"potentialAction\":[{\"@type\":\"SearchAction\",\"target\":{\"@type\":\"EntryPoint\",\"urlTemplate\":\"https:\\\/\\\/redealis.com.br\\\/integralis\\\/?s={search_term_string}\"},\"query-input\":{\"@type\":\"PropertyValueSpecification\",\"valueRequired\":true,\"valueName\":\"search_term_string\"}}],\"inLanguage\":\"pt-BR\"},{\"@type\":\"Organization\",\"@id\":\"https:\\\/\\\/redealis.com.br\\\/integralis\\\/#organization\",\"name\":\"Integr\u00e1lis - Rede \u00c1lis\",\"alternateName\":\"Integr\u00e1lis\",\"url\":\"https:\\\/\\\/redealis.com.br\\\/integralis\\\/\",\"logo\":{\"@type\":\"ImageObject\",\"inLanguage\":\"pt-BR\",\"@id\":\"https:\\\/\\\/redealis.com.br\\\/integralis\\\/#\\\/schema\\\/logo\\\/image\\\/\",\"url\":\"https:\\\/\\\/redealis.com.br\\\/integralis\\\/wp-content\\\/uploads\\\/sites\\\/3\\\/2023\\\/08\\\/layout-logo-alt-1-1.png\",\"contentUrl\":\"https:\\\/\\\/redealis.com.br\\\/integralis\\\/wp-content\\\/uploads\\\/sites\\\/3\\\/2023\\\/08\\\/layout-logo-alt-1-1.png\",\"width\":696,\"height\":696,\"caption\":\"Integr\u00e1lis - Rede \u00c1lis\"},\"image\":{\"@id\":\"https:\\\/\\\/redealis.com.br\\\/integralis\\\/#\\\/schema\\\/logo\\\/image\\\/\"},\"sameAs\":[\"https:\\\/\\\/www.facebook.com\\\/integralisbrasil\",\"https:\\\/\\\/www.instagram.com\\\/integralisbrasil\"]}]}<\/script>\n<!-- \/ Yoast SEO plugin. -->","yoast_head_json":{"title":"J\u00e9ssica Driely | Integr\u00e1lis","description":"Sou J\u00e9ssica Driely A. Silva, psic\u00f3loga com forma\u00e7\u00e3o em Terapia Cognitivo-Comportamental e concluinte da especializa\u00e7\u00e3o em Neuropsicologia.Escolhi","robots":{"index":"index","follow":"follow","max-snippet":"max-snippet:-1","max-image-preview":"max-image-preview:large","max-video-preview":"max-video-preview:-1"},"canonical":"https:\/\/redealis.com.br\/integralis\/equipe-medica\/jessica-silva\/","og_locale":"pt_BR","og_type":"article","og_title":"J\u00e9ssica Driely | Integr\u00e1lis","og_description":"Sou J\u00e9ssica Driely A. Silva, psic\u00f3loga com forma\u00e7\u00e3o em Terapia Cognitivo-Comportamental e concluinte da especializa\u00e7\u00e3o em Neuropsicologia.Escolhi","og_url":"https:\/\/redealis.com.br\/integralis\/equipe-medica\/jessica-silva\/","og_site_name":"Integr\u00e1lis","article_publisher":"https:\/\/www.facebook.com\/integralisbrasil","article_modified_time":"2024-05-08T16:08:21+00:00","og_image":[{"width":683,"height":1024,"url":"https:\/\/redealis.com.br\/integralis\/wp-content\/uploads\/sites\/3\/2023\/06\/JESSICA-DRIELY-683x1024.jpg","type":"image\/jpeg"}],"twitter_card":"summary_large_image","twitter_misc":{"Est. tempo de leitura":"1 minuto"},"schema":{"@context":"https:\/\/schema.org","@graph":[{"@type":"WebPage","@id":"https:\/\/redealis.com.br\/integralis\/equipe-medica\/jessica-silva\/","url":"https:\/\/redealis.com.br\/integralis\/equipe-medica\/jessica-silva\/","name":"J\u00e9ssica Driely | Integr\u00e1lis","isPartOf":{"@id":"https:\/\/redealis.com.br\/integralis\/#website"},"primaryImageOfPage":{"@id":"https:\/\/redealis.com.br\/integralis\/equipe-medica\/jessica-silva\/#primaryimage"},"image":{"@id":"https:\/\/redealis.com.br\/integralis\/equipe-medica\/jessica-silva\/#primaryimage"},"thumbnailUrl":"https:\/\/redealis.com.br\/integralis\/wp-content\/uploads\/sites\/3\/2023\/06\/JESSICA-DRIELY.jpg","datePublished":"2023-06-19T19:07:40+00:00","dateModified":"2024-05-08T16:08:21+00:00","description":"Sou J\u00e9ssica Driely A. Silva, psic\u00f3loga com forma\u00e7\u00e3o em Terapia Cognitivo-Comportamental e concluinte da especializa\u00e7\u00e3o em Neuropsicologia.Escolhi","breadcrumb":{"@id":"https:\/\/redealis.com.br\/integralis\/equipe-medica\/jessica-silva\/#breadcrumb"},"inLanguage":"pt-BR","potentialAction":[{"@type":"ReadAction","target":["https:\/\/redealis.com.br\/integralis\/equipe-medica\/jessica-silva\/"]}]},{"@type":"ImageObject","inLanguage":"pt-BR","@id":"https:\/\/redealis.com.br\/integralis\/equipe-medica\/jessica-silva\/#primaryimage","url":"https:\/\/redealis.com.br\/integralis\/wp-content\/uploads\/sites\/3\/2023\/06\/JESSICA-DRIELY.jpg","contentUrl":"https:\/\/redealis.com.br\/integralis\/wp-content\/uploads\/sites\/3\/2023\/06\/JESSICA-DRIELY.jpg","width":1667,"height":2500},{"@type":"BreadcrumbList","@id":"https:\/\/redealis.com.br\/integralis\/equipe-medica\/jessica-silva\/#breadcrumb","itemListElement":[{"@type":"ListItem","position":1,"name":"home","item":"https:\/\/redealis.com.br\/integralis\/"},{"@type":"ListItem","position":2,"name":"Equipe M\u00e9dica","item":"https:\/\/redealis.com.br\/integralis\/equipe-medica\/"},{"@type":"ListItem","position":3,"name":"J\u00e9ssica Driely"}]},{"@type":"WebSite","@id":"https:\/\/redealis.com.br\/integralis\/#website","url":"https:\/\/redealis.com.br\/integralis\/","name":"Integr\u00e1lis","description":"","publisher":{"@id":"https:\/\/redealis.com.br\/integralis\/#organization"},"alternateName":"Integr\u00e1lis","potentialAction":[{"@type":"SearchAction","target":{"@type":"EntryPoint","urlTemplate":"https:\/\/redealis.com.br\/integralis\/?s={search_term_string}"},"query-input":{"@type":"PropertyValueSpecification","valueRequired":true,"valueName":"search_term_string"}}],"inLanguage":"pt-BR"},{"@type":"Organization","@id":"https:\/\/redealis.com.br\/integralis\/#organization","name":"Integr\u00e1lis - Rede \u00c1lis","alternateName":"Integr\u00e1lis","url":"https:\/\/redealis.com.br\/integralis\/","logo":{"@type":"ImageObject","inLanguage":"pt-BR","@id":"https:\/\/redealis.com.br\/integralis\/#\/schema\/logo\/image\/","url":"https:\/\/redealis.com.br\/integralis\/wp-content\/uploads\/sites\/3\/2023\/08\/layout-logo-alt-1-1.png","contentUrl":"https:\/\/redealis.com.br\/integralis\/wp-content\/uploads\/sites\/3\/2023\/08\/layout-logo-alt-1-1.png","width":696,"height":696,"caption":"Integr\u00e1lis - Rede \u00c1lis"},"image":{"@id":"https:\/\/redealis.com.br\/integralis\/#\/schema\/logo\/image\/"},"sameAs":["https:\/\/www.facebook.com\/integralisbrasil","https:\/\/www.instagram.com\/integralisbrasil"]}]}},"_links":{"self":[{"href":"https:\/\/redealis.com.br\/integralis\/wp-json\/wp\/v2\/equipe-medica\/538","targetHints":{"allow":["GET"]}}],"collection":[{"href":"https:\/\/redealis.com.br\/integralis\/wp-json\/wp\/v2\/equipe-medica"}],"about":[{"href":"https:\/\/redealis.com.br\/integralis\/wp-json\/wp\/v2\/types\/equipe-medica"}],"wp:featuredmedia":[{"embeddable":true,"href":"https:\/\/redealis.com.br\/integralis\/wp-json\/wp\/v2\/media\/1014"}],"wp:attachment":[{"href":"https:\/\/redealis.com.br\/integralis\/wp-json\/wp\/v2\/media?parent=538"}],"wp:term":[{"taxonomy":"categoria-medico","embeddable":true,"href":"https:\/\/redealis.com.br\/integralis\/wp-json\/wp\/v2\/categoria-medico?post=538"},{"taxonomy":"forma-de-tratamento","embeddable":true,"href":"https:\/\/redealis.com.br\/integralis\/wp-json\/wp\/v2\/forma-de-tratamento?post=538"}],"curies":[{"name":"wp","href":"https:\/\/api.w.org\/{rel}","templated":true}]}}

Jéssica Driely

<p>Jéssica Driely é uma psicóloga com formação em Terapia Cognitivo-Comportamental e prestes a concluir sua especialização em Neuropsicologia. Para ela, a escolha pela psicologia foi natural, pois reconhece que a construção do mundo e de nós mesmos é intrinsecamente ligada às relações que estabelecemos com os outros. Ela entende que alinhar os diversos valores presentes em nossas vidas pode ser desafiador e complexo. Por isso, Jéssica adota uma abordagem holística, reconhecendo a multiplicidade de perspectivas e possibilidades que compõem a experiência humana. Sua visão ampla e sua disposição para explorar diferentes ângulos fazem dela uma profissional comprometida em oferecer suporte abrangente e sensível aos seus clientes, ajudando-os a explorar e navegar por esse rico e complexo mundo de possibilidades.</p>

<p>Jéssica Driely é uma psicóloga com formação em Terapia Cognitivo-Comportamental e prestes a concluir sua especialização em Neuropsicologia. Para ela, a escolha pela psicologia foi natural, pois reconhece que a construção do mundo e de nós mesmos é intrinsecamente ligada às relações que estabelecemos com os outros. Ela entende que alinhar os diversos valores presentes [&hellip;]</p>

<!-- This site is optimized with the Yoast SEO plugin v27.3 - https://yoast.com/product/yoast-seo-wordpress/ -->
<title>Jéssica Driely | Integrális</title>
<meta name="description" content="Sou Jéssica Driely A. Silva, psicóloga com formação em Terapia Cognitivo-Comportamental e concluinte da especialização em Neuropsicologia.Escolhi" />
<meta name="robots" content="index, follow, max-snippet:-1, max-image-preview:large, max-video-preview:-1" />
<link rel="canonical" href="https://redealis.com.br/integralis/equipe-medica/jessica-silva/" />
<meta property="og:locale" content="pt_BR" />
<meta property="og:type" content="article" />
<meta property="og:title" content="Jéssica Driely | Integrális" />
<meta property="og:description" content="Sou Jéssica Driely A. Silva, psicóloga com formação em Terapia Cognitivo-Comportamental e concluinte da especialização em Neuropsicologia.Escolhi" />
<meta property="og:url" content="https://redealis.com.br/integralis/equipe-medica/jessica-silva/" />
<meta property="og:site_name" content="Integrális" />
<meta property="article:publisher" content="https://www.facebook.com/integralisbrasil" />
<meta property="article:modified_time" content="2024-05-08T16:08:21+00:00" />
<meta property="og:image" content="https://redealis.com.br/integralis/wp-content/uploads/sites/3/2023/06/JESSICA-DRIELY-683x1024.jpg" />
	<meta property="og:image:width" content="683" />
	<meta property="og:image:height" content="1024" />
	<meta property="og:image:type" content="image/jpeg" />
<meta name="twitter:card" content="summary_large_image" />
<meta name="twitter:label1" content="Est. tempo de leitura" />
	<meta name="twitter:data1" content="1 minuto" />
<script type="application/ld+json" class="yoast-schema-graph">{"@context":"https:\/\/schema.org","@graph":[{"@type":"WebPage","@id":"https:\/\/redealis.com.br\/integralis\/equipe-medica\/jessica-silva\/","url":"https:\/\/redealis.com.br\/integralis\/equipe-medica\/jessica-silva\/","name":"Jéssica Driely | Integrális","isPartOf":{"@id":"https:\/\/redealis.com.br\/integralis\/#website"},"primaryImageOfPage":{"@id":"https:\/\/redealis.com.br\/integralis\/equipe-medica\/jessica-silva\/#primaryimage"},"image":{"@id":"https:\/\/redealis.com.br\/integralis\/equipe-medica\/jessica-silva\/#primaryimage"},"thumbnailUrl":"https:\/\/redealis.com.br\/integralis\/wp-content\/uploads\/sites\/3\/2023\/06\/JESSICA-DRIELY.jpg","datePublished":"2023-06-19T19:07:40+00:00","dateModified":"2024-05-08T16:08:21+00:00","description":"Sou Jéssica Driely A. Silva, psicóloga com formação em Terapia Cognitivo-Comportamental e concluinte da especialização em Neuropsicologia.Escolhi","breadcrumb":{"@id":"https:\/\/redealis.com.br\/integralis\/equipe-medica\/jessica-silva\/#breadcrumb"},"inLanguage":"pt-BR","potentialAction":[{"@type":"ReadAction","target":["https:\/\/redealis.com.br\/integralis\/equipe-medica\/jessica-silva\/"]}]},{"@type":"ImageObject","inLanguage":"pt-BR","@id":"https:\/\/redealis.com.br\/integralis\/equipe-medica\/jessica-silva\/#primaryimage","url":"https:\/\/redealis.com.br\/integralis\/wp-content\/uploads\/sites\/3\/2023\/06\/JESSICA-DRIELY.jpg","contentUrl":"https:\/\/redealis.com.br\/integralis\/wp-content\/uploads\/sites\/3\/2023\/06\/JESSICA-DRIELY.jpg","width":1667,"height":2500},{"@type":"BreadcrumbList","@id":"https:\/\/redealis.com.br\/integralis\/equipe-medica\/jessica-silva\/#breadcrumb","itemListElement":[{"@type":"ListItem","position":1,"name":"home","item":"https:\/\/redealis.com.br\/integralis\/"},{"@type":"ListItem","position":2,"name":"Equipe Médica","item":"https:\/\/redealis.com.br\/integralis\/equipe-medica\/"},{"@type":"ListItem","position":3,"name":"Jéssica Driely"}]},{"@type":"WebSite","@id":"https:\/\/redealis.com.br\/integralis\/#website","url":"https:\/\/redealis.com.br\/integralis\/","name":"Integrális","description":"","publisher":{"@id":"https:\/\/redealis.com.br\/integralis\/#organization"},"alternateName":"Integrális","potentialAction":[{"@type":"SearchAction","target":{"@type":"EntryPoint","urlTemplate":"https:\/\/redealis.com.br\/integralis\/?s={search_term_string}"},"query-input":{"@type":"PropertyValueSpecification","valueRequired":true,"valueName":"search_term_string"}}],"inLanguage":"pt-BR"},{"@type":"Organization","@id":"https:\/\/redealis.com.br\/integralis\/#organization","name":"Integrális - Rede Ális","alternateName":"Integrális","url":"https:\/\/redealis.com.br\/integralis\/","logo":{"@type":"ImageObject","inLanguage":"pt-BR","@id":"https:\/\/redealis.com.br\/integralis\/#\/schema\/logo\/image\/","url":"https:\/\/redealis.com.br\/integralis\/wp-content\/uploads\/sites\/3\/2023\/08\/layout-logo-alt-1-1.png","contentUrl":"https:\/\/redealis.com.br\/integralis\/wp-content\/uploads\/sites\/3\/2023\/08\/layout-logo-alt-1-1.png","width":696,"height":696,"caption":"Integrális - Rede Ális"},"image":{"@id":"https:\/\/redealis.com.br\/integralis\/#\/schema\/logo\/image\/"},"sameAs":["https:\/\/www.facebook.com\/integralisbrasil","https:\/\/www.instagram.com\/integralisbrasil"]}]}</script>
<!-- / Yoast SEO plugin. -->

Jéssica Driely | Integrális

Sou Jéssica Driely A. Silva, psicóloga com formação em Terapia Cognitivo-Comportamental e concluinte da especialização em Neuropsicologia.Escolhi

Integrális

Equipe Médica

Integrális - Rede Ális
