{"id":537,"date":"2023-06-19T16:06:48","date_gmt":"2023-06-19T19:06:48","guid":{"rendered":"https:\/\/redealis.com.br\/integralis\/?post_type=equipe-medica&#038;p=537"},"modified":"2024-10-10T13:11:58","modified_gmt":"2024-10-10T16:11:58","slug":"maria-carolina-ferreira-de-melo","status":"publish","type":"equipe-medica","link":"https:\/\/redealis.com.br\/integralis\/equipe-medica\/maria-carolina-ferreira-de-melo\/","title":{"rendered":"Maria Carolina Melo"},"content":{"rendered":"<p>Maria Carolina \u00e9 uma fonoaudi\u00f3loga graduada pela Universidade Federal de Pernambuco (UFPE). Sua escolha pela \u00e1rea foi impulsionada pela percep\u00e7\u00e3o da import\u00e2ncia vital da comunica\u00e7\u00e3o, voz, audi\u00e7\u00e3o, mastiga\u00e7\u00e3o, respira\u00e7\u00e3o e degluti\u00e7\u00e3o na vida de cada indiv\u00edduo. Atualmente, ela desempenha um papel crucial na equipe, oferecendo atendimento especializado a crian\u00e7as na unidade da Zona Sul.<\/p>\n<p>Seu olhar compassivo e humanizado em rela\u00e7\u00e3o aos pacientes \u00e9 um dos pilares que nos auxiliam em nosso compromisso de proporcionar uma sa\u00fade integral e humanizada a todos. Maria Carolina n\u00e3o apenas trata das necessidades fonoaudiol\u00f3gicas de seus pacientes, mas tamb\u00e9m os acolhe com empatia e dedica\u00e7\u00e3o, garantindo que cada indiv\u00edduo receba o cuidado personalizado de que necessita para prosperar.<\/p>\n","protected":false},"excerpt":{"rendered":"<p>Maria Carolina \u00e9 uma fonoaudi\u00f3loga graduada pela Universidade Federal de Pernambuco (UFPE). Sua escolha pela \u00e1rea foi impulsionada pela percep\u00e7\u00e3o da import\u00e2ncia vital da comunica\u00e7\u00e3o, voz, audi\u00e7\u00e3o, mastiga\u00e7\u00e3o, respira\u00e7\u00e3o e degluti\u00e7\u00e3o na vida de cada indiv\u00edduo. Atualmente, ela desempenha um papel crucial na equipe, oferecendo atendimento especializado a crian\u00e7as na unidade da Zona Sul. Seu [&hellip;]<\/p>\n","protected":false},"featured_media":1282,"template":"","categoria-medico":[12],"forma-de-tratamento":[],"class_list":["post-537","equipe-medica","type-equipe-medica","status-publish","has-post-thumbnail","hentry","categoria-medico-fonoaudiologa"],"acf":[],"yoast_head":"<!-- This site is optimized with the Yoast SEO plugin v27.3 - https:\/\/yoast.com\/product\/yoast-seo-wordpress\/ -->\n<title>Maria Carolina Melo | Integr\u00e1lis<\/title>\n<meta name=\"description\" content=\"fonoaudi\u00f3loga formada pela UFPE.\" \/>\n<meta name=\"robots\" content=\"index, follow, max-snippet:-1, max-image-preview:large, max-video-preview:-1\" \/>\n<link rel=\"canonical\" href=\"https:\/\/redealis.com.br\/integralis\/equipe-medica\/maria-carolina-ferreira-de-melo\/\" \/>\n<meta property=\"og:locale\" content=\"pt_BR\" \/>\n<meta property=\"og:type\" content=\"article\" \/>\n<meta property=\"og:title\" content=\"Maria Carolina Melo | Integr\u00e1lis\" \/>\n<meta property=\"og:description\" content=\"fonoaudi\u00f3loga formada pela UFPE.\" \/>\n<meta property=\"og:url\" content=\"https:\/\/redealis.com.br\/integralis\/equipe-medica\/maria-carolina-ferreira-de-melo\/\" \/>\n<meta property=\"og:site_name\" content=\"Integr\u00e1lis\" \/>\n<meta property=\"article:publisher\" content=\"https:\/\/www.facebook.com\/integralisbrasil\" \/>\n<meta property=\"article:modified_time\" content=\"2024-10-10T16:11:58+00:00\" \/>\n<meta property=\"og:image\" content=\"https:\/\/redealis.com.br\/integralis\/wp-content\/uploads\/sites\/3\/2024\/05\/MARIA-CAROLINA-scaled.jpeg\" \/>\n\t<meta property=\"og:image:width\" content=\"1962\" \/>\n\t<meta property=\"og:image:height\" content=\"2560\" \/>\n\t<meta property=\"og:image:type\" content=\"image\/jpeg\" \/>\n<meta name=\"twitter:card\" content=\"summary_large_image\" \/>\n<meta name=\"twitter:label1\" content=\"Est. tempo de leitura\" \/>\n\t<meta name=\"twitter:data1\" content=\"1 minuto\" \/>\n<script type=\"application\/ld+json\" class=\"yoast-schema-graph\">{\"@context\":\"https:\\\/\\\/schema.org\",\"@graph\":[{\"@type\":\"WebPage\",\"@id\":\"https:\\\/\\\/redealis.com.br\\\/integralis\\\/equipe-medica\\\/maria-carolina-ferreira-de-melo\\\/\",\"url\":\"https:\\\/\\\/redealis.com.br\\\/integralis\\\/equipe-medica\\\/maria-carolina-ferreira-de-melo\\\/\",\"name\":\"Maria Carolina Melo | Integr\u00e1lis\",\"isPartOf\":{\"@id\":\"https:\\\/\\\/redealis.com.br\\\/integralis\\\/#website\"},\"primaryImageOfPage\":{\"@id\":\"https:\\\/\\\/redealis.com.br\\\/integralis\\\/equipe-medica\\\/maria-carolina-ferreira-de-melo\\\/#primaryimage\"},\"image\":{\"@id\":\"https:\\\/\\\/redealis.com.br\\\/integralis\\\/equipe-medica\\\/maria-carolina-ferreira-de-melo\\\/#primaryimage\"},\"thumbnailUrl\":\"https:\\\/\\\/redealis.com.br\\\/integralis\\\/wp-content\\\/uploads\\\/sites\\\/3\\\/2024\\\/05\\\/MARIA-CAROLINA-scaled.jpeg\",\"datePublished\":\"2023-06-19T19:06:48+00:00\",\"dateModified\":\"2024-10-10T16:11:58+00:00\",\"description\":\"fonoaudi\u00f3loga formada pela UFPE.\",\"breadcrumb\":{\"@id\":\"https:\\\/\\\/redealis.com.br\\\/integralis\\\/equipe-medica\\\/maria-carolina-ferreira-de-melo\\\/#breadcrumb\"},\"inLanguage\":\"pt-BR\",\"potentialAction\":[{\"@type\":\"ReadAction\",\"target\":[\"https:\\\/\\\/redealis.com.br\\\/integralis\\\/equipe-medica\\\/maria-carolina-ferreira-de-melo\\\/\"]}]},{\"@type\":\"ImageObject\",\"inLanguage\":\"pt-BR\",\"@id\":\"https:\\\/\\\/redealis.com.br\\\/integralis\\\/equipe-medica\\\/maria-carolina-ferreira-de-melo\\\/#primaryimage\",\"url\":\"https:\\\/\\\/redealis.com.br\\\/integralis\\\/wp-content\\\/uploads\\\/sites\\\/3\\\/2024\\\/05\\\/MARIA-CAROLINA-scaled.jpeg\",\"contentUrl\":\"https:\\\/\\\/redealis.com.br\\\/integralis\\\/wp-content\\\/uploads\\\/sites\\\/3\\\/2024\\\/05\\\/MARIA-CAROLINA-scaled.jpeg\",\"width\":1962,\"height\":2560},{\"@type\":\"BreadcrumbList\",\"@id\":\"https:\\\/\\\/redealis.com.br\\\/integralis\\\/equipe-medica\\\/maria-carolina-ferreira-de-melo\\\/#breadcrumb\",\"itemListElement\":[{\"@type\":\"ListItem\",\"position\":1,\"name\":\"home\",\"item\":\"https:\\\/\\\/redealis.com.br\\\/integralis\\\/\"},{\"@type\":\"ListItem\",\"position\":2,\"name\":\"Equipe M\u00e9dica\",\"item\":\"https:\\\/\\\/redealis.com.br\\\/integralis\\\/equipe-medica\\\/\"},{\"@type\":\"ListItem\",\"position\":3,\"name\":\"Maria Carolina Melo\"}]},{\"@type\":\"WebSite\",\"@id\":\"https:\\\/\\\/redealis.com.br\\\/integralis\\\/#website\",\"url\":\"https:\\\/\\\/redealis.com.br\\\/integralis\\\/\",\"name\":\"Integr\u00e1lis\",\"description\":\"\",\"publisher\":{\"@id\":\"https:\\\/\\\/redealis.com.br\\\/integralis\\\/#organization\"},\"alternateName\":\"Integr\u00e1lis\",\"potentialAction\":[{\"@type\":\"SearchAction\",\"target\":{\"@type\":\"EntryPoint\",\"urlTemplate\":\"https:\\\/\\\/redealis.com.br\\\/integralis\\\/?s={search_term_string}\"},\"query-input\":{\"@type\":\"PropertyValueSpecification\",\"valueRequired\":true,\"valueName\":\"search_term_string\"}}],\"inLanguage\":\"pt-BR\"},{\"@type\":\"Organization\",\"@id\":\"https:\\\/\\\/redealis.com.br\\\/integralis\\\/#organization\",\"name\":\"Integr\u00e1lis - Rede \u00c1lis\",\"alternateName\":\"Integr\u00e1lis\",\"url\":\"https:\\\/\\\/redealis.com.br\\\/integralis\\\/\",\"logo\":{\"@type\":\"ImageObject\",\"inLanguage\":\"pt-BR\",\"@id\":\"https:\\\/\\\/redealis.com.br\\\/integralis\\\/#\\\/schema\\\/logo\\\/image\\\/\",\"url\":\"https:\\\/\\\/redealis.com.br\\\/integralis\\\/wp-content\\\/uploads\\\/sites\\\/3\\\/2023\\\/08\\\/layout-logo-alt-1-1.png\",\"contentUrl\":\"https:\\\/\\\/redealis.com.br\\\/integralis\\\/wp-content\\\/uploads\\\/sites\\\/3\\\/2023\\\/08\\\/layout-logo-alt-1-1.png\",\"width\":696,\"height\":696,\"caption\":\"Integr\u00e1lis - Rede \u00c1lis\"},\"image\":{\"@id\":\"https:\\\/\\\/redealis.com.br\\\/integralis\\\/#\\\/schema\\\/logo\\\/image\\\/\"},\"sameAs\":[\"https:\\\/\\\/www.facebook.com\\\/integralisbrasil\",\"https:\\\/\\\/www.instagram.com\\\/integralisbrasil\"]}]}<\/script>\n<!-- \/ Yoast SEO plugin. -->","yoast_head_json":{"title":"Maria Carolina Melo | Integr\u00e1lis","description":"fonoaudi\u00f3loga formada pela UFPE.","robots":{"index":"index","follow":"follow","max-snippet":"max-snippet:-1","max-image-preview":"max-image-preview:large","max-video-preview":"max-video-preview:-1"},"canonical":"https:\/\/redealis.com.br\/integralis\/equipe-medica\/maria-carolina-ferreira-de-melo\/","og_locale":"pt_BR","og_type":"article","og_title":"Maria Carolina Melo | Integr\u00e1lis","og_description":"fonoaudi\u00f3loga formada pela UFPE.","og_url":"https:\/\/redealis.com.br\/integralis\/equipe-medica\/maria-carolina-ferreira-de-melo\/","og_site_name":"Integr\u00e1lis","article_publisher":"https:\/\/www.facebook.com\/integralisbrasil","article_modified_time":"2024-10-10T16:11:58+00:00","og_image":[{"width":1962,"height":2560,"url":"https:\/\/redealis.com.br\/integralis\/wp-content\/uploads\/sites\/3\/2024\/05\/MARIA-CAROLINA-scaled.jpeg","type":"image\/jpeg"}],"twitter_card":"summary_large_image","twitter_misc":{"Est. tempo de leitura":"1 minuto"},"schema":{"@context":"https:\/\/schema.org","@graph":[{"@type":"WebPage","@id":"https:\/\/redealis.com.br\/integralis\/equipe-medica\/maria-carolina-ferreira-de-melo\/","url":"https:\/\/redealis.com.br\/integralis\/equipe-medica\/maria-carolina-ferreira-de-melo\/","name":"Maria Carolina Melo | Integr\u00e1lis","isPartOf":{"@id":"https:\/\/redealis.com.br\/integralis\/#website"},"primaryImageOfPage":{"@id":"https:\/\/redealis.com.br\/integralis\/equipe-medica\/maria-carolina-ferreira-de-melo\/#primaryimage"},"image":{"@id":"https:\/\/redealis.com.br\/integralis\/equipe-medica\/maria-carolina-ferreira-de-melo\/#primaryimage"},"thumbnailUrl":"https:\/\/redealis.com.br\/integralis\/wp-content\/uploads\/sites\/3\/2024\/05\/MARIA-CAROLINA-scaled.jpeg","datePublished":"2023-06-19T19:06:48+00:00","dateModified":"2024-10-10T16:11:58+00:00","description":"fonoaudi\u00f3loga formada pela UFPE.","breadcrumb":{"@id":"https:\/\/redealis.com.br\/integralis\/equipe-medica\/maria-carolina-ferreira-de-melo\/#breadcrumb"},"inLanguage":"pt-BR","potentialAction":[{"@type":"ReadAction","target":["https:\/\/redealis.com.br\/integralis\/equipe-medica\/maria-carolina-ferreira-de-melo\/"]}]},{"@type":"ImageObject","inLanguage":"pt-BR","@id":"https:\/\/redealis.com.br\/integralis\/equipe-medica\/maria-carolina-ferreira-de-melo\/#primaryimage","url":"https:\/\/redealis.com.br\/integralis\/wp-content\/uploads\/sites\/3\/2024\/05\/MARIA-CAROLINA-scaled.jpeg","contentUrl":"https:\/\/redealis.com.br\/integralis\/wp-content\/uploads\/sites\/3\/2024\/05\/MARIA-CAROLINA-scaled.jpeg","width":1962,"height":2560},{"@type":"BreadcrumbList","@id":"https:\/\/redealis.com.br\/integralis\/equipe-medica\/maria-carolina-ferreira-de-melo\/#breadcrumb","itemListElement":[{"@type":"ListItem","position":1,"name":"home","item":"https:\/\/redealis.com.br\/integralis\/"},{"@type":"ListItem","position":2,"name":"Equipe M\u00e9dica","item":"https:\/\/redealis.com.br\/integralis\/equipe-medica\/"},{"@type":"ListItem","position":3,"name":"Maria Carolina Melo"}]},{"@type":"WebSite","@id":"https:\/\/redealis.com.br\/integralis\/#website","url":"https:\/\/redealis.com.br\/integralis\/","name":"Integr\u00e1lis","description":"","publisher":{"@id":"https:\/\/redealis.com.br\/integralis\/#organization"},"alternateName":"Integr\u00e1lis","potentialAction":[{"@type":"SearchAction","target":{"@type":"EntryPoint","urlTemplate":"https:\/\/redealis.com.br\/integralis\/?s={search_term_string}"},"query-input":{"@type":"PropertyValueSpecification","valueRequired":true,"valueName":"search_term_string"}}],"inLanguage":"pt-BR"},{"@type":"Organization","@id":"https:\/\/redealis.com.br\/integralis\/#organization","name":"Integr\u00e1lis - Rede \u00c1lis","alternateName":"Integr\u00e1lis","url":"https:\/\/redealis.com.br\/integralis\/","logo":{"@type":"ImageObject","inLanguage":"pt-BR","@id":"https:\/\/redealis.com.br\/integralis\/#\/schema\/logo\/image\/","url":"https:\/\/redealis.com.br\/integralis\/wp-content\/uploads\/sites\/3\/2023\/08\/layout-logo-alt-1-1.png","contentUrl":"https:\/\/redealis.com.br\/integralis\/wp-content\/uploads\/sites\/3\/2023\/08\/layout-logo-alt-1-1.png","width":696,"height":696,"caption":"Integr\u00e1lis - Rede \u00c1lis"},"image":{"@id":"https:\/\/redealis.com.br\/integralis\/#\/schema\/logo\/image\/"},"sameAs":["https:\/\/www.facebook.com\/integralisbrasil","https:\/\/www.instagram.com\/integralisbrasil"]}]}},"_links":{"self":[{"href":"https:\/\/redealis.com.br\/integralis\/wp-json\/wp\/v2\/equipe-medica\/537","targetHints":{"allow":["GET"]}}],"collection":[{"href":"https:\/\/redealis.com.br\/integralis\/wp-json\/wp\/v2\/equipe-medica"}],"about":[{"href":"https:\/\/redealis.com.br\/integralis\/wp-json\/wp\/v2\/types\/equipe-medica"}],"wp:featuredmedia":[{"embeddable":true,"href":"https:\/\/redealis.com.br\/integralis\/wp-json\/wp\/v2\/media\/1282"}],"wp:attachment":[{"href":"https:\/\/redealis.com.br\/integralis\/wp-json\/wp\/v2\/media?parent=537"}],"wp:term":[{"taxonomy":"categoria-medico","embeddable":true,"href":"https:\/\/redealis.com.br\/integralis\/wp-json\/wp\/v2\/categoria-medico?post=537"},{"taxonomy":"forma-de-tratamento","embeddable":true,"href":"https:\/\/redealis.com.br\/integralis\/wp-json\/wp\/v2\/forma-de-tratamento?post=537"}],"curies":[{"name":"wp","href":"https:\/\/api.w.org\/{rel}","templated":true}]}}

<p>Maria Carolina é uma fonoaudióloga graduada pela Universidade Federal de Pernambuco (UFPE). Sua escolha pela área foi impulsionada pela percepção da importância vital da comunicação, voz, audição, mastigação, respiração e deglutição na vida de cada indivíduo. Atualmente, ela desempenha um papel crucial na equipe, oferecendo atendimento especializado a crianças na unidade da Zona Sul.</p>
<p>Seu olhar compassivo e humanizado em relação aos pacientes é um dos pilares que nos auxiliam em nosso compromisso de proporcionar uma saúde integral e humanizada a todos. Maria Carolina não apenas trata das necessidades fonoaudiológicas de seus pacientes, mas também os acolhe com empatia e dedicação, garantindo que cada indivíduo receba o cuidado personalizado de que necessita para prosperar.</p>

<p>Maria Carolina é uma fonoaudióloga graduada pela Universidade Federal de Pernambuco (UFPE). Sua escolha pela área foi impulsionada pela percepção da importância vital da comunicação, voz, audição, mastigação, respiração e deglutição na vida de cada indivíduo. Atualmente, ela desempenha um papel crucial na equipe, oferecendo atendimento especializado a crianças na unidade da Zona Sul. Seu [&hellip;]</p>

<!-- This site is optimized with the Yoast SEO plugin v27.3 - https://yoast.com/product/yoast-seo-wordpress/ -->
<title>Maria Carolina Melo | Integrális</title>
<meta name="description" content="fonoaudióloga formada pela UFPE." />
<meta name="robots" content="index, follow, max-snippet:-1, max-image-preview:large, max-video-preview:-1" />
<link rel="canonical" href="https://redealis.com.br/integralis/equipe-medica/maria-carolina-ferreira-de-melo/" />
<meta property="og:locale" content="pt_BR" />
<meta property="og:type" content="article" />
<meta property="og:title" content="Maria Carolina Melo | Integrális" />
<meta property="og:description" content="fonoaudióloga formada pela UFPE." />
<meta property="og:url" content="https://redealis.com.br/integralis/equipe-medica/maria-carolina-ferreira-de-melo/" />
<meta property="og:site_name" content="Integrális" />
<meta property="article:publisher" content="https://www.facebook.com/integralisbrasil" />
<meta property="article:modified_time" content="2024-10-10T16:11:58+00:00" />
<meta property="og:image" content="https://redealis.com.br/integralis/wp-content/uploads/sites/3/2024/05/MARIA-CAROLINA-scaled.jpeg" />
	<meta property="og:image:width" content="1962" />
	<meta property="og:image:height" content="2560" />
	<meta property="og:image:type" content="image/jpeg" />
<meta name="twitter:card" content="summary_large_image" />
<meta name="twitter:label1" content="Est. tempo de leitura" />
	<meta name="twitter:data1" content="1 minuto" />
<script type="application/ld+json" class="yoast-schema-graph">{"@context":"https:\/\/schema.org","@graph":[{"@type":"WebPage","@id":"https:\/\/redealis.com.br\/integralis\/equipe-medica\/maria-carolina-ferreira-de-melo\/","url":"https:\/\/redealis.com.br\/integralis\/equipe-medica\/maria-carolina-ferreira-de-melo\/","name":"Maria Carolina Melo | Integrális","isPartOf":{"@id":"https:\/\/redealis.com.br\/integralis\/#website"},"primaryImageOfPage":{"@id":"https:\/\/redealis.com.br\/integralis\/equipe-medica\/maria-carolina-ferreira-de-melo\/#primaryimage"},"image":{"@id":"https:\/\/redealis.com.br\/integralis\/equipe-medica\/maria-carolina-ferreira-de-melo\/#primaryimage"},"thumbnailUrl":"https:\/\/redealis.com.br\/integralis\/wp-content\/uploads\/sites\/3\/2024\/05\/MARIA-CAROLINA-scaled.jpeg","datePublished":"2023-06-19T19:06:48+00:00","dateModified":"2024-10-10T16:11:58+00:00","description":"fonoaudióloga formada pela UFPE.","breadcrumb":{"@id":"https:\/\/redealis.com.br\/integralis\/equipe-medica\/maria-carolina-ferreira-de-melo\/#breadcrumb"},"inLanguage":"pt-BR","potentialAction":[{"@type":"ReadAction","target":["https:\/\/redealis.com.br\/integralis\/equipe-medica\/maria-carolina-ferreira-de-melo\/"]}]},{"@type":"ImageObject","inLanguage":"pt-BR","@id":"https:\/\/redealis.com.br\/integralis\/equipe-medica\/maria-carolina-ferreira-de-melo\/#primaryimage","url":"https:\/\/redealis.com.br\/integralis\/wp-content\/uploads\/sites\/3\/2024\/05\/MARIA-CAROLINA-scaled.jpeg","contentUrl":"https:\/\/redealis.com.br\/integralis\/wp-content\/uploads\/sites\/3\/2024\/05\/MARIA-CAROLINA-scaled.jpeg","width":1962,"height":2560},{"@type":"BreadcrumbList","@id":"https:\/\/redealis.com.br\/integralis\/equipe-medica\/maria-carolina-ferreira-de-melo\/#breadcrumb","itemListElement":[{"@type":"ListItem","position":1,"name":"home","item":"https:\/\/redealis.com.br\/integralis\/"},{"@type":"ListItem","position":2,"name":"Equipe Médica","item":"https:\/\/redealis.com.br\/integralis\/equipe-medica\/"},{"@type":"ListItem","position":3,"name":"Maria Carolina Melo"}]},{"@type":"WebSite","@id":"https:\/\/redealis.com.br\/integralis\/#website","url":"https:\/\/redealis.com.br\/integralis\/","name":"Integrális","description":"","publisher":{"@id":"https:\/\/redealis.com.br\/integralis\/#organization"},"alternateName":"Integrális","potentialAction":[{"@type":"SearchAction","target":{"@type":"EntryPoint","urlTemplate":"https:\/\/redealis.com.br\/integralis\/?s={search_term_string}"},"query-input":{"@type":"PropertyValueSpecification","valueRequired":true,"valueName":"search_term_string"}}],"inLanguage":"pt-BR"},{"@type":"Organization","@id":"https:\/\/redealis.com.br\/integralis\/#organization","name":"Integrális - Rede Ális","alternateName":"Integrális","url":"https:\/\/redealis.com.br\/integralis\/","logo":{"@type":"ImageObject","inLanguage":"pt-BR","@id":"https:\/\/redealis.com.br\/integralis\/#\/schema\/logo\/image\/","url":"https:\/\/redealis.com.br\/integralis\/wp-content\/uploads\/sites\/3\/2023\/08\/layout-logo-alt-1-1.png","contentUrl":"https:\/\/redealis.com.br\/integralis\/wp-content\/uploads\/sites\/3\/2023\/08\/layout-logo-alt-1-1.png","width":696,"height":696,"caption":"Integrális - Rede Ális"},"image":{"@id":"https:\/\/redealis.com.br\/integralis\/#\/schema\/logo\/image\/"},"sameAs":["https:\/\/www.facebook.com\/integralisbrasil","https:\/\/www.instagram.com\/integralisbrasil"]}]}</script>
<!-- / Yoast SEO plugin. -->

Maria Carolina Melo | Integrális

fonoaudióloga formada pela UFPE.

Integrális

Equipe Médica

Integrális - Rede Ális
