{"id":915,"date":"2023-08-29T09:55:37","date_gmt":"2023-08-29T12:55:37","guid":{"rendered":"https:\/\/redealis.com.br\/imunoalis\/?post_type=equipe-medica&#038;p=915"},"modified":"2023-08-31T09:21:27","modified_gmt":"2023-08-31T12:21:27","slug":"daniela-barbosa","status":"publish","type":"equipe-medica","link":"https:\/\/redealis.com.br\/imunoalis\/equipe-medica\/daniela-barbosa\/","title":{"rendered":"Daniela Barbosa"},"content":{"rendered":"<p>Dra. Daniela Barbosa formada em Medicina pela UPE, com resid\u00eancias m\u00e9dica em\u00a0 Cl\u00ednica M\u00e9dica, no Hospital Agamenon Magalh\u00e3es &#8211; SUS, e outra em Dermatologia, no Hospital das Cl\u00ednicas &#8211; UFPE. T\u00edtulo de Especialista em Dermatologia pela SBD (Sociedade Brasileira de Dermatologia).<\/p>\n","protected":false},"excerpt":{"rendered":"<p>Dra. Daniela Barbosa formada em Medicina pela UPE, com resid\u00eancias m\u00e9dica em\u00a0 Cl\u00ednica M\u00e9dica, no Hospital Agamenon Magalh\u00e3es &#8211; SUS, e outra em Dermatologia, no Hospital das Cl\u00ednicas &#8211; UFPE. T\u00edtulo de Especialista em Dermatologia pela SBD (Sociedade Brasileira de Dermatologia).<\/p>\n","protected":false},"featured_media":919,"template":"","categoria-medico":[5],"forma-de-tratamento":[8],"class_list":["post-915","equipe-medica","type-equipe-medica","status-publish","has-post-thumbnail","hentry","categoria-medico-dermatologista","forma-de-tratamento-dra"],"acf":[],"yoast_head":"<!-- This site is optimized with the Yoast SEO plugin v27.3 - https:\/\/yoast.com\/product\/yoast-seo-wordpress\/ -->\n<title>Daniela Barbosa | Imuno\u00e1lis<\/title>\n<meta name=\"description\" content=\"formada em Medicina pela UPE, com resid\u00eancias m\u00e9dica em\u00a0 Cl\u00ednica M\u00e9dica, e Dermatologia, no Hospital das Cl\u00ednicas - UFPE.\" \/>\n<meta name=\"robots\" content=\"index, follow, max-snippet:-1, max-image-preview:large, max-video-preview:-1\" \/>\n<link rel=\"canonical\" href=\"https:\/\/redealis.com.br\/imunoalis\/equipe-medica\/daniela-barbosa\/\" \/>\n<meta property=\"og:locale\" content=\"pt_BR\" \/>\n<meta property=\"og:type\" content=\"article\" \/>\n<meta property=\"og:title\" content=\"Daniela Barbosa | Imuno\u00e1lis\" \/>\n<meta property=\"og:description\" content=\"formada em Medicina pela UPE, com resid\u00eancias m\u00e9dica em\u00a0 Cl\u00ednica M\u00e9dica, e Dermatologia, no Hospital das Cl\u00ednicas - UFPE.\" \/>\n<meta property=\"og:url\" content=\"https:\/\/redealis.com.br\/imunoalis\/equipe-medica\/daniela-barbosa\/\" \/>\n<meta property=\"og:site_name\" content=\"Imuno\u00e1lis\" \/>\n<meta property=\"article:publisher\" content=\"https:\/\/www.facebook.com\/imunoalisbrasil\" \/>\n<meta property=\"article:modified_time\" content=\"2023-08-31T12:21:27+00:00\" \/>\n<meta property=\"og:image\" content=\"https:\/\/redealis.com.br\/imunoalis\/wp-content\/uploads\/sites\/2\/2023\/08\/Daniela.jpg\" \/>\n\t<meta property=\"og:image:width\" content=\"800\" \/>\n\t<meta property=\"og:image:height\" content=\"800\" \/>\n\t<meta property=\"og:image:type\" content=\"image\/jpeg\" \/>\n<meta name=\"twitter:card\" content=\"summary_large_image\" \/>\n<meta name=\"twitter:label1\" content=\"Est. tempo de leitura\" \/>\n\t<meta name=\"twitter:data1\" content=\"1 minuto\" \/>\n<script type=\"application\/ld+json\" class=\"yoast-schema-graph\">{\"@context\":\"https:\\\/\\\/schema.org\",\"@graph\":[{\"@type\":\"WebPage\",\"@id\":\"https:\\\/\\\/redealis.com.br\\\/imunoalis\\\/equipe-medica\\\/daniela-barbosa\\\/\",\"url\":\"https:\\\/\\\/redealis.com.br\\\/imunoalis\\\/equipe-medica\\\/daniela-barbosa\\\/\",\"name\":\"Daniela Barbosa | Imuno\u00e1lis\",\"isPartOf\":{\"@id\":\"https:\\\/\\\/redealis.com.br\\\/imunoalis\\\/#website\"},\"primaryImageOfPage\":{\"@id\":\"https:\\\/\\\/redealis.com.br\\\/imunoalis\\\/equipe-medica\\\/daniela-barbosa\\\/#primaryimage\"},\"image\":{\"@id\":\"https:\\\/\\\/redealis.com.br\\\/imunoalis\\\/equipe-medica\\\/daniela-barbosa\\\/#primaryimage\"},\"thumbnailUrl\":\"https:\\\/\\\/redealis.com.br\\\/imunoalis\\\/wp-content\\\/uploads\\\/sites\\\/2\\\/2023\\\/08\\\/Daniela.jpg\",\"datePublished\":\"2023-08-29T12:55:37+00:00\",\"dateModified\":\"2023-08-31T12:21:27+00:00\",\"description\":\"formada em Medicina pela UPE, com resid\u00eancias m\u00e9dica em\u00a0 Cl\u00ednica M\u00e9dica, e Dermatologia, no Hospital das Cl\u00ednicas - UFPE.\",\"breadcrumb\":{\"@id\":\"https:\\\/\\\/redealis.com.br\\\/imunoalis\\\/equipe-medica\\\/daniela-barbosa\\\/#breadcrumb\"},\"inLanguage\":\"pt-BR\",\"potentialAction\":[{\"@type\":\"ReadAction\",\"target\":[\"https:\\\/\\\/redealis.com.br\\\/imunoalis\\\/equipe-medica\\\/daniela-barbosa\\\/\"]}]},{\"@type\":\"ImageObject\",\"inLanguage\":\"pt-BR\",\"@id\":\"https:\\\/\\\/redealis.com.br\\\/imunoalis\\\/equipe-medica\\\/daniela-barbosa\\\/#primaryimage\",\"url\":\"https:\\\/\\\/redealis.com.br\\\/imunoalis\\\/wp-content\\\/uploads\\\/sites\\\/2\\\/2023\\\/08\\\/Daniela.jpg\",\"contentUrl\":\"https:\\\/\\\/redealis.com.br\\\/imunoalis\\\/wp-content\\\/uploads\\\/sites\\\/2\\\/2023\\\/08\\\/Daniela.jpg\",\"width\":800,\"height\":800},{\"@type\":\"BreadcrumbList\",\"@id\":\"https:\\\/\\\/redealis.com.br\\\/imunoalis\\\/equipe-medica\\\/daniela-barbosa\\\/#breadcrumb\",\"itemListElement\":[{\"@type\":\"ListItem\",\"position\":1,\"name\":\"home\",\"item\":\"https:\\\/\\\/redealis.com.br\\\/imunoalis\\\/\"},{\"@type\":\"ListItem\",\"position\":2,\"name\":\"Equipe M\u00e9dica\",\"item\":\"https:\\\/\\\/redealis.com.br\\\/imunoalis\\\/equipe-medica\\\/\"},{\"@type\":\"ListItem\",\"position\":3,\"name\":\"Daniela Barbosa\"}]},{\"@type\":\"WebSite\",\"@id\":\"https:\\\/\\\/redealis.com.br\\\/imunoalis\\\/#website\",\"url\":\"https:\\\/\\\/redealis.com.br\\\/imunoalis\\\/\",\"name\":\"Imuno\u00e1lis\",\"description\":\"\",\"publisher\":{\"@id\":\"https:\\\/\\\/redealis.com.br\\\/imunoalis\\\/#organization\"},\"alternateName\":\"Imuno\u00e1lis\",\"potentialAction\":[{\"@type\":\"SearchAction\",\"target\":{\"@type\":\"EntryPoint\",\"urlTemplate\":\"https:\\\/\\\/redealis.com.br\\\/imunoalis\\\/?s={search_term_string}\"},\"query-input\":{\"@type\":\"PropertyValueSpecification\",\"valueRequired\":true,\"valueName\":\"search_term_string\"}}],\"inLanguage\":\"pt-BR\"},{\"@type\":\"Organization\",\"@id\":\"https:\\\/\\\/redealis.com.br\\\/imunoalis\\\/#organization\",\"name\":\"Imuno\u00e1lis - Rede \u00c1lis\",\"alternateName\":\"Imuno\u00e1lis\",\"url\":\"https:\\\/\\\/redealis.com.br\\\/imunoalis\\\/\",\"logo\":{\"@type\":\"ImageObject\",\"inLanguage\":\"pt-BR\",\"@id\":\"https:\\\/\\\/redealis.com.br\\\/imunoalis\\\/#\\\/schema\\\/logo\\\/image\\\/\",\"url\":\"https:\\\/\\\/redealis.com.br\\\/imunoalis\\\/wp-content\\\/uploads\\\/sites\\\/2\\\/2023\\\/08\\\/layout-logo-alt-1.png\",\"contentUrl\":\"https:\\\/\\\/redealis.com.br\\\/imunoalis\\\/wp-content\\\/uploads\\\/sites\\\/2\\\/2023\\\/08\\\/layout-logo-alt-1.png\",\"width\":696,\"height\":696,\"caption\":\"Imuno\u00e1lis - Rede \u00c1lis\"},\"image\":{\"@id\":\"https:\\\/\\\/redealis.com.br\\\/imunoalis\\\/#\\\/schema\\\/logo\\\/image\\\/\"},\"sameAs\":[\"https:\\\/\\\/www.facebook.com\\\/imunoalisbrasil\",\"https:\\\/\\\/www.instagram.com\\\/imunoalisbrasil\\\/\"]}]}<\/script>\n<!-- \/ Yoast SEO plugin. -->","yoast_head_json":{"title":"Daniela Barbosa | Imuno\u00e1lis","description":"formada em Medicina pela UPE, com resid\u00eancias m\u00e9dica em\u00a0 Cl\u00ednica M\u00e9dica, e Dermatologia, no Hospital das Cl\u00ednicas - UFPE.","robots":{"index":"index","follow":"follow","max-snippet":"max-snippet:-1","max-image-preview":"max-image-preview:large","max-video-preview":"max-video-preview:-1"},"canonical":"https:\/\/redealis.com.br\/imunoalis\/equipe-medica\/daniela-barbosa\/","og_locale":"pt_BR","og_type":"article","og_title":"Daniela Barbosa | Imuno\u00e1lis","og_description":"formada em Medicina pela UPE, com resid\u00eancias m\u00e9dica em\u00a0 Cl\u00ednica M\u00e9dica, e Dermatologia, no Hospital das Cl\u00ednicas - UFPE.","og_url":"https:\/\/redealis.com.br\/imunoalis\/equipe-medica\/daniela-barbosa\/","og_site_name":"Imuno\u00e1lis","article_publisher":"https:\/\/www.facebook.com\/imunoalisbrasil","article_modified_time":"2023-08-31T12:21:27+00:00","og_image":[{"width":800,"height":800,"url":"https:\/\/redealis.com.br\/imunoalis\/wp-content\/uploads\/sites\/2\/2023\/08\/Daniela.jpg","type":"image\/jpeg"}],"twitter_card":"summary_large_image","twitter_misc":{"Est. tempo de leitura":"1 minuto"},"schema":{"@context":"https:\/\/schema.org","@graph":[{"@type":"WebPage","@id":"https:\/\/redealis.com.br\/imunoalis\/equipe-medica\/daniela-barbosa\/","url":"https:\/\/redealis.com.br\/imunoalis\/equipe-medica\/daniela-barbosa\/","name":"Daniela Barbosa | Imuno\u00e1lis","isPartOf":{"@id":"https:\/\/redealis.com.br\/imunoalis\/#website"},"primaryImageOfPage":{"@id":"https:\/\/redealis.com.br\/imunoalis\/equipe-medica\/daniela-barbosa\/#primaryimage"},"image":{"@id":"https:\/\/redealis.com.br\/imunoalis\/equipe-medica\/daniela-barbosa\/#primaryimage"},"thumbnailUrl":"https:\/\/redealis.com.br\/imunoalis\/wp-content\/uploads\/sites\/2\/2023\/08\/Daniela.jpg","datePublished":"2023-08-29T12:55:37+00:00","dateModified":"2023-08-31T12:21:27+00:00","description":"formada em Medicina pela UPE, com resid\u00eancias m\u00e9dica em\u00a0 Cl\u00ednica M\u00e9dica, e Dermatologia, no Hospital das Cl\u00ednicas - UFPE.","breadcrumb":{"@id":"https:\/\/redealis.com.br\/imunoalis\/equipe-medica\/daniela-barbosa\/#breadcrumb"},"inLanguage":"pt-BR","potentialAction":[{"@type":"ReadAction","target":["https:\/\/redealis.com.br\/imunoalis\/equipe-medica\/daniela-barbosa\/"]}]},{"@type":"ImageObject","inLanguage":"pt-BR","@id":"https:\/\/redealis.com.br\/imunoalis\/equipe-medica\/daniela-barbosa\/#primaryimage","url":"https:\/\/redealis.com.br\/imunoalis\/wp-content\/uploads\/sites\/2\/2023\/08\/Daniela.jpg","contentUrl":"https:\/\/redealis.com.br\/imunoalis\/wp-content\/uploads\/sites\/2\/2023\/08\/Daniela.jpg","width":800,"height":800},{"@type":"BreadcrumbList","@id":"https:\/\/redealis.com.br\/imunoalis\/equipe-medica\/daniela-barbosa\/#breadcrumb","itemListElement":[{"@type":"ListItem","position":1,"name":"home","item":"https:\/\/redealis.com.br\/imunoalis\/"},{"@type":"ListItem","position":2,"name":"Equipe M\u00e9dica","item":"https:\/\/redealis.com.br\/imunoalis\/equipe-medica\/"},{"@type":"ListItem","position":3,"name":"Daniela Barbosa"}]},{"@type":"WebSite","@id":"https:\/\/redealis.com.br\/imunoalis\/#website","url":"https:\/\/redealis.com.br\/imunoalis\/","name":"Imuno\u00e1lis","description":"","publisher":{"@id":"https:\/\/redealis.com.br\/imunoalis\/#organization"},"alternateName":"Imuno\u00e1lis","potentialAction":[{"@type":"SearchAction","target":{"@type":"EntryPoint","urlTemplate":"https:\/\/redealis.com.br\/imunoalis\/?s={search_term_string}"},"query-input":{"@type":"PropertyValueSpecification","valueRequired":true,"valueName":"search_term_string"}}],"inLanguage":"pt-BR"},{"@type":"Organization","@id":"https:\/\/redealis.com.br\/imunoalis\/#organization","name":"Imuno\u00e1lis - Rede \u00c1lis","alternateName":"Imuno\u00e1lis","url":"https:\/\/redealis.com.br\/imunoalis\/","logo":{"@type":"ImageObject","inLanguage":"pt-BR","@id":"https:\/\/redealis.com.br\/imunoalis\/#\/schema\/logo\/image\/","url":"https:\/\/redealis.com.br\/imunoalis\/wp-content\/uploads\/sites\/2\/2023\/08\/layout-logo-alt-1.png","contentUrl":"https:\/\/redealis.com.br\/imunoalis\/wp-content\/uploads\/sites\/2\/2023\/08\/layout-logo-alt-1.png","width":696,"height":696,"caption":"Imuno\u00e1lis - Rede \u00c1lis"},"image":{"@id":"https:\/\/redealis.com.br\/imunoalis\/#\/schema\/logo\/image\/"},"sameAs":["https:\/\/www.facebook.com\/imunoalisbrasil","https:\/\/www.instagram.com\/imunoalisbrasil\/"]}]}},"_links":{"self":[{"href":"https:\/\/redealis.com.br\/imunoalis\/wp-json\/wp\/v2\/equipe-medica\/915","targetHints":{"allow":["GET"]}}],"collection":[{"href":"https:\/\/redealis.com.br\/imunoalis\/wp-json\/wp\/v2\/equipe-medica"}],"about":[{"href":"https:\/\/redealis.com.br\/imunoalis\/wp-json\/wp\/v2\/types\/equipe-medica"}],"wp:featuredmedia":[{"embeddable":true,"href":"https:\/\/redealis.com.br\/imunoalis\/wp-json\/wp\/v2\/media\/919"}],"wp:attachment":[{"href":"https:\/\/redealis.com.br\/imunoalis\/wp-json\/wp\/v2\/media?parent=915"}],"wp:term":[{"taxonomy":"categoria-medico","embeddable":true,"href":"https:\/\/redealis.com.br\/imunoalis\/wp-json\/wp\/v2\/categoria-medico?post=915"},{"taxonomy":"forma-de-tratamento","embeddable":true,"href":"https:\/\/redealis.com.br\/imunoalis\/wp-json\/wp\/v2\/forma-de-tratamento?post=915"}],"curies":[{"name":"wp","href":"https:\/\/api.w.org\/{rel}","templated":true}]}}

<p>Dra. Daniela Barbosa formada em Medicina pela UPE, com residências médica em  Clínica Médica, no Hospital Agamenon Magalhães &#8211; SUS, e outra em Dermatologia, no Hospital das Clínicas &#8211; UFPE. Título de Especialista em Dermatologia pela SBD (Sociedade Brasileira de Dermatologia).</p>

<!-- This site is optimized with the Yoast SEO plugin v27.3 - https://yoast.com/product/yoast-seo-wordpress/ -->
<title>Daniela Barbosa | Imunoális</title>
<meta name="description" content="formada em Medicina pela UPE, com residências médica em  Clínica Médica, e Dermatologia, no Hospital das Clínicas - UFPE." />
<meta name="robots" content="index, follow, max-snippet:-1, max-image-preview:large, max-video-preview:-1" />
<link rel="canonical" href="https://redealis.com.br/imunoalis/equipe-medica/daniela-barbosa/" />
<meta property="og:locale" content="pt_BR" />
<meta property="og:type" content="article" />
<meta property="og:title" content="Daniela Barbosa | Imunoális" />
<meta property="og:description" content="formada em Medicina pela UPE, com residências médica em  Clínica Médica, e Dermatologia, no Hospital das Clínicas - UFPE." />
<meta property="og:url" content="https://redealis.com.br/imunoalis/equipe-medica/daniela-barbosa/" />
<meta property="og:site_name" content="Imunoális" />
<meta property="article:publisher" content="https://www.facebook.com/imunoalisbrasil" />
<meta property="article:modified_time" content="2023-08-31T12:21:27+00:00" />
<meta property="og:image" content="https://redealis.com.br/imunoalis/wp-content/uploads/sites/2/2023/08/Daniela.jpg" />
	<meta property="og:image:width" content="800" />
	<meta property="og:image:height" content="800" />
	<meta property="og:image:type" content="image/jpeg" />
<meta name="twitter:card" content="summary_large_image" />
<meta name="twitter:label1" content="Est. tempo de leitura" />
	<meta name="twitter:data1" content="1 minuto" />
<script type="application/ld+json" class="yoast-schema-graph">{"@context":"https:\/\/schema.org","@graph":[{"@type":"WebPage","@id":"https:\/\/redealis.com.br\/imunoalis\/equipe-medica\/daniela-barbosa\/","url":"https:\/\/redealis.com.br\/imunoalis\/equipe-medica\/daniela-barbosa\/","name":"Daniela Barbosa | Imunoális","isPartOf":{"@id":"https:\/\/redealis.com.br\/imunoalis\/#website"},"primaryImageOfPage":{"@id":"https:\/\/redealis.com.br\/imunoalis\/equipe-medica\/daniela-barbosa\/#primaryimage"},"image":{"@id":"https:\/\/redealis.com.br\/imunoalis\/equipe-medica\/daniela-barbosa\/#primaryimage"},"thumbnailUrl":"https:\/\/redealis.com.br\/imunoalis\/wp-content\/uploads\/sites\/2\/2023\/08\/Daniela.jpg","datePublished":"2023-08-29T12:55:37+00:00","dateModified":"2023-08-31T12:21:27+00:00","description":"formada em Medicina pela UPE, com residências médica em  Clínica Médica, e Dermatologia, no Hospital das Clínicas - UFPE.","breadcrumb":{"@id":"https:\/\/redealis.com.br\/imunoalis\/equipe-medica\/daniela-barbosa\/#breadcrumb"},"inLanguage":"pt-BR","potentialAction":[{"@type":"ReadAction","target":["https:\/\/redealis.com.br\/imunoalis\/equipe-medica\/daniela-barbosa\/"]}]},{"@type":"ImageObject","inLanguage":"pt-BR","@id":"https:\/\/redealis.com.br\/imunoalis\/equipe-medica\/daniela-barbosa\/#primaryimage","url":"https:\/\/redealis.com.br\/imunoalis\/wp-content\/uploads\/sites\/2\/2023\/08\/Daniela.jpg","contentUrl":"https:\/\/redealis.com.br\/imunoalis\/wp-content\/uploads\/sites\/2\/2023\/08\/Daniela.jpg","width":800,"height":800},{"@type":"BreadcrumbList","@id":"https:\/\/redealis.com.br\/imunoalis\/equipe-medica\/daniela-barbosa\/#breadcrumb","itemListElement":[{"@type":"ListItem","position":1,"name":"home","item":"https:\/\/redealis.com.br\/imunoalis\/"},{"@type":"ListItem","position":2,"name":"Equipe Médica","item":"https:\/\/redealis.com.br\/imunoalis\/equipe-medica\/"},{"@type":"ListItem","position":3,"name":"Daniela Barbosa"}]},{"@type":"WebSite","@id":"https:\/\/redealis.com.br\/imunoalis\/#website","url":"https:\/\/redealis.com.br\/imunoalis\/","name":"Imunoális","description":"","publisher":{"@id":"https:\/\/redealis.com.br\/imunoalis\/#organization"},"alternateName":"Imunoális","potentialAction":[{"@type":"SearchAction","target":{"@type":"EntryPoint","urlTemplate":"https:\/\/redealis.com.br\/imunoalis\/?s={search_term_string}"},"query-input":{"@type":"PropertyValueSpecification","valueRequired":true,"valueName":"search_term_string"}}],"inLanguage":"pt-BR"},{"@type":"Organization","@id":"https:\/\/redealis.com.br\/imunoalis\/#organization","name":"Imunoális - Rede Ális","alternateName":"Imunoális","url":"https:\/\/redealis.com.br\/imunoalis\/","logo":{"@type":"ImageObject","inLanguage":"pt-BR","@id":"https:\/\/redealis.com.br\/imunoalis\/#\/schema\/logo\/image\/","url":"https:\/\/redealis.com.br\/imunoalis\/wp-content\/uploads\/sites\/2\/2023\/08\/layout-logo-alt-1.png","contentUrl":"https:\/\/redealis.com.br\/imunoalis\/wp-content\/uploads\/sites\/2\/2023\/08\/layout-logo-alt-1.png","width":696,"height":696,"caption":"Imunoális - Rede Ális"},"image":{"@id":"https:\/\/redealis.com.br\/imunoalis\/#\/schema\/logo\/image\/"},"sameAs":["https:\/\/www.facebook.com\/imunoalisbrasil","https:\/\/www.instagram.com\/imunoalisbrasil\/"]}]}</script>
<!-- / Yoast SEO plugin. -->

Daniela Barbosa | Imunoális

formada em Medicina pela UPE, com residências médica em  Clínica Médica, e Dermatologia, no Hospital das Clínicas - UFPE.

Imunoális

Equipe Médica

Imunoális - Rede Ális
