{"id":725,"date":"2023-08-01T11:26:22","date_gmt":"2023-08-01T14:26:22","guid":{"rendered":"https:\/\/redealis.com.br\/imunoalis\/?post_type=equipe-medica&#038;p=725"},"modified":"2024-05-10T10:45:17","modified_gmt":"2024-05-10T13:45:17","slug":"adriana-velozo","status":"publish","type":"equipe-medica","link":"https:\/\/redealis.com.br\/imunoalis\/equipe-medica\/adriana-velozo\/","title":{"rendered":"Adriana Velozo"},"content":{"rendered":"<p>Dra. Adriana Velozo, nossa m\u00e9dica pneumologista, especialista pela SBPT e mestre em Ci\u00eancias da Sa\u00fade pela UFPE. Dra. Adriana tamb\u00e9m \u00e9 preceptora da Resid\u00eancia em Pneumologia do Hospital Ot\u00e1vio de Freitas e professora de Pneumologia da Faculdade de Medicina de Olinda (FMO).<\/p>\n<p>Com uma bagagem repleta de experi\u00eancias e intensa atua\u00e7\u00e3o na \u00e1rea m\u00e9dica, ela agrega muito conhecimento, compromisso e aten\u00e7\u00e3o \u00e0 nossa equipe.<\/p>\n","protected":false},"excerpt":{"rendered":"<p>Dra. Adriana Velozo, nossa m\u00e9dica pneumologista, especialista pela SBPT e mestre em Ci\u00eancias da Sa\u00fade pela UFPE. Dra. Adriana tamb\u00e9m \u00e9 preceptora da Resid\u00eancia em Pneumologia do Hospital Ot\u00e1vio de Freitas e professora de Pneumologia da Faculdade de Medicina de Olinda (FMO). Com uma bagagem repleta de experi\u00eancias e intensa atua\u00e7\u00e3o na \u00e1rea m\u00e9dica, ela [&hellip;]<\/p>\n","protected":false},"featured_media":1226,"template":"","categoria-medico":[14],"forma-de-tratamento":[8],"class_list":["post-725","equipe-medica","type-equipe-medica","status-publish","has-post-thumbnail","hentry","categoria-medico-pneumologista","forma-de-tratamento-dra"],"acf":[],"yoast_head":"<!-- This site is optimized with the Yoast SEO plugin v27.3 - https:\/\/yoast.com\/product\/yoast-seo-wordpress\/ -->\n<title>Adriana Velozo | Imuno\u00e1lis<\/title>\n<meta name=\"description\" content=\"Dra. Adriana Velozo, nossa m\u00e9dica pneumologista, especialista pela SBPT e mestre em Ci\u00eancias da Sa\u00fade pela UFPE\" \/>\n<meta name=\"robots\" content=\"index, follow, max-snippet:-1, max-image-preview:large, max-video-preview:-1\" \/>\n<link rel=\"canonical\" href=\"https:\/\/redealis.com.br\/imunoalis\/equipe-medica\/adriana-velozo\/\" \/>\n<meta property=\"og:locale\" content=\"pt_BR\" \/>\n<meta property=\"og:type\" content=\"article\" \/>\n<meta property=\"og:title\" content=\"Adriana Velozo | Imuno\u00e1lis\" \/>\n<meta property=\"og:description\" content=\"Dra. Adriana Velozo, nossa m\u00e9dica pneumologista, especialista pela SBPT e mestre em Ci\u00eancias da Sa\u00fade pela UFPE\" \/>\n<meta property=\"og:url\" content=\"https:\/\/redealis.com.br\/imunoalis\/equipe-medica\/adriana-velozo\/\" \/>\n<meta property=\"og:site_name\" content=\"Imuno\u00e1lis\" \/>\n<meta property=\"article:publisher\" content=\"https:\/\/www.facebook.com\/imunoalisbrasil\" \/>\n<meta property=\"article:modified_time\" content=\"2024-05-10T13:45:17+00:00\" \/>\n<meta property=\"og:image\" content=\"https:\/\/redealis.com.br\/imunoalis\/wp-content\/uploads\/sites\/2\/2023\/08\/Dra.-Adriana-Velozo.jpg\" \/>\n\t<meta property=\"og:image:width\" content=\"2500\" \/>\n\t<meta property=\"og:image:height\" content=\"1667\" \/>\n\t<meta property=\"og:image:type\" content=\"image\/jpeg\" \/>\n<meta name=\"twitter:card\" content=\"summary_large_image\" \/>\n<meta name=\"twitter:label1\" content=\"Est. tempo de leitura\" \/>\n\t<meta name=\"twitter:data1\" content=\"1 minuto\" \/>\n<script type=\"application\/ld+json\" class=\"yoast-schema-graph\">{\"@context\":\"https:\\\/\\\/schema.org\",\"@graph\":[{\"@type\":\"WebPage\",\"@id\":\"https:\\\/\\\/redealis.com.br\\\/imunoalis\\\/equipe-medica\\\/adriana-velozo\\\/\",\"url\":\"https:\\\/\\\/redealis.com.br\\\/imunoalis\\\/equipe-medica\\\/adriana-velozo\\\/\",\"name\":\"Adriana Velozo | Imuno\u00e1lis\",\"isPartOf\":{\"@id\":\"https:\\\/\\\/redealis.com.br\\\/imunoalis\\\/#website\"},\"primaryImageOfPage\":{\"@id\":\"https:\\\/\\\/redealis.com.br\\\/imunoalis\\\/equipe-medica\\\/adriana-velozo\\\/#primaryimage\"},\"image\":{\"@id\":\"https:\\\/\\\/redealis.com.br\\\/imunoalis\\\/equipe-medica\\\/adriana-velozo\\\/#primaryimage\"},\"thumbnailUrl\":\"https:\\\/\\\/redealis.com.br\\\/imunoalis\\\/wp-content\\\/uploads\\\/sites\\\/2\\\/2023\\\/08\\\/Dra.-Adriana-Velozo.jpg\",\"datePublished\":\"2023-08-01T14:26:22+00:00\",\"dateModified\":\"2024-05-10T13:45:17+00:00\",\"description\":\"Dra. Adriana Velozo, nossa m\u00e9dica pneumologista, especialista pela SBPT e mestre em Ci\u00eancias da Sa\u00fade pela UFPE\",\"breadcrumb\":{\"@id\":\"https:\\\/\\\/redealis.com.br\\\/imunoalis\\\/equipe-medica\\\/adriana-velozo\\\/#breadcrumb\"},\"inLanguage\":\"pt-BR\",\"potentialAction\":[{\"@type\":\"ReadAction\",\"target\":[\"https:\\\/\\\/redealis.com.br\\\/imunoalis\\\/equipe-medica\\\/adriana-velozo\\\/\"]}]},{\"@type\":\"ImageObject\",\"inLanguage\":\"pt-BR\",\"@id\":\"https:\\\/\\\/redealis.com.br\\\/imunoalis\\\/equipe-medica\\\/adriana-velozo\\\/#primaryimage\",\"url\":\"https:\\\/\\\/redealis.com.br\\\/imunoalis\\\/wp-content\\\/uploads\\\/sites\\\/2\\\/2023\\\/08\\\/Dra.-Adriana-Velozo.jpg\",\"contentUrl\":\"https:\\\/\\\/redealis.com.br\\\/imunoalis\\\/wp-content\\\/uploads\\\/sites\\\/2\\\/2023\\\/08\\\/Dra.-Adriana-Velozo.jpg\",\"width\":2500,\"height\":1667},{\"@type\":\"BreadcrumbList\",\"@id\":\"https:\\\/\\\/redealis.com.br\\\/imunoalis\\\/equipe-medica\\\/adriana-velozo\\\/#breadcrumb\",\"itemListElement\":[{\"@type\":\"ListItem\",\"position\":1,\"name\":\"home\",\"item\":\"https:\\\/\\\/redealis.com.br\\\/imunoalis\\\/\"},{\"@type\":\"ListItem\",\"position\":2,\"name\":\"Equipe M\u00e9dica\",\"item\":\"https:\\\/\\\/redealis.com.br\\\/imunoalis\\\/equipe-medica\\\/\"},{\"@type\":\"ListItem\",\"position\":3,\"name\":\"Adriana Velozo\"}]},{\"@type\":\"WebSite\",\"@id\":\"https:\\\/\\\/redealis.com.br\\\/imunoalis\\\/#website\",\"url\":\"https:\\\/\\\/redealis.com.br\\\/imunoalis\\\/\",\"name\":\"Imuno\u00e1lis\",\"description\":\"\",\"publisher\":{\"@id\":\"https:\\\/\\\/redealis.com.br\\\/imunoalis\\\/#organization\"},\"alternateName\":\"Imuno\u00e1lis\",\"potentialAction\":[{\"@type\":\"SearchAction\",\"target\":{\"@type\":\"EntryPoint\",\"urlTemplate\":\"https:\\\/\\\/redealis.com.br\\\/imunoalis\\\/?s={search_term_string}\"},\"query-input\":{\"@type\":\"PropertyValueSpecification\",\"valueRequired\":true,\"valueName\":\"search_term_string\"}}],\"inLanguage\":\"pt-BR\"},{\"@type\":\"Organization\",\"@id\":\"https:\\\/\\\/redealis.com.br\\\/imunoalis\\\/#organization\",\"name\":\"Imuno\u00e1lis - Rede \u00c1lis\",\"alternateName\":\"Imuno\u00e1lis\",\"url\":\"https:\\\/\\\/redealis.com.br\\\/imunoalis\\\/\",\"logo\":{\"@type\":\"ImageObject\",\"inLanguage\":\"pt-BR\",\"@id\":\"https:\\\/\\\/redealis.com.br\\\/imunoalis\\\/#\\\/schema\\\/logo\\\/image\\\/\",\"url\":\"https:\\\/\\\/redealis.com.br\\\/imunoalis\\\/wp-content\\\/uploads\\\/sites\\\/2\\\/2023\\\/08\\\/layout-logo-alt-1.png\",\"contentUrl\":\"https:\\\/\\\/redealis.com.br\\\/imunoalis\\\/wp-content\\\/uploads\\\/sites\\\/2\\\/2023\\\/08\\\/layout-logo-alt-1.png\",\"width\":696,\"height\":696,\"caption\":\"Imuno\u00e1lis - Rede \u00c1lis\"},\"image\":{\"@id\":\"https:\\\/\\\/redealis.com.br\\\/imunoalis\\\/#\\\/schema\\\/logo\\\/image\\\/\"},\"sameAs\":[\"https:\\\/\\\/www.facebook.com\\\/imunoalisbrasil\",\"https:\\\/\\\/www.instagram.com\\\/imunoalisbrasil\\\/\"]}]}<\/script>\n<!-- \/ Yoast SEO plugin. -->","yoast_head_json":{"title":"Adriana Velozo | Imuno\u00e1lis","description":"Dra. Adriana Velozo, nossa m\u00e9dica pneumologista, especialista pela SBPT e mestre em Ci\u00eancias da Sa\u00fade pela UFPE","robots":{"index":"index","follow":"follow","max-snippet":"max-snippet:-1","max-image-preview":"max-image-preview:large","max-video-preview":"max-video-preview:-1"},"canonical":"https:\/\/redealis.com.br\/imunoalis\/equipe-medica\/adriana-velozo\/","og_locale":"pt_BR","og_type":"article","og_title":"Adriana Velozo | Imuno\u00e1lis","og_description":"Dra. Adriana Velozo, nossa m\u00e9dica pneumologista, especialista pela SBPT e mestre em Ci\u00eancias da Sa\u00fade pela UFPE","og_url":"https:\/\/redealis.com.br\/imunoalis\/equipe-medica\/adriana-velozo\/","og_site_name":"Imuno\u00e1lis","article_publisher":"https:\/\/www.facebook.com\/imunoalisbrasil","article_modified_time":"2024-05-10T13:45:17+00:00","og_image":[{"width":2500,"height":1667,"url":"https:\/\/redealis.com.br\/imunoalis\/wp-content\/uploads\/sites\/2\/2023\/08\/Dra.-Adriana-Velozo.jpg","type":"image\/jpeg"}],"twitter_card":"summary_large_image","twitter_misc":{"Est. tempo de leitura":"1 minuto"},"schema":{"@context":"https:\/\/schema.org","@graph":[{"@type":"WebPage","@id":"https:\/\/redealis.com.br\/imunoalis\/equipe-medica\/adriana-velozo\/","url":"https:\/\/redealis.com.br\/imunoalis\/equipe-medica\/adriana-velozo\/","name":"Adriana Velozo | Imuno\u00e1lis","isPartOf":{"@id":"https:\/\/redealis.com.br\/imunoalis\/#website"},"primaryImageOfPage":{"@id":"https:\/\/redealis.com.br\/imunoalis\/equipe-medica\/adriana-velozo\/#primaryimage"},"image":{"@id":"https:\/\/redealis.com.br\/imunoalis\/equipe-medica\/adriana-velozo\/#primaryimage"},"thumbnailUrl":"https:\/\/redealis.com.br\/imunoalis\/wp-content\/uploads\/sites\/2\/2023\/08\/Dra.-Adriana-Velozo.jpg","datePublished":"2023-08-01T14:26:22+00:00","dateModified":"2024-05-10T13:45:17+00:00","description":"Dra. Adriana Velozo, nossa m\u00e9dica pneumologista, especialista pela SBPT e mestre em Ci\u00eancias da Sa\u00fade pela UFPE","breadcrumb":{"@id":"https:\/\/redealis.com.br\/imunoalis\/equipe-medica\/adriana-velozo\/#breadcrumb"},"inLanguage":"pt-BR","potentialAction":[{"@type":"ReadAction","target":["https:\/\/redealis.com.br\/imunoalis\/equipe-medica\/adriana-velozo\/"]}]},{"@type":"ImageObject","inLanguage":"pt-BR","@id":"https:\/\/redealis.com.br\/imunoalis\/equipe-medica\/adriana-velozo\/#primaryimage","url":"https:\/\/redealis.com.br\/imunoalis\/wp-content\/uploads\/sites\/2\/2023\/08\/Dra.-Adriana-Velozo.jpg","contentUrl":"https:\/\/redealis.com.br\/imunoalis\/wp-content\/uploads\/sites\/2\/2023\/08\/Dra.-Adriana-Velozo.jpg","width":2500,"height":1667},{"@type":"BreadcrumbList","@id":"https:\/\/redealis.com.br\/imunoalis\/equipe-medica\/adriana-velozo\/#breadcrumb","itemListElement":[{"@type":"ListItem","position":1,"name":"home","item":"https:\/\/redealis.com.br\/imunoalis\/"},{"@type":"ListItem","position":2,"name":"Equipe M\u00e9dica","item":"https:\/\/redealis.com.br\/imunoalis\/equipe-medica\/"},{"@type":"ListItem","position":3,"name":"Adriana Velozo"}]},{"@type":"WebSite","@id":"https:\/\/redealis.com.br\/imunoalis\/#website","url":"https:\/\/redealis.com.br\/imunoalis\/","name":"Imuno\u00e1lis","description":"","publisher":{"@id":"https:\/\/redealis.com.br\/imunoalis\/#organization"},"alternateName":"Imuno\u00e1lis","potentialAction":[{"@type":"SearchAction","target":{"@type":"EntryPoint","urlTemplate":"https:\/\/redealis.com.br\/imunoalis\/?s={search_term_string}"},"query-input":{"@type":"PropertyValueSpecification","valueRequired":true,"valueName":"search_term_string"}}],"inLanguage":"pt-BR"},{"@type":"Organization","@id":"https:\/\/redealis.com.br\/imunoalis\/#organization","name":"Imuno\u00e1lis - Rede \u00c1lis","alternateName":"Imuno\u00e1lis","url":"https:\/\/redealis.com.br\/imunoalis\/","logo":{"@type":"ImageObject","inLanguage":"pt-BR","@id":"https:\/\/redealis.com.br\/imunoalis\/#\/schema\/logo\/image\/","url":"https:\/\/redealis.com.br\/imunoalis\/wp-content\/uploads\/sites\/2\/2023\/08\/layout-logo-alt-1.png","contentUrl":"https:\/\/redealis.com.br\/imunoalis\/wp-content\/uploads\/sites\/2\/2023\/08\/layout-logo-alt-1.png","width":696,"height":696,"caption":"Imuno\u00e1lis - Rede \u00c1lis"},"image":{"@id":"https:\/\/redealis.com.br\/imunoalis\/#\/schema\/logo\/image\/"},"sameAs":["https:\/\/www.facebook.com\/imunoalisbrasil","https:\/\/www.instagram.com\/imunoalisbrasil\/"]}]}},"_links":{"self":[{"href":"https:\/\/redealis.com.br\/imunoalis\/wp-json\/wp\/v2\/equipe-medica\/725","targetHints":{"allow":["GET"]}}],"collection":[{"href":"https:\/\/redealis.com.br\/imunoalis\/wp-json\/wp\/v2\/equipe-medica"}],"about":[{"href":"https:\/\/redealis.com.br\/imunoalis\/wp-json\/wp\/v2\/types\/equipe-medica"}],"wp:featuredmedia":[{"embeddable":true,"href":"https:\/\/redealis.com.br\/imunoalis\/wp-json\/wp\/v2\/media\/1226"}],"wp:attachment":[{"href":"https:\/\/redealis.com.br\/imunoalis\/wp-json\/wp\/v2\/media?parent=725"}],"wp:term":[{"taxonomy":"categoria-medico","embeddable":true,"href":"https:\/\/redealis.com.br\/imunoalis\/wp-json\/wp\/v2\/categoria-medico?post=725"},{"taxonomy":"forma-de-tratamento","embeddable":true,"href":"https:\/\/redealis.com.br\/imunoalis\/wp-json\/wp\/v2\/forma-de-tratamento?post=725"}],"curies":[{"name":"wp","href":"https:\/\/api.w.org\/{rel}","templated":true}]}}

<p>Dra. Adriana Velozo, nossa médica pneumologista, especialista pela SBPT e mestre em Ciências da Saúde pela UFPE. Dra. Adriana também é preceptora da Residência em Pneumologia do Hospital Otávio de Freitas e professora de Pneumologia da Faculdade de Medicina de Olinda (FMO).</p>
<p>Com uma bagagem repleta de experiências e intensa atuação na área médica, ela agrega muito conhecimento, compromisso e atenção à nossa equipe.</p>

<p>Dra. Adriana Velozo, nossa médica pneumologista, especialista pela SBPT e mestre em Ciências da Saúde pela UFPE. Dra. Adriana também é preceptora da Residência em Pneumologia do Hospital Otávio de Freitas e professora de Pneumologia da Faculdade de Medicina de Olinda (FMO). Com uma bagagem repleta de experiências e intensa atuação na área médica, ela [&hellip;]</p>

<!-- This site is optimized with the Yoast SEO plugin v27.3 - https://yoast.com/product/yoast-seo-wordpress/ -->
<title>Adriana Velozo | Imunoális</title>
<meta name="description" content="Dra. Adriana Velozo, nossa médica pneumologista, especialista pela SBPT e mestre em Ciências da Saúde pela UFPE" />
<meta name="robots" content="index, follow, max-snippet:-1, max-image-preview:large, max-video-preview:-1" />
<link rel="canonical" href="https://redealis.com.br/imunoalis/equipe-medica/adriana-velozo/" />
<meta property="og:locale" content="pt_BR" />
<meta property="og:type" content="article" />
<meta property="og:title" content="Adriana Velozo | Imunoális" />
<meta property="og:description" content="Dra. Adriana Velozo, nossa médica pneumologista, especialista pela SBPT e mestre em Ciências da Saúde pela UFPE" />
<meta property="og:url" content="https://redealis.com.br/imunoalis/equipe-medica/adriana-velozo/" />
<meta property="og:site_name" content="Imunoális" />
<meta property="article:publisher" content="https://www.facebook.com/imunoalisbrasil" />
<meta property="article:modified_time" content="2024-05-10T13:45:17+00:00" />
<meta property="og:image" content="https://redealis.com.br/imunoalis/wp-content/uploads/sites/2/2023/08/Dra.-Adriana-Velozo.jpg" />
	<meta property="og:image:width" content="2500" />
	<meta property="og:image:height" content="1667" />
	<meta property="og:image:type" content="image/jpeg" />
<meta name="twitter:card" content="summary_large_image" />
<meta name="twitter:label1" content="Est. tempo de leitura" />
	<meta name="twitter:data1" content="1 minuto" />
<script type="application/ld+json" class="yoast-schema-graph">{"@context":"https:\/\/schema.org","@graph":[{"@type":"WebPage","@id":"https:\/\/redealis.com.br\/imunoalis\/equipe-medica\/adriana-velozo\/","url":"https:\/\/redealis.com.br\/imunoalis\/equipe-medica\/adriana-velozo\/","name":"Adriana Velozo | Imunoális","isPartOf":{"@id":"https:\/\/redealis.com.br\/imunoalis\/#website"},"primaryImageOfPage":{"@id":"https:\/\/redealis.com.br\/imunoalis\/equipe-medica\/adriana-velozo\/#primaryimage"},"image":{"@id":"https:\/\/redealis.com.br\/imunoalis\/equipe-medica\/adriana-velozo\/#primaryimage"},"thumbnailUrl":"https:\/\/redealis.com.br\/imunoalis\/wp-content\/uploads\/sites\/2\/2023\/08\/Dra.-Adriana-Velozo.jpg","datePublished":"2023-08-01T14:26:22+00:00","dateModified":"2024-05-10T13:45:17+00:00","description":"Dra. Adriana Velozo, nossa médica pneumologista, especialista pela SBPT e mestre em Ciências da Saúde pela UFPE","breadcrumb":{"@id":"https:\/\/redealis.com.br\/imunoalis\/equipe-medica\/adriana-velozo\/#breadcrumb"},"inLanguage":"pt-BR","potentialAction":[{"@type":"ReadAction","target":["https:\/\/redealis.com.br\/imunoalis\/equipe-medica\/adriana-velozo\/"]}]},{"@type":"ImageObject","inLanguage":"pt-BR","@id":"https:\/\/redealis.com.br\/imunoalis\/equipe-medica\/adriana-velozo\/#primaryimage","url":"https:\/\/redealis.com.br\/imunoalis\/wp-content\/uploads\/sites\/2\/2023\/08\/Dra.-Adriana-Velozo.jpg","contentUrl":"https:\/\/redealis.com.br\/imunoalis\/wp-content\/uploads\/sites\/2\/2023\/08\/Dra.-Adriana-Velozo.jpg","width":2500,"height":1667},{"@type":"BreadcrumbList","@id":"https:\/\/redealis.com.br\/imunoalis\/equipe-medica\/adriana-velozo\/#breadcrumb","itemListElement":[{"@type":"ListItem","position":1,"name":"home","item":"https:\/\/redealis.com.br\/imunoalis\/"},{"@type":"ListItem","position":2,"name":"Equipe Médica","item":"https:\/\/redealis.com.br\/imunoalis\/equipe-medica\/"},{"@type":"ListItem","position":3,"name":"Adriana Velozo"}]},{"@type":"WebSite","@id":"https:\/\/redealis.com.br\/imunoalis\/#website","url":"https:\/\/redealis.com.br\/imunoalis\/","name":"Imunoális","description":"","publisher":{"@id":"https:\/\/redealis.com.br\/imunoalis\/#organization"},"alternateName":"Imunoális","potentialAction":[{"@type":"SearchAction","target":{"@type":"EntryPoint","urlTemplate":"https:\/\/redealis.com.br\/imunoalis\/?s={search_term_string}"},"query-input":{"@type":"PropertyValueSpecification","valueRequired":true,"valueName":"search_term_string"}}],"inLanguage":"pt-BR"},{"@type":"Organization","@id":"https:\/\/redealis.com.br\/imunoalis\/#organization","name":"Imunoális - Rede Ális","alternateName":"Imunoális","url":"https:\/\/redealis.com.br\/imunoalis\/","logo":{"@type":"ImageObject","inLanguage":"pt-BR","@id":"https:\/\/redealis.com.br\/imunoalis\/#\/schema\/logo\/image\/","url":"https:\/\/redealis.com.br\/imunoalis\/wp-content\/uploads\/sites\/2\/2023\/08\/layout-logo-alt-1.png","contentUrl":"https:\/\/redealis.com.br\/imunoalis\/wp-content\/uploads\/sites\/2\/2023\/08\/layout-logo-alt-1.png","width":696,"height":696,"caption":"Imunoális - Rede Ális"},"image":{"@id":"https:\/\/redealis.com.br\/imunoalis\/#\/schema\/logo\/image\/"},"sameAs":["https:\/\/www.facebook.com\/imunoalisbrasil","https:\/\/www.instagram.com\/imunoalisbrasil\/"]}]}</script>
<!-- / Yoast SEO plugin. -->

Adriana Velozo | Imunoális

Dra. Adriana Velozo, nossa médica pneumologista, especialista pela SBPT e mestre em Ciências da Saúde pela UFPE

Imunoális

Equipe Médica

Imunoális - Rede Ális
