{"id":549,"date":"2023-06-16T11:47:08","date_gmt":"2023-06-16T14:47:08","guid":{"rendered":"https:\/\/redealis.com.br\/imunoalis\/?post_type=equipe-medica&#038;p=549"},"modified":"2024-05-10T10:51:58","modified_gmt":"2024-05-10T13:51:58","slug":"lina-machado","status":"publish","type":"equipe-medica","link":"https:\/\/redealis.com.br\/imunoalis\/equipe-medica\/lina-machado\/","title":{"rendered":"Lina Machado"},"content":{"rendered":"<p>Dra. Lina Machado \u00e9 m\u00e9dica pneumologista formada pela UPE, com resid\u00eancia de cl\u00ednica m\u00e9dica no Hospital Maria Lucinda, em Pneumologia no Hospital Ot\u00e1vio de Freitas e Broncoscopia no Hospital Ot\u00e1vio de Freitas.<\/p>\n<p>A pneumologia foi a \u00e1rea com a qual mais se identificou ao longo da sua jornada acad\u00eamica. E, hoje, ela faz parte da equipe, atendendo nas unidades da Zona Sul, Ilha do Leite e Cabo.<\/p>\n<p>A sua aten\u00e7\u00e3o constante nos auxilia no nosso compromisso de oferecer sa\u00fade integral humanizada para todos.<\/p>\n","protected":false},"excerpt":{"rendered":"<p>Dra. Lina Machado \u00e9 m\u00e9dica pneumologista formada pela UPE, com resid\u00eancia de cl\u00ednica m\u00e9dica no Hospital Maria Lucinda, em Pneumologia no Hospital Ot\u00e1vio de Freitas e Broncoscopia no Hospital Ot\u00e1vio de Freitas. A pneumologia foi a \u00e1rea com a qual mais se identificou ao longo da sua jornada acad\u00eamica. E, hoje, ela faz parte da [&hellip;]<\/p>\n","protected":false},"featured_media":1238,"template":"","categoria-medico":[14],"forma-de-tratamento":[8],"class_list":["post-549","equipe-medica","type-equipe-medica","status-publish","has-post-thumbnail","hentry","categoria-medico-pneumologista","forma-de-tratamento-dra"],"acf":[],"yoast_head":"<!-- This site is optimized with the Yoast SEO plugin v27.3 - https:\/\/yoast.com\/product\/yoast-seo-wordpress\/ -->\n<title>Lina Machado | Imuno\u00e1lis<\/title>\n<meta name=\"description\" content=\"Pneumologista formada pela UPE, com resid\u00eancia de cl\u00ednica m\u00e9dica no Hospital Maria Lucinda em Pneumologia no Hospital Ot\u00e1vio de Freita\" \/>\n<meta name=\"robots\" content=\"index, follow, max-snippet:-1, max-image-preview:large, max-video-preview:-1\" \/>\n<link rel=\"canonical\" href=\"https:\/\/redealis.com.br\/imunoalis\/equipe-medica\/lina-machado\/\" \/>\n<meta property=\"og:locale\" content=\"pt_BR\" \/>\n<meta property=\"og:type\" content=\"article\" \/>\n<meta property=\"og:title\" content=\"Lina Machado | Imuno\u00e1lis\" \/>\n<meta property=\"og:description\" content=\"Pneumologista formada pela UPE, com resid\u00eancia de cl\u00ednica m\u00e9dica no Hospital Maria Lucinda em Pneumologia no Hospital Ot\u00e1vio de Freita\" \/>\n<meta property=\"og:url\" content=\"https:\/\/redealis.com.br\/imunoalis\/equipe-medica\/lina-machado\/\" \/>\n<meta property=\"og:site_name\" content=\"Imuno\u00e1lis\" \/>\n<meta property=\"article:publisher\" content=\"https:\/\/www.facebook.com\/imunoalisbrasil\" \/>\n<meta property=\"article:modified_time\" content=\"2024-05-10T13:51:58+00:00\" \/>\n<meta property=\"og:image\" content=\"https:\/\/redealis.com.br\/imunoalis\/wp-content\/uploads\/sites\/2\/2023\/08\/Dra.Lina_.jpg\" \/>\n\t<meta property=\"og:image:width\" content=\"2500\" \/>\n\t<meta property=\"og:image:height\" content=\"1667\" \/>\n\t<meta property=\"og:image:type\" content=\"image\/jpeg\" \/>\n<meta name=\"twitter:card\" content=\"summary_large_image\" \/>\n<meta name=\"twitter:label1\" content=\"Est. tempo de leitura\" \/>\n\t<meta name=\"twitter:data1\" content=\"1 minuto\" \/>\n<script type=\"application\/ld+json\" class=\"yoast-schema-graph\">{\"@context\":\"https:\\\/\\\/schema.org\",\"@graph\":[{\"@type\":\"WebPage\",\"@id\":\"https:\\\/\\\/redealis.com.br\\\/imunoalis\\\/equipe-medica\\\/lina-machado\\\/\",\"url\":\"https:\\\/\\\/redealis.com.br\\\/imunoalis\\\/equipe-medica\\\/lina-machado\\\/\",\"name\":\"Lina Machado | Imuno\u00e1lis\",\"isPartOf\":{\"@id\":\"https:\\\/\\\/redealis.com.br\\\/imunoalis\\\/#website\"},\"primaryImageOfPage\":{\"@id\":\"https:\\\/\\\/redealis.com.br\\\/imunoalis\\\/equipe-medica\\\/lina-machado\\\/#primaryimage\"},\"image\":{\"@id\":\"https:\\\/\\\/redealis.com.br\\\/imunoalis\\\/equipe-medica\\\/lina-machado\\\/#primaryimage\"},\"thumbnailUrl\":\"https:\\\/\\\/redealis.com.br\\\/imunoalis\\\/wp-content\\\/uploads\\\/sites\\\/2\\\/2023\\\/08\\\/Dra.Lina_.jpg\",\"datePublished\":\"2023-06-16T14:47:08+00:00\",\"dateModified\":\"2024-05-10T13:51:58+00:00\",\"description\":\"Pneumologista formada pela UPE, com resid\u00eancia de cl\u00ednica m\u00e9dica no Hospital Maria Lucinda em Pneumologia no Hospital Ot\u00e1vio de Freita\",\"breadcrumb\":{\"@id\":\"https:\\\/\\\/redealis.com.br\\\/imunoalis\\\/equipe-medica\\\/lina-machado\\\/#breadcrumb\"},\"inLanguage\":\"pt-BR\",\"potentialAction\":[{\"@type\":\"ReadAction\",\"target\":[\"https:\\\/\\\/redealis.com.br\\\/imunoalis\\\/equipe-medica\\\/lina-machado\\\/\"]}]},{\"@type\":\"ImageObject\",\"inLanguage\":\"pt-BR\",\"@id\":\"https:\\\/\\\/redealis.com.br\\\/imunoalis\\\/equipe-medica\\\/lina-machado\\\/#primaryimage\",\"url\":\"https:\\\/\\\/redealis.com.br\\\/imunoalis\\\/wp-content\\\/uploads\\\/sites\\\/2\\\/2023\\\/08\\\/Dra.Lina_.jpg\",\"contentUrl\":\"https:\\\/\\\/redealis.com.br\\\/imunoalis\\\/wp-content\\\/uploads\\\/sites\\\/2\\\/2023\\\/08\\\/Dra.Lina_.jpg\",\"width\":2500,\"height\":1667},{\"@type\":\"BreadcrumbList\",\"@id\":\"https:\\\/\\\/redealis.com.br\\\/imunoalis\\\/equipe-medica\\\/lina-machado\\\/#breadcrumb\",\"itemListElement\":[{\"@type\":\"ListItem\",\"position\":1,\"name\":\"home\",\"item\":\"https:\\\/\\\/redealis.com.br\\\/imunoalis\\\/\"},{\"@type\":\"ListItem\",\"position\":2,\"name\":\"Equipe M\u00e9dica\",\"item\":\"https:\\\/\\\/redealis.com.br\\\/imunoalis\\\/equipe-medica\\\/\"},{\"@type\":\"ListItem\",\"position\":3,\"name\":\"Lina Machado\"}]},{\"@type\":\"WebSite\",\"@id\":\"https:\\\/\\\/redealis.com.br\\\/imunoalis\\\/#website\",\"url\":\"https:\\\/\\\/redealis.com.br\\\/imunoalis\\\/\",\"name\":\"Imuno\u00e1lis\",\"description\":\"\",\"publisher\":{\"@id\":\"https:\\\/\\\/redealis.com.br\\\/imunoalis\\\/#organization\"},\"alternateName\":\"Imuno\u00e1lis\",\"potentialAction\":[{\"@type\":\"SearchAction\",\"target\":{\"@type\":\"EntryPoint\",\"urlTemplate\":\"https:\\\/\\\/redealis.com.br\\\/imunoalis\\\/?s={search_term_string}\"},\"query-input\":{\"@type\":\"PropertyValueSpecification\",\"valueRequired\":true,\"valueName\":\"search_term_string\"}}],\"inLanguage\":\"pt-BR\"},{\"@type\":\"Organization\",\"@id\":\"https:\\\/\\\/redealis.com.br\\\/imunoalis\\\/#organization\",\"name\":\"Imuno\u00e1lis - Rede \u00c1lis\",\"alternateName\":\"Imuno\u00e1lis\",\"url\":\"https:\\\/\\\/redealis.com.br\\\/imunoalis\\\/\",\"logo\":{\"@type\":\"ImageObject\",\"inLanguage\":\"pt-BR\",\"@id\":\"https:\\\/\\\/redealis.com.br\\\/imunoalis\\\/#\\\/schema\\\/logo\\\/image\\\/\",\"url\":\"https:\\\/\\\/redealis.com.br\\\/imunoalis\\\/wp-content\\\/uploads\\\/sites\\\/2\\\/2023\\\/08\\\/layout-logo-alt-1.png\",\"contentUrl\":\"https:\\\/\\\/redealis.com.br\\\/imunoalis\\\/wp-content\\\/uploads\\\/sites\\\/2\\\/2023\\\/08\\\/layout-logo-alt-1.png\",\"width\":696,\"height\":696,\"caption\":\"Imuno\u00e1lis - Rede \u00c1lis\"},\"image\":{\"@id\":\"https:\\\/\\\/redealis.com.br\\\/imunoalis\\\/#\\\/schema\\\/logo\\\/image\\\/\"},\"sameAs\":[\"https:\\\/\\\/www.facebook.com\\\/imunoalisbrasil\",\"https:\\\/\\\/www.instagram.com\\\/imunoalisbrasil\\\/\"]}]}<\/script>\n<!-- \/ Yoast SEO plugin. -->","yoast_head_json":{"title":"Lina Machado | Imuno\u00e1lis","description":"Pneumologista formada pela UPE, com resid\u00eancia de cl\u00ednica m\u00e9dica no Hospital Maria Lucinda em Pneumologia no Hospital Ot\u00e1vio de Freita","robots":{"index":"index","follow":"follow","max-snippet":"max-snippet:-1","max-image-preview":"max-image-preview:large","max-video-preview":"max-video-preview:-1"},"canonical":"https:\/\/redealis.com.br\/imunoalis\/equipe-medica\/lina-machado\/","og_locale":"pt_BR","og_type":"article","og_title":"Lina Machado | Imuno\u00e1lis","og_description":"Pneumologista formada pela UPE, com resid\u00eancia de cl\u00ednica m\u00e9dica no Hospital Maria Lucinda em Pneumologia no Hospital Ot\u00e1vio de Freita","og_url":"https:\/\/redealis.com.br\/imunoalis\/equipe-medica\/lina-machado\/","og_site_name":"Imuno\u00e1lis","article_publisher":"https:\/\/www.facebook.com\/imunoalisbrasil","article_modified_time":"2024-05-10T13:51:58+00:00","og_image":[{"width":2500,"height":1667,"url":"https:\/\/redealis.com.br\/imunoalis\/wp-content\/uploads\/sites\/2\/2023\/08\/Dra.Lina_.jpg","type":"image\/jpeg"}],"twitter_card":"summary_large_image","twitter_misc":{"Est. tempo de leitura":"1 minuto"},"schema":{"@context":"https:\/\/schema.org","@graph":[{"@type":"WebPage","@id":"https:\/\/redealis.com.br\/imunoalis\/equipe-medica\/lina-machado\/","url":"https:\/\/redealis.com.br\/imunoalis\/equipe-medica\/lina-machado\/","name":"Lina Machado | Imuno\u00e1lis","isPartOf":{"@id":"https:\/\/redealis.com.br\/imunoalis\/#website"},"primaryImageOfPage":{"@id":"https:\/\/redealis.com.br\/imunoalis\/equipe-medica\/lina-machado\/#primaryimage"},"image":{"@id":"https:\/\/redealis.com.br\/imunoalis\/equipe-medica\/lina-machado\/#primaryimage"},"thumbnailUrl":"https:\/\/redealis.com.br\/imunoalis\/wp-content\/uploads\/sites\/2\/2023\/08\/Dra.Lina_.jpg","datePublished":"2023-06-16T14:47:08+00:00","dateModified":"2024-05-10T13:51:58+00:00","description":"Pneumologista formada pela UPE, com resid\u00eancia de cl\u00ednica m\u00e9dica no Hospital Maria Lucinda em Pneumologia no Hospital Ot\u00e1vio de Freita","breadcrumb":{"@id":"https:\/\/redealis.com.br\/imunoalis\/equipe-medica\/lina-machado\/#breadcrumb"},"inLanguage":"pt-BR","potentialAction":[{"@type":"ReadAction","target":["https:\/\/redealis.com.br\/imunoalis\/equipe-medica\/lina-machado\/"]}]},{"@type":"ImageObject","inLanguage":"pt-BR","@id":"https:\/\/redealis.com.br\/imunoalis\/equipe-medica\/lina-machado\/#primaryimage","url":"https:\/\/redealis.com.br\/imunoalis\/wp-content\/uploads\/sites\/2\/2023\/08\/Dra.Lina_.jpg","contentUrl":"https:\/\/redealis.com.br\/imunoalis\/wp-content\/uploads\/sites\/2\/2023\/08\/Dra.Lina_.jpg","width":2500,"height":1667},{"@type":"BreadcrumbList","@id":"https:\/\/redealis.com.br\/imunoalis\/equipe-medica\/lina-machado\/#breadcrumb","itemListElement":[{"@type":"ListItem","position":1,"name":"home","item":"https:\/\/redealis.com.br\/imunoalis\/"},{"@type":"ListItem","position":2,"name":"Equipe M\u00e9dica","item":"https:\/\/redealis.com.br\/imunoalis\/equipe-medica\/"},{"@type":"ListItem","position":3,"name":"Lina Machado"}]},{"@type":"WebSite","@id":"https:\/\/redealis.com.br\/imunoalis\/#website","url":"https:\/\/redealis.com.br\/imunoalis\/","name":"Imuno\u00e1lis","description":"","publisher":{"@id":"https:\/\/redealis.com.br\/imunoalis\/#organization"},"alternateName":"Imuno\u00e1lis","potentialAction":[{"@type":"SearchAction","target":{"@type":"EntryPoint","urlTemplate":"https:\/\/redealis.com.br\/imunoalis\/?s={search_term_string}"},"query-input":{"@type":"PropertyValueSpecification","valueRequired":true,"valueName":"search_term_string"}}],"inLanguage":"pt-BR"},{"@type":"Organization","@id":"https:\/\/redealis.com.br\/imunoalis\/#organization","name":"Imuno\u00e1lis - Rede \u00c1lis","alternateName":"Imuno\u00e1lis","url":"https:\/\/redealis.com.br\/imunoalis\/","logo":{"@type":"ImageObject","inLanguage":"pt-BR","@id":"https:\/\/redealis.com.br\/imunoalis\/#\/schema\/logo\/image\/","url":"https:\/\/redealis.com.br\/imunoalis\/wp-content\/uploads\/sites\/2\/2023\/08\/layout-logo-alt-1.png","contentUrl":"https:\/\/redealis.com.br\/imunoalis\/wp-content\/uploads\/sites\/2\/2023\/08\/layout-logo-alt-1.png","width":696,"height":696,"caption":"Imuno\u00e1lis - Rede \u00c1lis"},"image":{"@id":"https:\/\/redealis.com.br\/imunoalis\/#\/schema\/logo\/image\/"},"sameAs":["https:\/\/www.facebook.com\/imunoalisbrasil","https:\/\/www.instagram.com\/imunoalisbrasil\/"]}]}},"_links":{"self":[{"href":"https:\/\/redealis.com.br\/imunoalis\/wp-json\/wp\/v2\/equipe-medica\/549","targetHints":{"allow":["GET"]}}],"collection":[{"href":"https:\/\/redealis.com.br\/imunoalis\/wp-json\/wp\/v2\/equipe-medica"}],"about":[{"href":"https:\/\/redealis.com.br\/imunoalis\/wp-json\/wp\/v2\/types\/equipe-medica"}],"wp:featuredmedia":[{"embeddable":true,"href":"https:\/\/redealis.com.br\/imunoalis\/wp-json\/wp\/v2\/media\/1238"}],"wp:attachment":[{"href":"https:\/\/redealis.com.br\/imunoalis\/wp-json\/wp\/v2\/media?parent=549"}],"wp:term":[{"taxonomy":"categoria-medico","embeddable":true,"href":"https:\/\/redealis.com.br\/imunoalis\/wp-json\/wp\/v2\/categoria-medico?post=549"},{"taxonomy":"forma-de-tratamento","embeddable":true,"href":"https:\/\/redealis.com.br\/imunoalis\/wp-json\/wp\/v2\/forma-de-tratamento?post=549"}],"curies":[{"name":"wp","href":"https:\/\/api.w.org\/{rel}","templated":true}]}}

<p>Dra. Lina Machado é médica pneumologista formada pela UPE, com residência de clínica médica no Hospital Maria Lucinda, em Pneumologia no Hospital Otávio de Freitas e Broncoscopia no Hospital Otávio de Freitas.</p>
<p>A pneumologia foi a área com a qual mais se identificou ao longo da sua jornada acadêmica. E, hoje, ela faz parte da equipe, atendendo nas unidades da Zona Sul, Ilha do Leite e Cabo.</p>
<p>A sua atenção constante nos auxilia no nosso compromisso de oferecer saúde integral humanizada para todos.</p>

<p>Dra. Lina Machado é médica pneumologista formada pela UPE, com residência de clínica médica no Hospital Maria Lucinda, em Pneumologia no Hospital Otávio de Freitas e Broncoscopia no Hospital Otávio de Freitas. A pneumologia foi a área com a qual mais se identificou ao longo da sua jornada acadêmica. E, hoje, ela faz parte da [&hellip;]</p>

<!-- This site is optimized with the Yoast SEO plugin v27.3 - https://yoast.com/product/yoast-seo-wordpress/ -->
<title>Lina Machado | Imunoális</title>
<meta name="description" content="Pneumologista formada pela UPE, com residência de clínica médica no Hospital Maria Lucinda em Pneumologia no Hospital Otávio de Freita" />
<meta name="robots" content="index, follow, max-snippet:-1, max-image-preview:large, max-video-preview:-1" />
<link rel="canonical" href="https://redealis.com.br/imunoalis/equipe-medica/lina-machado/" />
<meta property="og:locale" content="pt_BR" />
<meta property="og:type" content="article" />
<meta property="og:title" content="Lina Machado | Imunoális" />
<meta property="og:description" content="Pneumologista formada pela UPE, com residência de clínica médica no Hospital Maria Lucinda em Pneumologia no Hospital Otávio de Freita" />
<meta property="og:url" content="https://redealis.com.br/imunoalis/equipe-medica/lina-machado/" />
<meta property="og:site_name" content="Imunoális" />
<meta property="article:publisher" content="https://www.facebook.com/imunoalisbrasil" />
<meta property="article:modified_time" content="2024-05-10T13:51:58+00:00" />
<meta property="og:image" content="https://redealis.com.br/imunoalis/wp-content/uploads/sites/2/2023/08/Dra.Lina_.jpg" />
	<meta property="og:image:width" content="2500" />
	<meta property="og:image:height" content="1667" />
	<meta property="og:image:type" content="image/jpeg" />
<meta name="twitter:card" content="summary_large_image" />
<meta name="twitter:label1" content="Est. tempo de leitura" />
	<meta name="twitter:data1" content="1 minuto" />
<script type="application/ld+json" class="yoast-schema-graph">{"@context":"https:\/\/schema.org","@graph":[{"@type":"WebPage","@id":"https:\/\/redealis.com.br\/imunoalis\/equipe-medica\/lina-machado\/","url":"https:\/\/redealis.com.br\/imunoalis\/equipe-medica\/lina-machado\/","name":"Lina Machado | Imunoális","isPartOf":{"@id":"https:\/\/redealis.com.br\/imunoalis\/#website"},"primaryImageOfPage":{"@id":"https:\/\/redealis.com.br\/imunoalis\/equipe-medica\/lina-machado\/#primaryimage"},"image":{"@id":"https:\/\/redealis.com.br\/imunoalis\/equipe-medica\/lina-machado\/#primaryimage"},"thumbnailUrl":"https:\/\/redealis.com.br\/imunoalis\/wp-content\/uploads\/sites\/2\/2023\/08\/Dra.Lina_.jpg","datePublished":"2023-06-16T14:47:08+00:00","dateModified":"2024-05-10T13:51:58+00:00","description":"Pneumologista formada pela UPE, com residência de clínica médica no Hospital Maria Lucinda em Pneumologia no Hospital Otávio de Freita","breadcrumb":{"@id":"https:\/\/redealis.com.br\/imunoalis\/equipe-medica\/lina-machado\/#breadcrumb"},"inLanguage":"pt-BR","potentialAction":[{"@type":"ReadAction","target":["https:\/\/redealis.com.br\/imunoalis\/equipe-medica\/lina-machado\/"]}]},{"@type":"ImageObject","inLanguage":"pt-BR","@id":"https:\/\/redealis.com.br\/imunoalis\/equipe-medica\/lina-machado\/#primaryimage","url":"https:\/\/redealis.com.br\/imunoalis\/wp-content\/uploads\/sites\/2\/2023\/08\/Dra.Lina_.jpg","contentUrl":"https:\/\/redealis.com.br\/imunoalis\/wp-content\/uploads\/sites\/2\/2023\/08\/Dra.Lina_.jpg","width":2500,"height":1667},{"@type":"BreadcrumbList","@id":"https:\/\/redealis.com.br\/imunoalis\/equipe-medica\/lina-machado\/#breadcrumb","itemListElement":[{"@type":"ListItem","position":1,"name":"home","item":"https:\/\/redealis.com.br\/imunoalis\/"},{"@type":"ListItem","position":2,"name":"Equipe Médica","item":"https:\/\/redealis.com.br\/imunoalis\/equipe-medica\/"},{"@type":"ListItem","position":3,"name":"Lina Machado"}]},{"@type":"WebSite","@id":"https:\/\/redealis.com.br\/imunoalis\/#website","url":"https:\/\/redealis.com.br\/imunoalis\/","name":"Imunoális","description":"","publisher":{"@id":"https:\/\/redealis.com.br\/imunoalis\/#organization"},"alternateName":"Imunoális","potentialAction":[{"@type":"SearchAction","target":{"@type":"EntryPoint","urlTemplate":"https:\/\/redealis.com.br\/imunoalis\/?s={search_term_string}"},"query-input":{"@type":"PropertyValueSpecification","valueRequired":true,"valueName":"search_term_string"}}],"inLanguage":"pt-BR"},{"@type":"Organization","@id":"https:\/\/redealis.com.br\/imunoalis\/#organization","name":"Imunoális - Rede Ális","alternateName":"Imunoális","url":"https:\/\/redealis.com.br\/imunoalis\/","logo":{"@type":"ImageObject","inLanguage":"pt-BR","@id":"https:\/\/redealis.com.br\/imunoalis\/#\/schema\/logo\/image\/","url":"https:\/\/redealis.com.br\/imunoalis\/wp-content\/uploads\/sites\/2\/2023\/08\/layout-logo-alt-1.png","contentUrl":"https:\/\/redealis.com.br\/imunoalis\/wp-content\/uploads\/sites\/2\/2023\/08\/layout-logo-alt-1.png","width":696,"height":696,"caption":"Imunoális - Rede Ális"},"image":{"@id":"https:\/\/redealis.com.br\/imunoalis\/#\/schema\/logo\/image\/"},"sameAs":["https:\/\/www.facebook.com\/imunoalisbrasil","https:\/\/www.instagram.com\/imunoalisbrasil\/"]}]}</script>
<!-- / Yoast SEO plugin. -->

Lina Machado | Imunoális

Pneumologista formada pela UPE, com residência de clínica médica no Hospital Maria Lucinda em Pneumologia no Hospital Otávio de Freita

Imunoális

Equipe Médica

Imunoális - Rede Ális
