{"id":547,"date":"2023-06-16T11:45:11","date_gmt":"2023-06-16T14:45:11","guid":{"rendered":"https:\/\/redealis.com.br\/imunoalis\/?post_type=equipe-medica&#038;p=547"},"modified":"2023-08-22T16:39:35","modified_gmt":"2023-08-22T19:39:35","slug":"alana-ferraz","status":"publish","type":"equipe-medica","link":"https:\/\/redealis.com.br\/imunoalis\/equipe-medica\/alana-ferraz\/","title":{"rendered":"Alana Ferraz"},"content":{"rendered":"<p>Alana Ferraz \u00e9 alergologista formada pela UPE com resid\u00eancia m\u00e9dica em Pediatria e em Alergia e Imunologia Pedi\u00e1trica pela UFPE. Possui o T\u00edtulo de Especialista em Alergia e Imunologia Adulto e Infantil pela ASBAI.<\/p>\n<p>Escolheu sua especialidade pelo encanto que sempre teve pela \u00e1rea, at\u00e9 por ser desafiadora. Hoje, ela faz parte da equipe, atendendo crian\u00e7as e adultos na unidade da Zona Sul.<\/p>\n<p>Sua \u00e9tica, dedica\u00e7\u00e3o e profissionalismo s\u00e3o o que nos auxiliam no nosso compromisso de oferecer sa\u00fade integral humanizada para todos.<\/p>\n","protected":false},"excerpt":{"rendered":"<p>Alana Ferraz \u00e9 alergologista formada pela UPE com resid\u00eancia m\u00e9dica em Pediatria e em Alergia e Imunologia Pedi\u00e1trica pela UFPE. Possui o T\u00edtulo de Especialista em Alergia e Imunologia Adulto e Infantil pela ASBAI. Escolheu sua especialidade pelo encanto que sempre teve pela \u00e1rea, at\u00e9 por ser desafiadora. Hoje, ela faz parte da equipe, atendendo [&hellip;]<\/p>\n","protected":false},"featured_media":759,"template":"","categoria-medico":[3],"forma-de-tratamento":[8],"class_list":["post-547","equipe-medica","type-equipe-medica","status-publish","has-post-thumbnail","hentry","categoria-medico-alergologista","forma-de-tratamento-dra"],"acf":[],"yoast_head":"<!-- This site is optimized with the Yoast SEO plugin v27.3 - https:\/\/yoast.com\/product\/yoast-seo-wordpress\/ -->\n<title>Alana Ferraz | Imuno\u00e1lis<\/title>\n<meta name=\"description\" content=\"Alergologista formada pela UPE, resid\u00eancia m\u00e9dica em Pediatria e em Alergia e Imunologia Pedi\u00e1trica pela UFPE\" \/>\n<meta name=\"robots\" content=\"index, follow, max-snippet:-1, max-image-preview:large, max-video-preview:-1\" \/>\n<link rel=\"canonical\" href=\"https:\/\/redealis.com.br\/imunoalis\/equipe-medica\/alana-ferraz\/\" \/>\n<meta property=\"og:locale\" content=\"pt_BR\" \/>\n<meta property=\"og:type\" content=\"article\" \/>\n<meta property=\"og:title\" content=\"Alana Ferraz | Imuno\u00e1lis\" \/>\n<meta property=\"og:description\" content=\"Alergologista formada pela UPE, resid\u00eancia m\u00e9dica em Pediatria e em Alergia e Imunologia Pedi\u00e1trica pela UFPE\" \/>\n<meta property=\"og:url\" content=\"https:\/\/redealis.com.br\/imunoalis\/equipe-medica\/alana-ferraz\/\" \/>\n<meta property=\"og:site_name\" content=\"Imuno\u00e1lis\" \/>\n<meta property=\"article:publisher\" content=\"https:\/\/www.facebook.com\/imunoalisbrasil\" \/>\n<meta property=\"article:modified_time\" content=\"2023-08-22T19:39:35+00:00\" \/>\n<meta property=\"og:image\" content=\"https:\/\/redealis.com.br\/imunoalis\/wp-content\/uploads\/sites\/2\/2023\/06\/alana-.png\" \/>\n\t<meta property=\"og:image:width\" content=\"800\" \/>\n\t<meta property=\"og:image:height\" content=\"800\" \/>\n\t<meta property=\"og:image:type\" content=\"image\/png\" \/>\n<meta name=\"twitter:card\" content=\"summary_large_image\" \/>\n<meta name=\"twitter:label1\" content=\"Est. tempo de leitura\" \/>\n\t<meta name=\"twitter:data1\" content=\"1 minuto\" \/>\n<script type=\"application\/ld+json\" class=\"yoast-schema-graph\">{\"@context\":\"https:\\\/\\\/schema.org\",\"@graph\":[{\"@type\":\"WebPage\",\"@id\":\"https:\\\/\\\/redealis.com.br\\\/imunoalis\\\/equipe-medica\\\/alana-ferraz\\\/\",\"url\":\"https:\\\/\\\/redealis.com.br\\\/imunoalis\\\/equipe-medica\\\/alana-ferraz\\\/\",\"name\":\"Alana Ferraz | Imuno\u00e1lis\",\"isPartOf\":{\"@id\":\"https:\\\/\\\/redealis.com.br\\\/imunoalis\\\/#website\"},\"primaryImageOfPage\":{\"@id\":\"https:\\\/\\\/redealis.com.br\\\/imunoalis\\\/equipe-medica\\\/alana-ferraz\\\/#primaryimage\"},\"image\":{\"@id\":\"https:\\\/\\\/redealis.com.br\\\/imunoalis\\\/equipe-medica\\\/alana-ferraz\\\/#primaryimage\"},\"thumbnailUrl\":\"https:\\\/\\\/redealis.com.br\\\/imunoalis\\\/wp-content\\\/uploads\\\/sites\\\/2\\\/2023\\\/06\\\/alana-.png\",\"datePublished\":\"2023-06-16T14:45:11+00:00\",\"dateModified\":\"2023-08-22T19:39:35+00:00\",\"description\":\"Alergologista formada pela UPE, resid\u00eancia m\u00e9dica em Pediatria e em Alergia e Imunologia Pedi\u00e1trica pela UFPE\",\"breadcrumb\":{\"@id\":\"https:\\\/\\\/redealis.com.br\\\/imunoalis\\\/equipe-medica\\\/alana-ferraz\\\/#breadcrumb\"},\"inLanguage\":\"pt-BR\",\"potentialAction\":[{\"@type\":\"ReadAction\",\"target\":[\"https:\\\/\\\/redealis.com.br\\\/imunoalis\\\/equipe-medica\\\/alana-ferraz\\\/\"]}]},{\"@type\":\"ImageObject\",\"inLanguage\":\"pt-BR\",\"@id\":\"https:\\\/\\\/redealis.com.br\\\/imunoalis\\\/equipe-medica\\\/alana-ferraz\\\/#primaryimage\",\"url\":\"https:\\\/\\\/redealis.com.br\\\/imunoalis\\\/wp-content\\\/uploads\\\/sites\\\/2\\\/2023\\\/06\\\/alana-.png\",\"contentUrl\":\"https:\\\/\\\/redealis.com.br\\\/imunoalis\\\/wp-content\\\/uploads\\\/sites\\\/2\\\/2023\\\/06\\\/alana-.png\",\"width\":800,\"height\":800},{\"@type\":\"BreadcrumbList\",\"@id\":\"https:\\\/\\\/redealis.com.br\\\/imunoalis\\\/equipe-medica\\\/alana-ferraz\\\/#breadcrumb\",\"itemListElement\":[{\"@type\":\"ListItem\",\"position\":1,\"name\":\"home\",\"item\":\"https:\\\/\\\/redealis.com.br\\\/imunoalis\\\/\"},{\"@type\":\"ListItem\",\"position\":2,\"name\":\"Equipe M\u00e9dica\",\"item\":\"https:\\\/\\\/redealis.com.br\\\/imunoalis\\\/equipe-medica\\\/\"},{\"@type\":\"ListItem\",\"position\":3,\"name\":\"Alana Ferraz\"}]},{\"@type\":\"WebSite\",\"@id\":\"https:\\\/\\\/redealis.com.br\\\/imunoalis\\\/#website\",\"url\":\"https:\\\/\\\/redealis.com.br\\\/imunoalis\\\/\",\"name\":\"Imuno\u00e1lis\",\"description\":\"\",\"publisher\":{\"@id\":\"https:\\\/\\\/redealis.com.br\\\/imunoalis\\\/#organization\"},\"alternateName\":\"Imuno\u00e1lis\",\"potentialAction\":[{\"@type\":\"SearchAction\",\"target\":{\"@type\":\"EntryPoint\",\"urlTemplate\":\"https:\\\/\\\/redealis.com.br\\\/imunoalis\\\/?s={search_term_string}\"},\"query-input\":{\"@type\":\"PropertyValueSpecification\",\"valueRequired\":true,\"valueName\":\"search_term_string\"}}],\"inLanguage\":\"pt-BR\"},{\"@type\":\"Organization\",\"@id\":\"https:\\\/\\\/redealis.com.br\\\/imunoalis\\\/#organization\",\"name\":\"Imuno\u00e1lis - Rede \u00c1lis\",\"alternateName\":\"Imuno\u00e1lis\",\"url\":\"https:\\\/\\\/redealis.com.br\\\/imunoalis\\\/\",\"logo\":{\"@type\":\"ImageObject\",\"inLanguage\":\"pt-BR\",\"@id\":\"https:\\\/\\\/redealis.com.br\\\/imunoalis\\\/#\\\/schema\\\/logo\\\/image\\\/\",\"url\":\"https:\\\/\\\/redealis.com.br\\\/imunoalis\\\/wp-content\\\/uploads\\\/sites\\\/2\\\/2023\\\/08\\\/layout-logo-alt-1.png\",\"contentUrl\":\"https:\\\/\\\/redealis.com.br\\\/imunoalis\\\/wp-content\\\/uploads\\\/sites\\\/2\\\/2023\\\/08\\\/layout-logo-alt-1.png\",\"width\":696,\"height\":696,\"caption\":\"Imuno\u00e1lis - Rede \u00c1lis\"},\"image\":{\"@id\":\"https:\\\/\\\/redealis.com.br\\\/imunoalis\\\/#\\\/schema\\\/logo\\\/image\\\/\"},\"sameAs\":[\"https:\\\/\\\/www.facebook.com\\\/imunoalisbrasil\",\"https:\\\/\\\/www.instagram.com\\\/imunoalisbrasil\\\/\"]}]}<\/script>\n<!-- \/ Yoast SEO plugin. -->","yoast_head_json":{"title":"Alana Ferraz | Imuno\u00e1lis","description":"Alergologista formada pela UPE, resid\u00eancia m\u00e9dica em Pediatria e em Alergia e Imunologia Pedi\u00e1trica pela UFPE","robots":{"index":"index","follow":"follow","max-snippet":"max-snippet:-1","max-image-preview":"max-image-preview:large","max-video-preview":"max-video-preview:-1"},"canonical":"https:\/\/redealis.com.br\/imunoalis\/equipe-medica\/alana-ferraz\/","og_locale":"pt_BR","og_type":"article","og_title":"Alana Ferraz | Imuno\u00e1lis","og_description":"Alergologista formada pela UPE, resid\u00eancia m\u00e9dica em Pediatria e em Alergia e Imunologia Pedi\u00e1trica pela UFPE","og_url":"https:\/\/redealis.com.br\/imunoalis\/equipe-medica\/alana-ferraz\/","og_site_name":"Imuno\u00e1lis","article_publisher":"https:\/\/www.facebook.com\/imunoalisbrasil","article_modified_time":"2023-08-22T19:39:35+00:00","og_image":[{"width":800,"height":800,"url":"https:\/\/redealis.com.br\/imunoalis\/wp-content\/uploads\/sites\/2\/2023\/06\/alana-.png","type":"image\/png"}],"twitter_card":"summary_large_image","twitter_misc":{"Est. tempo de leitura":"1 minuto"},"schema":{"@context":"https:\/\/schema.org","@graph":[{"@type":"WebPage","@id":"https:\/\/redealis.com.br\/imunoalis\/equipe-medica\/alana-ferraz\/","url":"https:\/\/redealis.com.br\/imunoalis\/equipe-medica\/alana-ferraz\/","name":"Alana Ferraz | Imuno\u00e1lis","isPartOf":{"@id":"https:\/\/redealis.com.br\/imunoalis\/#website"},"primaryImageOfPage":{"@id":"https:\/\/redealis.com.br\/imunoalis\/equipe-medica\/alana-ferraz\/#primaryimage"},"image":{"@id":"https:\/\/redealis.com.br\/imunoalis\/equipe-medica\/alana-ferraz\/#primaryimage"},"thumbnailUrl":"https:\/\/redealis.com.br\/imunoalis\/wp-content\/uploads\/sites\/2\/2023\/06\/alana-.png","datePublished":"2023-06-16T14:45:11+00:00","dateModified":"2023-08-22T19:39:35+00:00","description":"Alergologista formada pela UPE, resid\u00eancia m\u00e9dica em Pediatria e em Alergia e Imunologia Pedi\u00e1trica pela UFPE","breadcrumb":{"@id":"https:\/\/redealis.com.br\/imunoalis\/equipe-medica\/alana-ferraz\/#breadcrumb"},"inLanguage":"pt-BR","potentialAction":[{"@type":"ReadAction","target":["https:\/\/redealis.com.br\/imunoalis\/equipe-medica\/alana-ferraz\/"]}]},{"@type":"ImageObject","inLanguage":"pt-BR","@id":"https:\/\/redealis.com.br\/imunoalis\/equipe-medica\/alana-ferraz\/#primaryimage","url":"https:\/\/redealis.com.br\/imunoalis\/wp-content\/uploads\/sites\/2\/2023\/06\/alana-.png","contentUrl":"https:\/\/redealis.com.br\/imunoalis\/wp-content\/uploads\/sites\/2\/2023\/06\/alana-.png","width":800,"height":800},{"@type":"BreadcrumbList","@id":"https:\/\/redealis.com.br\/imunoalis\/equipe-medica\/alana-ferraz\/#breadcrumb","itemListElement":[{"@type":"ListItem","position":1,"name":"home","item":"https:\/\/redealis.com.br\/imunoalis\/"},{"@type":"ListItem","position":2,"name":"Equipe M\u00e9dica","item":"https:\/\/redealis.com.br\/imunoalis\/equipe-medica\/"},{"@type":"ListItem","position":3,"name":"Alana Ferraz"}]},{"@type":"WebSite","@id":"https:\/\/redealis.com.br\/imunoalis\/#website","url":"https:\/\/redealis.com.br\/imunoalis\/","name":"Imuno\u00e1lis","description":"","publisher":{"@id":"https:\/\/redealis.com.br\/imunoalis\/#organization"},"alternateName":"Imuno\u00e1lis","potentialAction":[{"@type":"SearchAction","target":{"@type":"EntryPoint","urlTemplate":"https:\/\/redealis.com.br\/imunoalis\/?s={search_term_string}"},"query-input":{"@type":"PropertyValueSpecification","valueRequired":true,"valueName":"search_term_string"}}],"inLanguage":"pt-BR"},{"@type":"Organization","@id":"https:\/\/redealis.com.br\/imunoalis\/#organization","name":"Imuno\u00e1lis - Rede \u00c1lis","alternateName":"Imuno\u00e1lis","url":"https:\/\/redealis.com.br\/imunoalis\/","logo":{"@type":"ImageObject","inLanguage":"pt-BR","@id":"https:\/\/redealis.com.br\/imunoalis\/#\/schema\/logo\/image\/","url":"https:\/\/redealis.com.br\/imunoalis\/wp-content\/uploads\/sites\/2\/2023\/08\/layout-logo-alt-1.png","contentUrl":"https:\/\/redealis.com.br\/imunoalis\/wp-content\/uploads\/sites\/2\/2023\/08\/layout-logo-alt-1.png","width":696,"height":696,"caption":"Imuno\u00e1lis - Rede \u00c1lis"},"image":{"@id":"https:\/\/redealis.com.br\/imunoalis\/#\/schema\/logo\/image\/"},"sameAs":["https:\/\/www.facebook.com\/imunoalisbrasil","https:\/\/www.instagram.com\/imunoalisbrasil\/"]}]}},"_links":{"self":[{"href":"https:\/\/redealis.com.br\/imunoalis\/wp-json\/wp\/v2\/equipe-medica\/547","targetHints":{"allow":["GET"]}}],"collection":[{"href":"https:\/\/redealis.com.br\/imunoalis\/wp-json\/wp\/v2\/equipe-medica"}],"about":[{"href":"https:\/\/redealis.com.br\/imunoalis\/wp-json\/wp\/v2\/types\/equipe-medica"}],"wp:featuredmedia":[{"embeddable":true,"href":"https:\/\/redealis.com.br\/imunoalis\/wp-json\/wp\/v2\/media\/759"}],"wp:attachment":[{"href":"https:\/\/redealis.com.br\/imunoalis\/wp-json\/wp\/v2\/media?parent=547"}],"wp:term":[{"taxonomy":"categoria-medico","embeddable":true,"href":"https:\/\/redealis.com.br\/imunoalis\/wp-json\/wp\/v2\/categoria-medico?post=547"},{"taxonomy":"forma-de-tratamento","embeddable":true,"href":"https:\/\/redealis.com.br\/imunoalis\/wp-json\/wp\/v2\/forma-de-tratamento?post=547"}],"curies":[{"name":"wp","href":"https:\/\/api.w.org\/{rel}","templated":true}]}}

<p>Alana Ferraz é alergologista formada pela UPE com residência médica em Pediatria e em Alergia e Imunologia Pediátrica pela UFPE. Possui o Título de Especialista em Alergia e Imunologia Adulto e Infantil pela ASBAI.</p>
<p>Escolheu sua especialidade pelo encanto que sempre teve pela área, até por ser desafiadora. Hoje, ela faz parte da equipe, atendendo crianças e adultos na unidade da Zona Sul.</p>
<p>Sua ética, dedicação e profissionalismo são o que nos auxiliam no nosso compromisso de oferecer saúde integral humanizada para todos.</p>

<p>Alana Ferraz é alergologista formada pela UPE com residência médica em Pediatria e em Alergia e Imunologia Pediátrica pela UFPE. Possui o Título de Especialista em Alergia e Imunologia Adulto e Infantil pela ASBAI. Escolheu sua especialidade pelo encanto que sempre teve pela área, até por ser desafiadora. Hoje, ela faz parte da equipe, atendendo [&hellip;]</p>

<!-- This site is optimized with the Yoast SEO plugin v27.3 - https://yoast.com/product/yoast-seo-wordpress/ -->
<title>Alana Ferraz | Imunoális</title>
<meta name="description" content="Alergologista formada pela UPE, residência médica em Pediatria e em Alergia e Imunologia Pediátrica pela UFPE" />
<meta name="robots" content="index, follow, max-snippet:-1, max-image-preview:large, max-video-preview:-1" />
<link rel="canonical" href="https://redealis.com.br/imunoalis/equipe-medica/alana-ferraz/" />
<meta property="og:locale" content="pt_BR" />
<meta property="og:type" content="article" />
<meta property="og:title" content="Alana Ferraz | Imunoális" />
<meta property="og:description" content="Alergologista formada pela UPE, residência médica em Pediatria e em Alergia e Imunologia Pediátrica pela UFPE" />
<meta property="og:url" content="https://redealis.com.br/imunoalis/equipe-medica/alana-ferraz/" />
<meta property="og:site_name" content="Imunoális" />
<meta property="article:publisher" content="https://www.facebook.com/imunoalisbrasil" />
<meta property="article:modified_time" content="2023-08-22T19:39:35+00:00" />
<meta property="og:image" content="https://redealis.com.br/imunoalis/wp-content/uploads/sites/2/2023/06/alana-.png" />
	<meta property="og:image:width" content="800" />
	<meta property="og:image:height" content="800" />
	<meta property="og:image:type" content="image/png" />
<meta name="twitter:card" content="summary_large_image" />
<meta name="twitter:label1" content="Est. tempo de leitura" />
	<meta name="twitter:data1" content="1 minuto" />
<script type="application/ld+json" class="yoast-schema-graph">{"@context":"https:\/\/schema.org","@graph":[{"@type":"WebPage","@id":"https:\/\/redealis.com.br\/imunoalis\/equipe-medica\/alana-ferraz\/","url":"https:\/\/redealis.com.br\/imunoalis\/equipe-medica\/alana-ferraz\/","name":"Alana Ferraz | Imunoális","isPartOf":{"@id":"https:\/\/redealis.com.br\/imunoalis\/#website"},"primaryImageOfPage":{"@id":"https:\/\/redealis.com.br\/imunoalis\/equipe-medica\/alana-ferraz\/#primaryimage"},"image":{"@id":"https:\/\/redealis.com.br\/imunoalis\/equipe-medica\/alana-ferraz\/#primaryimage"},"thumbnailUrl":"https:\/\/redealis.com.br\/imunoalis\/wp-content\/uploads\/sites\/2\/2023\/06\/alana-.png","datePublished":"2023-06-16T14:45:11+00:00","dateModified":"2023-08-22T19:39:35+00:00","description":"Alergologista formada pela UPE, residência médica em Pediatria e em Alergia e Imunologia Pediátrica pela UFPE","breadcrumb":{"@id":"https:\/\/redealis.com.br\/imunoalis\/equipe-medica\/alana-ferraz\/#breadcrumb"},"inLanguage":"pt-BR","potentialAction":[{"@type":"ReadAction","target":["https:\/\/redealis.com.br\/imunoalis\/equipe-medica\/alana-ferraz\/"]}]},{"@type":"ImageObject","inLanguage":"pt-BR","@id":"https:\/\/redealis.com.br\/imunoalis\/equipe-medica\/alana-ferraz\/#primaryimage","url":"https:\/\/redealis.com.br\/imunoalis\/wp-content\/uploads\/sites\/2\/2023\/06\/alana-.png","contentUrl":"https:\/\/redealis.com.br\/imunoalis\/wp-content\/uploads\/sites\/2\/2023\/06\/alana-.png","width":800,"height":800},{"@type":"BreadcrumbList","@id":"https:\/\/redealis.com.br\/imunoalis\/equipe-medica\/alana-ferraz\/#breadcrumb","itemListElement":[{"@type":"ListItem","position":1,"name":"home","item":"https:\/\/redealis.com.br\/imunoalis\/"},{"@type":"ListItem","position":2,"name":"Equipe Médica","item":"https:\/\/redealis.com.br\/imunoalis\/equipe-medica\/"},{"@type":"ListItem","position":3,"name":"Alana Ferraz"}]},{"@type":"WebSite","@id":"https:\/\/redealis.com.br\/imunoalis\/#website","url":"https:\/\/redealis.com.br\/imunoalis\/","name":"Imunoális","description":"","publisher":{"@id":"https:\/\/redealis.com.br\/imunoalis\/#organization"},"alternateName":"Imunoális","potentialAction":[{"@type":"SearchAction","target":{"@type":"EntryPoint","urlTemplate":"https:\/\/redealis.com.br\/imunoalis\/?s={search_term_string}"},"query-input":{"@type":"PropertyValueSpecification","valueRequired":true,"valueName":"search_term_string"}}],"inLanguage":"pt-BR"},{"@type":"Organization","@id":"https:\/\/redealis.com.br\/imunoalis\/#organization","name":"Imunoális - Rede Ális","alternateName":"Imunoális","url":"https:\/\/redealis.com.br\/imunoalis\/","logo":{"@type":"ImageObject","inLanguage":"pt-BR","@id":"https:\/\/redealis.com.br\/imunoalis\/#\/schema\/logo\/image\/","url":"https:\/\/redealis.com.br\/imunoalis\/wp-content\/uploads\/sites\/2\/2023\/08\/layout-logo-alt-1.png","contentUrl":"https:\/\/redealis.com.br\/imunoalis\/wp-content\/uploads\/sites\/2\/2023\/08\/layout-logo-alt-1.png","width":696,"height":696,"caption":"Imunoális - Rede Ális"},"image":{"@id":"https:\/\/redealis.com.br\/imunoalis\/#\/schema\/logo\/image\/"},"sameAs":["https:\/\/www.facebook.com\/imunoalisbrasil","https:\/\/www.instagram.com\/imunoalisbrasil\/"]}]}</script>
<!-- / Yoast SEO plugin. -->

Alana Ferraz | Imunoális

Alergologista formada pela UPE, residência médica em Pediatria e em Alergia e Imunologia Pediátrica pela UFPE

Imunoális

Equipe Médica

Imunoális - Rede Ális
